000
CXUS53 KBIS 011442
CF6N60
PRELIMINARY LOCAL CLIMATOLOGICAL DATA (WS FORM: F-6)
STATION: GARRISON (AMOS) ND
MONTH: NOVEMBER
YEAR: 2022
LATITUDE: 47 39 N
LONGITUDE: 101 23 W
TEMPERATURE IN F: :PCPN: SNOW: WIND :SUNSHINE: SKY :PK WND
================================================================================
1 2 3 4 5 6A 6B 7 8 9 10 11 12 13 14 15 16 17 18
12Z AVG MX 2MIN
DY MAX MIN AVG DEP HDD CDD WTR SNW DPTH SPD SPD DIR MIN PSBL S-S WX SPD DR
================================================================================
1 71 35 53 18 12 0 0.00 M M 7.9 16 130 M M 0 23 140
2 70 39 55 20 10 0 0.00 M M 11.9 24 300 M M 0 34 290
3 39 18 29 -5 36 0 0.00 M M 16.8 31 310 M M 0 42 310
4 48 12 30 -4 35 0 0.00 M M 10.3 22 210 M M 0 29 190
5 47 32 40 7 25 0 0.04 M M 17.4 40 280 M M 0 57 270
6 35 15 25 -8 40 0 0.00 M M 29.9 48 300 M M 0 62 300
7 29 9 19 -13 46 0 0.07 M M 14.5 29 110 M M 0 40 110
8 38 23 31 -1 34 0 0.00 M M 11.7 24 310 M M 0 32 130
9 23 17 20 -11 45 0 0.00 M M 11.5 18 20 M M 0 29 10
10 17 11 14 -17 51 0 0.35 M M 19.8 37 330 M M 0 46 340
11 17 -2 8 -22 57 0 0.00 M M 11.9 10 310 M M 0 11 320
12 11 -3 4 -26 61 0 0.00 M M 7.3 14 140 M M 0 17 140
13 14 5 10 -19 55 0 0.03 M M 7.5 15 140 M M 0 19 140
14 17 2 10 -19 55 0 0.01 M M 4.9 12 330 M M 0 13 330
15 18 0 9 -19 56 0 0.01 M M 9.4 16 300 M M 0 20 300
16 29 9 19 -9 46 0 0.01 M M 16.0 29 330 M M 0 37 320
17 19 1 10 -18 55 0 T M M 21.7 33 310 M M 0 47 320
18 21 2 12 -15 53 0 0.00 M M 21.9 33 290 M M 0 43 290
19 22 8 15 -12 50 0 0.00 M M 12.9 28 320 M M 0 35 310
20 30 14 22 -4 43 0 0.00 M M 13.5 23 300 M M 0 30 290
21 28 10 19 -7 46 0 0.00 M M 7.2 21 300 M M 0 27 300
22 38 18 28 3 37 0 0.00 M M 7.2 15 280 M M 0 21 300
23 40 20 30 5 35 0 0.00 M M 6.7 22 310 M M 0 28 300
24 53 33 43 19 22 0 0.00 M M 10.5 23 300 M M 0 29 300
25 47 36 42 18 23 0 0.00 M M 7.7 17 250 M M 0 24 240
26 41 23 32 8 33 0 0.00 M M 13.2 26 310 M M 0 32 310
27 35 17 26 3 39 0 0.00 M M 8.3 20 190 M M 0 25 190
28 36 15 26 3 39 0 0.00 M M 21.1 33 270 M M 0 47 280
29 17 8 13 -9 52 0 0.00 M M 24.3 39 300 M M 0 49 290
30 14 5 10 -12 55 0 0.00 M M 14.3 32 300 M M 0 42 300
================================================================================
SM 964 432 1246 0 0.52 M 399.2 M 0
================================================================================
AV 32.1 14.4 13.3 FASTST M M 0 MAX(MPH)
MISC ----> 48 300 62 300
================================================================================
NOTES:
# LAST OF SEVERAL OCCURRENCES
COLUMN 17 PEAK WIND IN M.P.H.
PRELIMINARY LOCAL CLIMATOLOGICAL DATA (WS FORM: F-6) , PAGE 2
STATION: GARRISON (AMOS) ND
MONTH: NOVEMBER
YEAR: 2022
LATITUDE: 47 39 N
LONGITUDE: 101 23 W
[TEMPERATURE DATA] [PRECIPITATION DATA] SYMBOLS USED IN COLUMN 16
AVERAGE MONTHLY: 23.3 TOTAL FOR MONTH: 0.52 1 = FOG OR MIST
DPTR FM NORMAL: -5.0 DPTR FM NORMAL: -0.09 2 = FOG REDUCING VISIBILITY
HIGHEST: 71 ON 1 GRTST 24HR 0.35 ON 10-10 TO 1/4 MILE OR LESS
LOWEST: -3 ON 12 3 = THUNDER
SNOW, ICE PELLETS, HAIL 4 = ICE PELLETS
TOTAL MONTH: M 5 = HAIL
GRTST 24HR M ON M 6 = FREEZING RAIN OR DRIZZLE
GRTST DEPTH: M ON M 7 = DUSTSTORM OR SANDSTORM:
VSBY 1/2 MILE OR LESS
8 = SMOKE OR HAZE
[NO. OF DAYS WITH] [WEATHER - DAYS WITH] 9 = BLOWING SNOW
X = TORNADO
MAX 32 OR BELOW: 16 0.01 INCH OR MORE: 7
MAX 90 OR ABOVE: 0 0.10 INCH OR MORE: 1
MIN 32 OR BELOW: 26 0.50 INCH OR MORE: 0
MIN 0 OR BELOW: 3 1.00 INCH OR MORE: 0
[HDD (BASE 65) ]
TOTAL THIS MO. 1246 CLEAR (SCALE 0-3) 30
DPTR FM NORMAL 145 PTCLDY (SCALE 4-7) 0
TOTAL FM JUL 1 1956 CLOUDY (SCALE 8-10) 0
DPTR FM NORMAL -139
[CDD (BASE 65) ]
TOTAL THIS MO. 0
DPTR FM NORMAL 0 [PRESSURE DATA]
TOTAL FM JAN 1 526 HIGHEST SLP 30.56 ON 15
DPTR FM NORMAL 190 LOWEST SLP 29.14 ON 5
[REMARKS]
#FINAL-11-22#