000
CXUS53 KBIS 010830
CF6N60
PRELIMINARY LOCAL CLIMATOLOGICAL DATA (WS FORM: F-6)
STATION: GARRISON (AMOS) ND
MONTH: APRIL
YEAR: 2022
LATITUDE: 47 39 N
LONGITUDE: 101 23 W
TEMPERATURE IN F: :PCPN: SNOW: WIND :SUNSHINE: SKY :PK WND
================================================================================
1 2 3 4 5 6A 6B 7 8 9 10 11 12 13 14 15 16 17 18
12Z AVG MX 2MIN
DY MAX MIN AVG DEP HDD CDD WTR SNW DPTH SPD SPD DIR MIN PSBL S-S WX SPD DR
================================================================================
1 53 24 39 4 26 0 0.00 M M 10.8 33 300 M M 0 48 300
2 51 20 36 1 29 0 0.00 M M 7.1 15 110 M M 0 21 100
3 44 29 37 1 28 0 0.01 M M 6.9 14 110 M M 0 18 100
4 58 27 43 7 22 0 0.00 M M 12.5 25 170 M M 0 35 170
5 49 32 41 5 24 0 M M M 12.5 28 300 M M 0 37 310
6 50 31 41 4 24 0 0.00 M M 25.5 43 340 M M 0 55 350
7 50 28 39 2 26 0 0.00 M M 25.9 39 350 M M 0 55 340
8 52 19 36 -2 29 0 0.00 M M 7.5 14 160 M M 0 20 190
9 61 33 47 9 18 0 0.00 M M 13.8 30 310 M M 0 38 310
10 56 23 40 2 25 0 0.00 M M 7.8 24 330 M M 0 33 330
11 50 25 38 -1 27 0 0.00 M M 11.0 22 310 M M 0 30 290
12 29 22 26 -13 39 0 1.73 M M 18.4 29 20 M M 0 45 10
13 28 22 25 -15 40 0 0.57 M M 33.4 46 330 M M 0 56 330
14 23 14 19 -21 46 0 0.06 M M 28.3 39 310 M M 0 47 310
15 23 8 16 -25 49 0 0.00 M M 17.9 26 310 M M 0 32 310
16 32 5 19 -22 46 0 0.00 M M 10.0 17 300 M M 0 21 300
17 30 13 22 -20 43 0 0.23 M M 19.7 33 330 M M 0 41 350
18 35 2 19 -23 46 0 0.00 M M 6.6 15 300 M M 0 19 310
19 38 23 31 -11 34 0 0.00 M M 18.5 32 140 M M 0 42 140
20 49 27 38 -5 27 0 0.00 M M 12.7 32 300 M M 0 48 280
21 42 32 37 -6 28 0 0.15 M M 13.0 26 90 M M 0 35 100
22 42 34 38 -6 27 0 0.02 M M 13.4 22 80 M M 0 29 70
23 35 33 34 -10 31 0 1.74 M M 20.0 33 20 M M 0 57 20
24 38 29 34 -10 31 0 0.01 M M 29.0 41 340 M M 0 54 340
25 38 24 31 -14 34 0 0.00 M M 8.5 15 350 M M 0 19 340
26 45 27 36 -9 29 0 0.00 M M 18.1 26 110 M M 0 38 100
27 51 29 40 -6 25 0 0.00 M M 17.3 24 110 M M 0 31 110
28 57 33 45 -1 20 0 0.01 M M 8.2 14 110 M M 0 19 100
29 47 40 44 -3 21 0 0.01 M M 10.1 18 20 M M 0 29 40
30 55 38 47 0 18 0 0.00 M M 19.5 33 340 M M 0 45 360
================================================================================
SM 1311 746 912 0 4.54 M 463.9 M 0
================================================================================
AV 43.7 24.9 15.5 FASTST M M 0 MAX(MPH)
MISC ----> 46 330 57 20
================================================================================
NOTES:
# LAST OF SEVERAL OCCURRENCES
COLUMN 17 PEAK WIND IN M.P.H.
PRELIMINARY LOCAL CLIMATOLOGICAL DATA (WS FORM: F-6) , PAGE 2
STATION: GARRISON (AMOS) ND
MONTH: APRIL
YEAR: 2022
LATITUDE: 47 39 N
LONGITUDE: 101 23 W
[TEMPERATURE DATA] [PRECIPITATION DATA] SYMBOLS USED IN COLUMN 16
AVERAGE MONTHLY: 34.3 TOTAL FOR MONTH: 4.54 1 = FOG OR MIST
DPTR FM NORMAL: -6.5 DPTR FM NORMAL: 3.27 2 = FOG REDUCING VISIBILITY
HIGHEST: 61 ON 9 GRTST 24HR 2.07 ON 12-13 TO 1/4 MILE OR LESS
LOWEST: 2 ON 18 3 = THUNDER
SNOW, ICE PELLETS, HAIL 4 = ICE PELLETS
TOTAL MONTH: M 5 = HAIL
GRTST 24HR M ON M 6 = FREEZING RAIN OR DRIZZLE
GRTST DEPTH: M ON M 7 = DUSTSTORM OR SANDSTORM:
VSBY 1/2 MILE OR LESS
8 = SMOKE OR HAZE
[NO. OF DAYS WITH] [WEATHER - DAYS WITH] 9 = BLOWING SNOW
X = TORNADO
MAX 32 OR BELOW: 6 0.01 INCH OR MORE: 11
MAX 90 OR ABOVE: 0 0.10 INCH OR MORE: 5
MIN 32 OR BELOW: 24 0.50 INCH OR MORE: 3
MIN 0 OR BELOW: 0 1.00 INCH OR MORE: 2
[HDD (BASE 65) ]
TOTAL THIS MO. 912 CLEAR (SCALE 0-3) 30
DPTR FM NORMAL 187 PTCLDY (SCALE 4-7) 0
TOTAL FM JUL 1 8374 CLOUDY (SCALE 8-10) 0
DPTR FM NORMAL -213
[CDD (BASE 65) ]
TOTAL THIS MO. 0
DPTR FM NORMAL 0 [PRESSURE DATA]
TOTAL FM JAN 1 0 HIGHEST SLP 30.50 ON 18
DPTR FM NORMAL 0 LOWEST SLP 29.25 ON 5
[REMARKS]
#FINAL-04-22#