000
CXUS53 KBIS 010930
CF6N60
PRELIMINARY LOCAL CLIMATOLOGICAL DATA (WS FORM: F-6)
STATION: GARRISON (AMOS) ND
MONTH: NOVEMBER
YEAR: 2021
LATITUDE: 47 39 N
LONGITUDE: 101 23 W
TEMPERATURE IN F: :PCPN: SNOW: WIND :SUNSHINE: SKY :PK WND
================================================================================
1 2 3 4 5 6A 6B 7 8 9 10 11 12 13 14 15 16 17 18
12Z AVG MX 2MIN
DY MAX MIN AVG DEP HDD CDD WTR SNW DPTH SPD SPD DIR MIN PSBL S-S WX SPD DR
================================================================================
1 38 21 30 -5 35 0 0.00 M M 10.4 22 330 M M 0 29 310
2 40 17 29 -6 36 0 0.00 M M 3.1 10 210 M M 0 17 220
3 50 23 37 3 28 0 0.00 M M 3.6 8 240 M M 0 12 210
4 62 22 42 8 23 0 0.00 M M 4.9 14 200 M M 0 19 170
5 61 36 49 16 16 0 0.01 M M 11.8 31 310 M M 0 42 310
6 65 33 49 16 16 0 0.00 M M 7.5 15 320 M M 0 18 320
7 60 32 46 14 19 0 0.00 M M 7.0 23 310 M M 0 31 310
8 53 30 42 10 23 0 0.00 M M 9.6 18 240 M M 0 22 230
9 54 20 37 6 28 0 0.00 M M 9.2 18 150 M M 0 27 150
10 49 34 42 11 23 0 0.01 M M 12.8 26 300 M M 0 37 310
11 36 25 31 1 34 0 0.00 M M 29.7 40 330 M M 0 53 310
12 25 11 18 -12 47 0 M M M 17.8 38 330 M M 0 49 330
13 44 20 32 3 33 0 0.12 M M 16.3 45 310 M M 0 57 310
14 42 22 32 3 33 0 0.00 M M 4.5 12 120 M M 0 15 120
15 49 34 42 14 23 0 0.00 M M 6.8 15 140 M M 0 19 140
16 51 31 41 13 24 0 0.00 M M 22.1 44 270 M M 0 59 290
17 32 22 27 -1 38 0 T M M 32.9 43 310 M M 0 60 310
18 29 16 23 -4 42 0 0.00 M M 12.0 30 320 M M 0 41 310
19 47 22 35 8 30 0 0.00 M M 9.1 18 300 M M 0 23 310
20 45 20 33 7 32 0 0.00 M M 10.3 29 320 M M 0 40 310
21 34 13 24 -2 41 0 0.00 M M 13.3 39 330 M M 0 47 330
22 45 21 33 8 32 0 0.00 M M 6.2 14 180 M M 0 21 180
23 51 29 40 15 25 0 0.00 M M 8.0 15 330 M M 0 21 290
24 32 0 16 -8 49 0 0.01 M M 13.2 25 350 M M 0 34 10
25 30 0 15 -9 50 0 0.00 M M 10.5 21 170 M M 0 27 200
26 55 30 43 19 22 0 0.01 M M 10.2 22 290 M M 0 34 300
27 43 17 30 7 35 0 0.00 M M 12.9 28 320 M M 0 33 340
28 43 19 31 8 34 0 0.00 M M 7.9 16 180 M M 0 21 190
29 50 31 41 19 24 0 0.00 M M 10.3 20 300 M M 0 24 310
30 45 20 33 11 32 0 0.00 M M 8.4 18 250 M M 0 27 250
================================================================================
SM 1360 671 927 0 0.16 M 342.3 M 0
================================================================================
AV 45.3 22.4 11.4 FASTST M M 0 MAX(MPH)
MISC ----> 45 310 60 310
================================================================================
NOTES:
# LAST OF SEVERAL OCCURRENCES
COLUMN 17 PEAK WIND IN M.P.H.
PRELIMINARY LOCAL CLIMATOLOGICAL DATA (WS FORM: F-6) , PAGE 2
STATION: GARRISON (AMOS) ND
MONTH: NOVEMBER
YEAR: 2021
LATITUDE: 47 39 N
LONGITUDE: 101 23 W
[TEMPERATURE DATA] [PRECIPITATION DATA] SYMBOLS USED IN COLUMN 16
AVERAGE MONTHLY: 33.9 TOTAL FOR MONTH: 0.16 1 = FOG OR MIST
DPTR FM NORMAL: 5.5 DPTR FM NORMAL: -0.45 2 = FOG REDUCING VISIBILITY
HIGHEST: 65 ON 6 GRTST 24HR 0.12 ON 13-13 TO 1/4 MILE OR LESS
LOWEST: 0 ON 25,24 3 = THUNDER
SNOW, ICE PELLETS, HAIL 4 = ICE PELLETS
TOTAL MONTH: M 5 = HAIL
GRTST 24HR M ON M 6 = FREEZING RAIN OR DRIZZLE
GRTST DEPTH: M ON M 7 = DUSTSTORM OR SANDSTORM:
VSBY 1/2 MILE OR LESS
8 = SMOKE OR HAZE
[NO. OF DAYS WITH] [WEATHER - DAYS WITH] 9 = BLOWING SNOW
X = TORNADO
MAX 32 OR BELOW: 5 0.01 INCH OR MORE: 5
MAX 90 OR ABOVE: 0 0.10 INCH OR MORE: 1
MIN 32 OR BELOW: 26 0.50 INCH OR MORE: 0
MIN 0 OR BELOW: 2 1.00 INCH OR MORE: 0
[HDD (BASE 65) ]
TOTAL THIS MO. 927 CLEAR (SCALE 0-3) 30
DPTR FM NORMAL -174 PTCLDY (SCALE 4-7) 0
TOTAL FM JUL 1 1537 CLOUDY (SCALE 8-10) 0
DPTR FM NORMAL -558
[CDD (BASE 65) ]
TOTAL THIS MO. 0
DPTR FM NORMAL 0 [PRESSURE DATA]
TOTAL FM JAN 1 695 HIGHEST SLP 30.59 ON 25
DPTR FM NORMAL 359 LOWEST SLP 29.32 ON 16
[REMARKS]
#FINAL-11-21#