000
CXUS53 KBIS 010830
CF6N60
PRELIMINARY LOCAL CLIMATOLOGICAL DATA (WS FORM: F-6)
STATION: GARRISON (AMOS) ND
MONTH: JUNE
YEAR: 2021
LATITUDE: 47 39 N
LONGITUDE: 101 23 W
TEMPERATURE IN F: :PCPN: SNOW: WIND :SUNSHINE: SKY :PK WND
================================================================================
1 2 3 4 5 6A 6B 7 8 9 10 11 12 13 14 15 16 17 18
12Z AVG MX 2MIN
DY MAX MIN AVG DEP HDD CDD WTR SNW DPTH SPD SPD DIR MIN PSBL S-S WX SPD DR
================================================================================
1 81 56 69 10 0 4 0.00 M M 7.4 23 200 M M 0 30 190
2 87 53 70 10 0 5 0.00 M M 6.3 18 200 M M 0 26 210
3 96 60 78 18 0 13 0.00 M M 8.3 21 230 M M 0 29 210
4 102 63 83 23 0 18 0.00 M M 11.5 35 320 M M 0 45 320
5 98 62 80 20 0 15 0.00 M M 9.2 48 300 M M 0 68 300
6 78 50 64 3 1 0 0.23 M M 15.0 35 330 M M 0 45 310
7 89 48 69 8 0 4 0.00 M M 7.7 20 110 M M 0 26 100
8 80 58 69 8 0 4 0.05 M M 17.5 39 150 M M 0 55 140
9 85 64 75 14 0 10 0.27 M M 7.0 32 170 M M 0 40 160
10 89 65 77 15 0 12 0.00 M M 21.7 35 110 M M 0 44 120
11 79 55 67 5 0 2 0.12 M M 21.7 43 270 M M 0 57 290
12 84 50 67 5 0 2 0.00 M M 8.5 18 240 M M 0 23 250
13 84 57 71 9 0 6 0.00 M M 8.3 20 310 M M 0 27 320
14 87 52 70 8 0 5 0.00 M M 7.9 16 120 M M 0 21 130
15 92 60 76 13 0 11 0.00 M M 16.0 24 140 M M 0 30 150
16 89 54 72 9 0 7 0.00 M M 16.9 41 340 M M 0 53 340
17 86 48 67 4 0 2 0.00 M M 11.8 26 300 M M 0 36 310
18 78 50 64 1 1 0 0.00 M M 12.7 32 320 M M 0 41 320
19 84 45 65 1 0 0 0.40 M M 7.3 28 340 M M 0 34 350
20 71 47 59 -5 6 0 0.15 M M 13.4 30 340 M M 0 38 340
21 69 46 58 -6 7 0 0.00 M M 8.5 18 320 M M 0 26 320
22 85 50 68 4 0 3 0.00 M M 6.6 13 200 M M 0 22 240
23 95 58 77 13 0 12 0.00 M M 12.6 24 310 M M 0 33 310
24 81 52 67 3 0 2 0.00 M M 5.4 15 340 M M 0 25 50
25 66 54 60 -5 5 0 0.04 M M 7.1 17 30 M M 0 26 30
26 78 50 64 -1 1 0 0.00 M M 7.5 21 350 M M 0 27 360
27 75 54 65 0 0 0 0.07 M M 6.1 17 340 M M 0 22 350
28 79 52 66 1 0 1 0.00 M M 6.9 15 10 M M 0 24 40
29 84 49 67 1 0 2 0.00 M M 5.8 15 160 M M 0 26 240
30 91 58 75 9 0 10 0.00 M M 7.5 17 130 M M 0 23 120
================================================================================
SM 2522 1620 21 150 1.33 M 310.1 M 0
================================================================================
AV 84.1 54.0 10.3 FASTST M M 0 MAX(MPH)
MISC ----> 48 300 68 300
================================================================================
NOTES:
# LAST OF SEVERAL OCCURRENCES
COLUMN 17 PEAK WIND IN M.P.H.
PRELIMINARY LOCAL CLIMATOLOGICAL DATA (WS FORM: F-6) , PAGE 2
STATION: GARRISON (AMOS) ND
MONTH: JUNE
YEAR: 2021
LATITUDE: 47 39 N
LONGITUDE: 101 23 W
[TEMPERATURE DATA] [PRECIPITATION DATA] SYMBOLS USED IN COLUMN 16
AVERAGE MONTHLY: 69.0 TOTAL FOR MONTH: 1.33 1 = FOG OR MIST
DPTR FM NORMAL: 6.4 DPTR FM NORMAL: -2.21 2 = FOG REDUCING VISIBILITY
HIGHEST: 102 ON 4 GRTST 24HR 0.55 ON 19-20 TO 1/4 MILE OR LESS
LOWEST: 45 ON 19 3 = THUNDER
SNOW, ICE PELLETS, HAIL 4 = ICE PELLETS
TOTAL MONTH: M 5 = HAIL
GRTST 24HR M ON M 6 = FREEZING RAIN OR DRIZZLE
GRTST DEPTH: M ON M 7 = DUSTSTORM OR SANDSTORM:
VSBY 1/2 MILE OR LESS
8 = SMOKE OR HAZE
[NO. OF DAYS WITH] [WEATHER - DAYS WITH] 9 = BLOWING SNOW
X = TORNADO
MAX 32 OR BELOW: 0 0.01 INCH OR MORE: 8
MAX 90 OR ABOVE: 6 0.10 INCH OR MORE: 5
MIN 32 OR BELOW: 0 0.50 INCH OR MORE: 0
MIN 0 OR BELOW: 0 1.00 INCH OR MORE: 0
[HDD (BASE 65) ]
TOTAL THIS MO. 21 CLEAR (SCALE 0-3) 30
DPTR FM NORMAL -92 PTCLDY (SCALE 4-7) 0
TOTAL FM JUL 1 8288 CLOUDY (SCALE 8-10) 0
DPTR FM NORMAL -774
[CDD (BASE 65) ]
TOTAL THIS MO. 150
DPTR FM NORMAL 108 [PRESSURE DATA]
TOTAL FM JAN 1 155 HIGHEST SLP 30.20 ON 28
DPTR FM NORMAL 105 LOWEST SLP 29.30 ON 6
[REMARKS]
#FINAL-06-21#