000
CXUS53 KBIS 010930
CF6N60
PRELIMINARY LOCAL CLIMATOLOGICAL DATA (WS FORM: F-6)
STATION: GARRISON (AMOS) ND
MONTH: DECEMBER
YEAR: 2023
LATITUDE: 47 39 N
LONGITUDE: 101 23 W
TEMPERATURE IN F: :PCPN: SNOW: WIND :SUNSHINE: SKY :PK WND
================================================================================
1 2 3 4 5 6A 6B 7 8 9 10 11 12 13 14 15 16 17 18
12Z AVG MX 2MIN
DY MAX MIN AVG DEP HDD CDD WTR SNW DPTH SPD SPD DIR MIN PSBL S-S WX SPD DR
================================================================================
1 37 18 28 7 37 0 0.00 M M 8.5 20 160 M M 0 26 150
2 40 22 31 10 34 0 0.00 M M 8.6 20 170 M M 0 26 160
3 41 11 26 5 39 0 0.00 M M 7.0 17 320 M M 0 23 280
4 34 12 23 3 42 0 0.04 M M 6.6 16 340 M M 0 21 330
5 41 16 29 9 36 0 0.00 M M 6.6 14 180 M M 0 19 170
6 60 32 46 27 19 0 0.00 M M 6.0 17 280 M M 0 23 290
7 47 28 38 19 27 0 M M M 9.2 31 300 M M 0 42 300
8 37 25 31 12 34 0 0.23 M M 25.1 40 330 M M 0 52 330
9 27 15 21 3 44 0 0.00 M M 16.5 29 320 M M 0 39 320
10 31 9 20 2 45 0 0.00 M M 3.8 14 180 M M 0 18 180
11 31 9 20 2 45 0 0.00 M M 14.8 26 310 M M 0 35 310
12 27 2 15 -2 50 0 0.00 M M 8.9 22 300 M M 0 30 300
13 37 9 23 6 42 0 0.00 M M 7.1 16 200 M M 0 20 200
14 37 21 29 12 36 0 0.00 M M 7.3 14 180 M M 0 17 170
15 31 12 22 6 43 0 0.00 M M 7.3 16 30 M M 0 28 30
16 34 5 20 4 45 0 M M M 7.2 18 330 M M 0 26 330
17 37 9 23 7 42 0 0.00 M M 12.9 38 320 M M 0 50 310
18 M M M M M M 0.00 M M M M M M M 0 M M
19 34 21 28 13 37 0 0.00 M M 4.9 15 100 M M 0 20 80
20 32 22 27 12 38 0 0.00 M M 11.5 18 150 M M 0 24 140
21 43 24 34 19 31 0 0.00 M M 4.0 14 160 M M 0 19 160
22 42 17 30 16 35 0 0.00 M M 1.3 7 150 M M 0 8 150
23 41 23 32 18 33 0 0.00 M M 6.9 26 330 M M 0 35 330
24 31 14 23 9 42 0 0.00 M M 18.5 28 330 M M 0 38 330
25 26 7 17 3 48 0 0.00 M M 9.1 16 340 M M 0 20 330
26 32 20 26 13 39 0 0.00 M M 12.2 21 350 M M 0 32 340
27 38 12 25 12 40 0 0.00 M M 6.6 15 310 M M 0 18 310
28 41 9 25 12 40 0 0.00 M M 4.2 12 210 M M 0 14 210
29 41 26 34 21 31 0 0.00 M M 13.9 24 310 M M 0 32 310
30 29 17 23 10 42 0 0.00 M M 12.4 21 340 M M 0 27 350
31 26 11 19 7 46 0 0.00 M M 6.3 13 200 M M 0 17 200
================================================================================
SM 1085 478 1162 0 0.27 M 275.2 M 0
================================================================================
AV 36.2 15.9 9.2 FASTST M M 0 MAX(MPH)
MISC ----> 40 330 52 330
================================================================================
NOTES:
# LAST OF SEVERAL OCCURRENCES
COLUMN 17 PEAK WIND IN M.P.H.
PRELIMINARY LOCAL CLIMATOLOGICAL DATA (WS FORM: F-6) , PAGE 2
STATION: GARRISON (AMOS) ND
MONTH: DECEMBER
YEAR: 2023
LATITUDE: 47 39 N
LONGITUDE: 101 23 W
[TEMPERATURE DATA] [PRECIPITATION DATA] SYMBOLS USED IN COLUMN 16
AVERAGE MONTHLY: 26.1 TOTAL FOR MONTH: 0.27 1 = FOG OR MIST
DPTR FM NORMAL: 9.8 DPTR FM NORMAL: -0.39 2 = FOG REDUCING VISIBILITY
HIGHEST: 60 ON 6 GRTST 24HR 0.23 ON 8- 8 TO 1/4 MILE OR LESS
LOWEST: 2 ON 12 3 = THUNDER
SNOW, ICE PELLETS, HAIL 4 = ICE PELLETS
TOTAL MONTH: M 5 = HAIL
GRTST 24HR M ON M 6 = FREEZING RAIN OR DRIZZLE
GRTST DEPTH: M ON M 7 = DUSTSTORM OR SANDSTORM:
VSBY 1/2 MILE OR LESS
8 = SMOKE OR HAZE
[NO. OF DAYS WITH] [WEATHER - DAYS WITH] 9 = BLOWING SNOW
X = TORNADO
MAX 32 OR BELOW: 11 0.01 INCH OR MORE: 2
MAX 90 OR ABOVE: 0 0.10 INCH OR MORE: 1
MIN 32 OR BELOW: 30 0.50 INCH OR MORE: 0
MIN 0 OR BELOW: 0 1.00 INCH OR MORE: 0
[HDD (BASE 65) ]
TOTAL THIS MO. 1162 CLEAR (SCALE 0-3) 31
DPTR FM NORMAL -348 PTCLDY (SCALE 4-7) 0
TOTAL FM JUL 1 2967 CLOUDY (SCALE 8-10) 0
DPTR FM NORMAL -636
[CDD (BASE 65) ]
TOTAL THIS MO. 0
DPTR FM NORMAL 0 [PRESSURE DATA]
TOTAL FM JAN 1 471 HIGHEST SLP 30.47 ON 13
DPTR FM NORMAL 135 LOWEST SLP 29.27 ON 7
[REMARKS]
#FINAL-12-23#