000
CXUS53 KBIS 010830
CF6N60
PRELIMINARY LOCAL CLIMATOLOGICAL DATA (WS FORM: F-6)
STATION: GARRISON (AMOS) ND
MONTH: JULY
YEAR: 2020
LATITUDE: 47 39 N
LONGITUDE: 101 23 W
TEMPERATURE IN F: :PCPN: SNOW: WIND :SUNSHINE: SKY :PK WND
================================================================================
1 2 3 4 5 6A 6B 7 8 9 10 11 12 13 14 15 16 17 18
12Z AVG MX 2MIN
DY MAX MIN AVG DEP HDD CDD WTR SNW DPTH SPD SPD DIR MIN PSBL S-S WX SPD DR
================================================================================
1 80 56 68 M 0 3 0.01 M M 9.0 18 280 M M 0 27 270
2 86 64 75 M 0 10 0.02 M M 11.6 37 180 M M 0 53 180
3 84 59 72 M 0 7 0.01 M M 4.6 24 210 M M 0 33 210
4 85 69 77 M 0 12 0.41 M M 6.7 18 230 M M 0 33 300
5 82 63 73 M 0 8 0.04 M M 6.0 30 340 M M 0 38 330
6 82 64 73 M 0 8 0.02 M M 3.4 13 240 M M 0 16 240
7 82 59 71 M 0 6 0.48 M M 11.0 63 320 M M 0 82 320
8 79 55 67 M 0 2 0.00 M M 7.9 17 30 M M 0 27 30
9 72 55 64 M 1 0 0.00 M M 13.5 24 280 M M 0 37 290
10 76 49 63 M 2 0 0.00 M M 4.6 17 300 M M 0 28 250
11 77 56 67 M 0 2 0.00 M M 9.8 24 320 M M 0 31 290
12 81 52 67 M 0 2 0.00 M M 8.8 18 140 M M 0 25 140
13 80 53 67 M 0 2 0.28 M M 9.7 25 300 M M 0 37 300
14 76 48 62 M 3 0 0.00 M M 9.1 20 290 M M 0 30 290
15 79 51 65 M 0 0 0.00 M M 6.9 17 310 M M 0 25 240
16 81 53 67 M 0 2 0.00 M M 8.5 22 310 M M 0 29 300
17 90 60 75 M 0 10 0.00 M M 9.2 18 320 M M 0 24 310
18 76 57 67 M 0 2 0.05 M M 11.3 26 340 M M 0 38 290
19 76 55 66 M 0 1 0.00 M M 9.3 18 330 M M 0 30 320
20 68 51 60 M 5 0 0.17 M M 3.7 10 320 M M 0 14 260
21 77 50 64 M 1 0 0.00 M M 4.7 10 290 M M 0 14 290
22 81 59 70 M 0 5 0.00 M M 13.2 22 150 M M 0 30 150
23 87 65 76 M 0 11 0.00 M M 12.8 22 150 M M 0 30 150
24 89 65 77 M 0 12 0.01 M M 5.2 12 260 M M 0 17 220
25 86 56 71 M 0 6 0.00 M M 7.1 20 340 M M 0 25 340
26 80 51 66 M 0 1 0.00 M M 9.0 20 300 M M 0 28 310
27 81 52 67 M 0 2 0.00 M M 6.2 15 310 M M 0 22 310
28 82 51 67 M 0 2 0.00 M M M M M M M M 16 100
29 85 58 72 M 0 7 0.00 M M 5.9 12 160 M M 0 17 160
30 89 59 74 M 0 9 0.00 M M 6.8 14 260 M M 0 19 260
31 84 59 72 M 0 7 0.00 M M 8.1 20 340 M M 0 26 30
================================================================================
SM 2513 1754 12 139 1.50 M 243.6 M 0
================================================================================
AV 81.1 56.6 8.1 FASTST M M 0 MAX(MPH)
MISC ----> # 63 320 # 82 320
================================================================================
NOTES:
# LAST OF SEVERAL OCCURRENCES
COLUMN 17 PEAK WIND IN M.P.H.
PRELIMINARY LOCAL CLIMATOLOGICAL DATA (WS FORM: F-6) , PAGE 2
STATION: GARRISON (AMOS) ND
MONTH: JULY
YEAR: 2020
LATITUDE: 47 39 N
LONGITUDE: 101 23 W
[TEMPERATURE DATA] [PRECIPITATION DATA] SYMBOLS USED IN COLUMN 16
AVERAGE MONTHLY: 68.8 TOTAL FOR MONTH: 1.50 1 = FOG OR MIST
DPTR FM NORMAL: M DPTR FM NORMAL: M 2 = FOG REDUCING VISIBILITY
HIGHEST: 90 ON 17 GRTST 24HR 2.87 ON 30- 1 TO 1/4 MILE OR LESS
LOWEST: 48 ON 14 3 = THUNDER
SNOW, ICE PELLETS, HAIL 4 = ICE PELLETS
TOTAL MONTH: M 5 = HAIL
GRTST 24HR M ON M 6 = FREEZING RAIN OR DRIZZLE
GRTST DEPTH: M ON M 7 = DUSTSTORM OR SANDSTORM:
VSBY 1/2 MILE OR LESS
8 = SMOKE OR HAZE
[NO. OF DAYS WITH] [WEATHER - DAYS WITH] 9 = BLOWING SNOW
X = TORNADO
MAX 32 OR BELOW: 0 0.01 INCH OR MORE: 11
MAX 90 OR ABOVE: 1 0.10 INCH OR MORE: 4
MIN 32 OR BELOW: 0 0.50 INCH OR MORE: 0
MIN 0 OR BELOW: 0 1.00 INCH OR MORE: 0
[HDD (BASE 65) ]
TOTAL THIS MO. 12 CLEAR (SCALE 0-3) 30
DPTR FM NORMAL M PTCLDY (SCALE 4-7) 0
TOTAL FM JUL 1 12 CLOUDY (SCALE 8-10) 0
DPTR FM NORMAL M
[CDD (BASE 65) ]
TOTAL THIS MO. 139
DPTR FM NORMAL M [PRESSURE DATA]
TOTAL FM JAN 1 260 HIGHEST SLP 30.11 ON 31
DPTR FM NORMAL M LOWEST SLP 29.61 ON 24
[REMARKS]
#FINAL-07-20#