000
CXUS53 KBIS 010830
CF6N60
PRELIMINARY LOCAL CLIMATOLOGICAL DATA (WS FORM: F-6)
STATION: GARRISON (AMOS) ND
MONTH: MAY
YEAR: 2020
LATITUDE: 47 39 N
LONGITUDE: 101 23 W
TEMPERATURE IN F: :PCPN: SNOW: WIND :SUNSHINE: SKY :PK WND
================================================================================
1 2 3 4 5 6A 6B 7 8 9 10 11 12 13 14 15 16 17 18
12Z AVG MX 2MIN
DY MAX MIN AVG DEP HDD CDD WTR SNW DPTH SPD SPD DIR MIN PSBL S-S WX SPD DR
================================================================================
1 68 44 56 M 9 0 0.00 M M 16.0 31 300 M M 0 44 300
2 70 37 54 M 11 0 0.00 M M 15.0 29 320 M M 0 38 330
3 60 34 47 M 18 0 0.00 M M 15.2 24 110 M M 0 31 140
4 50 41 46 M 19 0 0.07 M M 7.7 16 120 M M 0 20 120
5 59 34 47 M 18 0 0.00 M M 8.3 18 350 M M 0 28 360
6 66 33 50 M 15 0 0.00 M M 4.7 14 100 M M 0 18 110
7 56 29 43 M 22 0 0.00 M M 12.4 23 90 M M 0 31 90
8 63 22 43 M 22 0 0.06 M M 5.3 26 310 M M 0 33 310
9 48 29 39 M 26 0 0.08 M M 14.2 29 290 M M 0 44 290
10 46 22 34 M 31 0 0.00 M M 9.3 22 350 M M 0 32 340
11 50 25 38 M 27 0 0.00 M M 7.1 15 100 M M 0 23 100
12 55 30 43 M 22 0 0.07 M M 14.4 28 140 M M 0 36 140
13 55 38 47 M 18 0 0.14 M M 9.3 21 140 M M 0 29 140
14 58 37 48 M 17 0 0.00 M M 13.6 31 320 M M 0 40 310
15 70 29 50 M 15 0 0.00 M M 4.9 13 190 M M 0 23 130
16 72 38 55 M 10 0 0.00 M M 3.9 15 30 M M 0 23 10
17 75 35 55 M 10 0 0.00 M M 9.5 21 140 M M 0 27 140
18 74 45 60 M 5 0 0.00 M M 19.0 33 150 M M 0 43 160
19 80 55 68 M 0 3 0.00 M M 19.4 29 170 M M 0 37 170
20 80 53 67 M 0 2 0.00 M M 20.9 31 140 M M 0 41 140
21 84 56 70 M 0 5 0.00 M M 12.9 26 200 M M 0 34 200
22 84 49 67 M 0 2 0.00 M M 9.5 18 160 M M 0 24 150
23 78 52 65 M 0 0 0.48 M M 12.5 23 350 M M 0 37 30
24 55 50 53 M 12 0 0.13 M M 11.4 22 350 M M 0 30 360
25 65 50 58 M 7 0 0.00 M M 3.9 9 330 M M 0 13 330
26 75 45 60 M 5 0 0.00 M M 6.7 18 220 M M 0 26 230
27 74 48 61 M 4 0 0.00 M M 12.8 26 310 M M 0 37 300
28 71 44 58 M 7 0 0.00 M M 19.1 36 310 M M 0 47 320
29 70 36 53 M 12 0 0.00 M M 5.5 17 300 M M 0 27 300
30 71 45 58 M 7 0 0.00 M M 11.9 21 110 M M 0 29 120
31 83 50 67 M 0 2 0.00 M M 17.6 28 160 M M 0 38 140
================================================================================
SM 2065 1235 369 14 1.03 M 353.9 M 0
================================================================================
AV 66.6 39.8 11.4 FASTST M M 0 MAX(MPH)
MISC ----> # 36 310 # 47 320
================================================================================
NOTES:
# LAST OF SEVERAL OCCURRENCES
COLUMN 17 PEAK WIND IN M.P.H.
PRELIMINARY LOCAL CLIMATOLOGICAL DATA (WS FORM: F-6) , PAGE 2
STATION: GARRISON (AMOS) ND
MONTH: MAY
YEAR: 2020
LATITUDE: 47 39 N
LONGITUDE: 101 23 W
[TEMPERATURE DATA] [PRECIPITATION DATA] SYMBOLS USED IN COLUMN 16
AVERAGE MONTHLY: 53.2 TOTAL FOR MONTH: 1.03 1 = FOG OR MIST
DPTR FM NORMAL: M DPTR FM NORMAL: M 2 = FOG REDUCING VISIBILITY
HIGHEST: 84 ON 22,21 GRTST 24HR 0.48 ON 23-23 TO 1/4 MILE OR LESS
LOWEST: 22 ON 10, 8 3 = THUNDER
SNOW, ICE PELLETS, HAIL 4 = ICE PELLETS
TOTAL MONTH: M 5 = HAIL
GRTST 24HR M ON M 6 = FREEZING RAIN OR DRIZZLE
GRTST DEPTH: M ON M 7 = DUSTSTORM OR SANDSTORM:
VSBY 1/2 MILE OR LESS
8 = SMOKE OR HAZE
[NO. OF DAYS WITH] [WEATHER - DAYS WITH] 9 = BLOWING SNOW
X = TORNADO
MAX 32 OR BELOW: 0 0.01 INCH OR MORE: 7
MAX 90 OR ABOVE: 0 0.10 INCH OR MORE: 3
MIN 32 OR BELOW: 7 0.50 INCH OR MORE: 0
MIN 0 OR BELOW: 0 1.00 INCH OR MORE: 0
[HDD (BASE 65) ]
TOTAL THIS MO. 369 CLEAR (SCALE 0-3) 31
DPTR FM NORMAL M PTCLDY (SCALE 4-7) 0
TOTAL FM JUL 1 8980 CLOUDY (SCALE 8-10) 0
DPTR FM NORMAL M
[CDD (BASE 65) ]
TOTAL THIS MO. 14
DPTR FM NORMAL M [PRESSURE DATA]
TOTAL FM JAN 1 14 HIGHEST SLP 30.53 ON 10
DPTR FM NORMAL M LOWEST SLP 29.57 ON 1
[REMARKS]
#FINAL-05-20#