000
CXUS51 KOKX 010910
CF6NYC
PRELIMINARY LOCAL CLIMATOLOGICAL DATA (WS FORM: F-6)
STATION: CENTRAL PARK NY
MONTH: OCTOBER
YEAR: 2022
LATITUDE: 40 46 N
LONGITUDE: 73 58 W
TEMPERATURE IN F: :PCPN: SNOW: WIND :SUNSHINE: SKY :PK WND
================================================================================
1 2 3 4 5 6A 6B 7 8 9 10 11 12 13 14 15 16 17 18
12Z AVG MX 2MIN
DY MAX MIN AVG DEP HDD CDD WTR SNW DPTH SPD SPD DIR MIN PSBL S-S WX SPD DR
================================================================================
1 61 51 56 -8 9 0 0.59 0.0 0 10.0 18 50 M M 10 1 27 20
2 60 50 55 -8 10 0 T 0.0 0 12.2 23 50 M M 10 36 40
3 53 47 50 -13 15 0 0.47 0.0 0 10.5 22 50 M M 10 1 32 50
4 55 46 51 -11 14 0 1.85 0.0 0 9.8 18 60 M M 10 13 27 60
5 59 54 57 -5 8 0 0.37 0.0 0 5.3 12 20 M M 9 1 19 40
6 74 53 64 2 1 0 0.00 0.0 0 2.8 8 290 M M 1 11 230
7 76 58 67 6 0 2 T 0.0 0 4.6 12 300 M M 3 17 300
8 58 47 53 -8 12 0 0.03 0.0 0 4.6 13 300 M M 4 20 310
9 61 44 53 -7 12 0 0.00 0.0 0 3.5 13 240 M M 0 21 230
10 67 52 60 0 5 0 0.00 0.0 0 3.3 10 240 M M 2 19 230
11 70 51 61 1 4 0 0.00 0.0 0 2.7 9 240 M M 0 15 210
12 70 57 64 5 1 0 0.00 0.0 0 3.5 14 220 M M 0 23 210
13 69 54 62 3 3 0 0.80 0.0 0 4.1 15 290 M M 9 13 22 170
14 67 52 60 2 5 0 0.19 0.0 0 3.7 10 310 M M 4 18 17 30
15 68 50 59 1 6 0 0.00 0.0 0 2.8 10 140 M M 0 19 180
16 64 52 58 0 7 0 0.00 0.0 0 2.7 9 40 M M 1 14 240
17 66 53 60 2 5 0 0.14 0.0 0 3.9 12 220 M M 9 1 21 210
18 56 46 51 -6 14 0 T 0.0 0 5.5 12 270 M M 5 19 230
19 54 42 48 -9 17 0 0.00 0.0 0 5.6 14 250 M M 1 23 230
20 58 44 51 -5 14 0 0.00 0.0 0 5.6 13 220 M M 0 22 210
21 62 46 54 -2 11 0 0.00 0.0 0 2.3 9 240 M M 0 8 14 230
22 66 49 58 2 7 0 0.00 0.0 0 2.7 9 240 M M 0 14 220
23 61 54 58 3 7 0 0.02 0.0 0 7.2 15 50 M M 9 22 60
24 61 55 58 3 7 0 0.52 0.0 0 7.5 14 60 M M 10 1 22 40
25 70 61 66 11 0 1 T 0.0 0 2.4 9 60 M M 9 12 13 60
26 72 60 66 12 0 1 0.00 0.0 0 2.9 10 260 M M 8 18 16 220
27 65 52 59 5 6 0 0.00 0.0 0 6.6 14 20 M M 0 23 360
28 56 45 51 -3 14 0 0.00 0.0 0 5.5 15 50 M M 0 20 60
29 58 43 51 -3 14 0 0.00 0.0 0 3.3 9 50 M M 0 13 40
30 63 43 53 0 12 0 0.00 0.0 0 0.9 6 70 M M 0 9 200
31 65 51 58 5 7 0 0.10 0.0 0 1.5 10 220 M M 5 1 15 230
================================================================================
SM 1965 1562 247 4 5.08 0.0 149.5 M 129
================================================================================
AV 63.4 50.4 4.8 FASTST M M 4 MAX(MPH)
MISC ----> 23 50 36 40
================================================================================
NOTES:
# LAST OF SEVERAL OCCURRENCES
COLUMN 17 PEAK WIND IN M.P.H.
PRELIMINARY LOCAL CLIMATOLOGICAL DATA (WS FORM: F-6) , PAGE 2
STATION: CENTRAL PARK NY
MONTH: OCTOBER
YEAR: 2022
LATITUDE: 40 46 N
LONGITUDE: 73 58 W
[TEMPERATURE DATA] [PRECIPITATION DATA] SYMBOLS USED IN COLUMN 16
AVERAGE MONTHLY: 56.9 TOTAL FOR MONTH: 5.08 1 = FOG OR MIST
DPTR FM NORMAL: -1.0 DPTR FM NORMAL: 0.70 2 = FOG REDUCING VISIBILITY
HIGHEST: 76 ON 7 GRTST 24HR 2.16 ON 3- 4 TO 1/4 MILE OR LESS
LOWEST: 42 ON 19 3 = THUNDER
SNOW, ICE PELLETS, HAIL 4 = ICE PELLETS
TOTAL MONTH: 0.0 INCH 5 = HAIL
GRTST 24HR 0.0 6 = FREEZING RAIN OR DRIZZLE
GRTST DEPTH: 0 7 = DUSTSTORM OR SANDSTORM:
VSBY 1/2 MILE OR LESS
8 = SMOKE OR HAZE
[NO. OF DAYS WITH] [WEATHER - DAYS WITH] 9 = BLOWING SNOW
X = TORNADO
MAX 32 OR BELOW: 0 0.01 INCH OR MORE: 11
MAX 90 OR ABOVE: 0 0.10 INCH OR MORE: 9
MIN 32 OR BELOW: 0 0.50 INCH OR MORE: 4
MIN 0 OR BELOW: 0 1.00 INCH OR MORE: 1
[HDD (BASE 65) ]
TOTAL THIS MO. 247 CLEAR (SCALE 0-3) 16
DPTR FM NORMAL 7 PTCLDY (SCALE 4-7) 4
TOTAL FM JUL 1 278 CLOUDY (SCALE 8-10) 11
DPTR FM NORMAL 5
[CDD (BASE 65) ]
TOTAL THIS MO. 4
DPTR FM NORMAL -18 [PRESSURE DATA]
TOTAL FM JAN 1 1370 HIGHEST SLP M ON M
DPTR FM NORMAL 149 LOWEST SLP 29.58 ON 17
[REMARKS]
#FINAL-10-22#