000
CXUS55 KPSR 011005
CF6NYL
PRELIMINARY LOCAL CLIMATOLOGICAL DATA (WS FORM: F-6)
STATION: YUMA AZ
MONTH: JUNE
YEAR: 2020
LATITUDE: 32 39 N
LONGITUDE: 114 37 W
TEMPERATURE IN F: :PCPN: SNOW: WIND :SUNSHINE: SKY :PK WND
================================================================================
1 2 3 4 5 6A 6B 7 8 9 10 11 12 13 14 15 16 17 18
12Z AVG MX 2MIN
DY MAX MIN AVG DEP HDD CDD WTR SNW DPTH SPD SPD DIR MIN PSBL S-S WX SPD DR
================================================================================
1 104 73 89 4 0 24 0.00 M M 8.2 15 150 M M 2 21 190
2 105 78 92 6 0 27 0.00 M M 7.0 14 180 M M 3 18 200
3 110 78 94 8 0 29 0.00 M M 6.2 15 200 M M 2 3 17 200
4 110 79 95 9 0 30 0.00 M M 7.3 20 200 M M 2 26 180
5 101 72 87 1 0 22 0.00 M M 14.1 28 300 M M 2 37 300
6 92 67 80 -7 0 15 0.00 M M 9.0 18 280 M M 0 23 270
7 95 65 80 -7 0 15 0.00 M M 7.9 17 230 M M 0 22 230
8 91 69 80 -7 0 15 0.00 M M 11.7 23 360 M M 0 31 10
9 98 62 80 -7 0 15 0.00 M M 6.0 16 340 M M 0 24 350
10 104 66 85 -3 0 20 0.00 M M 2.7 10 210 M M 0 8 13 170
11 107 70 89 1 0 24 0.00 M M 5.4 15 210 M M 0 19 220
12 107 73 90 2 0 25 0.00 M M 7.7 16 300 M M 0 23 290
13 100 76 88 0 0 23 0.00 M M 10.1 20 310 M M 0 25 300
14 98 67 83 -6 0 18 0.00 M M 4.4 13 170 M M 0 17 240
15 101 73 87 -2 0 22 0.00 M M 8.0 20 160 M M 0 23 160
16 103 76 90 1 0 25 0.00 M M 8.0 16 210 M M 1 20 190
17 100 74 87 -3 0 22 0.00 M M 6.6 15 190 M M 0 18 190
18 101 77 89 -1 0 24 0.00 M M 4.9 17 190 M M 0 21 190
19 102 74 88 -2 0 23 0.00 M M 6.1 14 180 M M 0 16 180
20 105 76 91 1 0 26 0.00 M M 6.1 14 190 M M 0 16 240
21 107 73 90 0 0 25 0.00 M M 6.6 15 180 M M 0 19 190
22 107 75 91 0 0 26 0.00 M M 6.6 18 170 M M 0 22 160
23 108 75 92 1 0 27 0.00 M M 7.3 17 200 M M 1 21 200
24 109 78 94 3 0 29 0.00 M M 6.0 15 190 M M 2 19 210
25 109 80 95 3 0 30 0.00 M M 8.2 15 200 M M 2 18 190
26 108 80 94 2 0 29 0.00 M M 8.7 18 170 M M 1 22 170
27 106 76 91 -1 0 26 0.00 M M 11.4 18 150 M M 0 23 140
28 103 81 92 0 0 27 0.00 M M 15.2 24 160 M M 0 29 140
29 96 72 84 -8 0 19 0.00 M M 8.5 15 240 M M 1 20 300
30 101 70 86 -7 0 21 0.00 M M 6.0 21 180 M M 0 27 170
================================================================================
SM 3088 2205 0 703 0.00 M 231.9 M 19
================================================================================
AV102.9 73.5 7.7 FASTST M M 1 MAX(MPH)
MISC ----> 28 300 37 300
================================================================================
NOTES:
# LAST OF SEVERAL OCCURRENCES
COLUMN 17 PEAK WIND IN M.P.H.
PRELIMINARY LOCAL CLIMATOLOGICAL DATA (WS FORM: F-6) , PAGE 2
STATION: YUMA AZ
MONTH: JUNE
YEAR: 2020
LATITUDE: 32 39 N
LONGITUDE: 114 37 W
[TEMPERATURE DATA] [PRECIPITATION DATA] SYMBOLS USED IN COLUMN 16
AVERAGE MONTHLY: 88.2 TOTAL FOR MONTH: 0.00 1 = FOG OR MIST
DPTR FM NORMAL: -0.8 DPTR FM NORMAL: -0.01 2 = FOG REDUCING VISIBILITY
HIGHEST: 110 ON 4, 3 GRTST 24HR 0.00 ON 1- 1 TO 1/4 MILE OR LESS
LOWEST: 62 ON 9 3 = THUNDER
SNOW, ICE PELLETS, HAIL 4 = ICE PELLETS
TOTAL MONTH: M 5 = HAIL
GRTST 24HR M ON M 6 = FREEZING RAIN OR DRIZZLE
GRTST DEPTH: M ON M 7 = DUSTSTORM OR SANDSTORM:
VSBY 1/2 MILE OR LESS
8 = SMOKE OR HAZE
[NO. OF DAYS WITH] [WEATHER - DAYS WITH] 9 = BLOWING SNOW
X = TORNADO
MAX 32 OR BELOW: 0 0.01 INCH OR MORE: 0
MAX 90 OR ABOVE: 30 0.10 INCH OR MORE: 0
MIN 32 OR BELOW: 0 0.50 INCH OR MORE: 0
MIN 0 OR BELOW: 0 1.00 INCH OR MORE: 0
[HDD (BASE 65) ]
TOTAL THIS MO. 0 CLEAR (SCALE 0-3) 30
DPTR FM NORMAL 0 PTCLDY (SCALE 4-7) 0
TOTAL FM JUL 1 712 CLOUDY (SCALE 8-10) 0
DPTR FM NORMAL 26
[CDD (BASE 65) ]
TOTAL THIS MO. 703
DPTR FM NORMAL -18 [PRESSURE DATA]
TOTAL FM JAN 1 1600 HIGHEST SLP 30.04 ON 9
DPTR FM NORMAL -33 LOWEST SLP 29.52 ON 5
[REMARKS]
#FINAL-06-20#