000
CXUS56 KMTR 010841
CLMOAK
CLIMATE REPORT
NATIONAL WEATHER SERVICE SAN FRANCISCO BAY AREA
141 AM PDT SAT APR 01 2023
...................................
...THE OAKLAND AIRPORT CLIMATE SUMMARY FOR THE MONTH OF MARCH 2023...
CLIMATE NORMAL PERIOD: 1991 TO 2020
CLIMATE RECORD PERIOD: 1948 TO 2023
WEATHER OBSERVED NORMAL DEPART LAST YEAR`S
VALUE DATE(S) VALUE FROM VALUE DATE(S)
NORMAL
................................................................
TEMPERATURE (F)
RECORD
HIGH 87 03/08/1986
LOW 32 03/03/1953
HIGHEST 66 03/18 78 03/22
LOWEST 37 03/27 37 03/07
AVG. MAXIMUM 57.7 63.1 -5.4 63.6
AVG. MINIMUM 44.0 47.0 -3.0 45.0
MEAN 50.8 54.3
DAYS MAX >= 90 0 0
DAYS MAX <= 32 0 0
DAYS MIN <= 32 0 0
DAYS MIN <= 0 0 0
PRECIPITATION (INCHES)
RECORD
MAXIMUM 5.88 2012
MINIMUM 0.04 1956
TOTALS 5.50 2.71 2.79 0.62
DAILY AVG. 0.18 0.09 0.09 0.02
DAYS >= .01 13 8
DAYS >= .10 12 3
DAYS >= .50 5 0
DAYS >= 1.00 1 0
GREATEST
24 HR. TOTAL 1.55 03/09 TO 03/10 0.36 03/27 TO 03/28
DEGREE DAYS
HEATING TOTAL 432 309 123 324
SINCE 7/1 2410 2195 215 MM
COOLING TOTAL 0 1 -1 0
SINCE 1/1 0 1 -1 MM
................................................................
WIND (MPH)
AVERAGE WIND SPEED 10.0
RESULTANT WIND SPEED/DIRECTION 4/230
HIGHEST WIND SPEED/DIRECTION 51/150 DATE 03/21
HIGHEST GUST SPEED/DIRECTION 74/140 DATE 03/21
SKY COVER
POSSIBLE SUNSHINE (PERCENT) MM
AVERAGE SKY COVER 0.63
NUMBER OF DAYS FAIR 4
NUMBER OF DAYS PC 15
NUMBER OF DAYS CLOUDY 12
AVERAGE RH (PERCENT) 71
WEATHER CONDITIONS. NUMBER OF DAYS WITH
THUNDERSTORM 3 MIXED PRECIP 0
HEAVY RAIN 9 RAIN 11
LIGHT RAIN 16 FREEZING RAIN 0
LT FREEZING RAIN 0 HAIL 1
HEAVY SNOW 0 SNOW 0
LIGHT SNOW 0 SLEET 0
FOG 14 FOG W/VIS <= 1/4 MILE 0
HAZE 2
- INDICATES NEGATIVE NUMBERS.
R INDICATES RECORD WAS SET OR TIED.
MM INDICATES DATA IS MISSING.
T INDICATES TRACE AMOUNT.
$$