000
CXUS53 KOAX 011935 CCA
CF6OAX
PRELIMINARY LOCAL CLIMATOLOGICAL DATA (WS FORM: F-6)
STATION: VALLEY NWS NE
MONTH: JANUARY
YEAR: 2023
LATITUDE: 41 19 N
LONGITUDE: 96 22 W
TEMPERATURE IN F: :PCPN: SNOW: WIND :SUNSHINE: SKY :PK WND
================================================================================
1 2 3 4 5 6A 6B 7 8 9 10 11 12 13 14 15 16 17 18
12Z AVG MX 2MIN
DY MAX MIN AVG DEP HDD CDD WTR SNW DPTH SPD SPD DIR MIN PSBL S-S WX SPD DR
================================================================================
1 44 28 36 11 29 0 0.00 0.0 0 M M M M M M 13 M
2 36 31 34 9 31 0 0.45 0.0 0 M M M M M M 25 M
3 34 27 31 6 34 0 0.16 0.8 T M M M M M M 34 36 M
4 31 27 29 5 36 0 0.02 0.3 1 M M M M M M 29 M
5 34 22 28 4 37 0 0.00 0.0 1 M M M M M M 26 M
6 42 19 31 7 34 0 0.00 0.0 0 M M M M M M 16 M
7 27 17 22 -2 43 0 0.00 0.0 0 M M M M M M 16 M
8 43 16 30 6 35 0 0.00 0.0 0 M M M M M M 13 M
9 47 29 38 14 27 0 0.00 0.0 0 M M M M M M 18 M
10 47 25 36 12 29 0 T 0.0 0 M M M M M M 20 M
11 38 25 32 8 33 0 0.00 0.0 0 M M M M M M 35 M
12 27 19 23 -1 42 0 T T 0 M M M M M M 40 M
13 28 17 23 -1 42 0 T T 0 M M M M M M 21 M
14 43 23 33 9 32 0 0.00 0.0 0 M M M M M M 26 M
15 46 32 39 15 26 0 T 0.0 0 M M M M M M 22 M
16 48 35 42 18 23 0 0.04 0.0 0 M M M M M M 26 M
17 41 28 35 11 30 0 0.00 0.0 0 M M M M M M 23 M
18 35 27 31 7 34 0 0.62 2.4 0 M M M M M M 146 36 M
19 31 25 28 4 37 0 0.05 1.5 3 M M M M M M 1 36 M
20 32 20 26 2 39 0 0.00 0.0 3 M M M M M M 17 M
21 30 18 24 0 41 0 0.00 0.0 2 M M M M M M 1 10 M
22 23 13 18 -6 47 0 0.00 0.0 2 M M M M M M 12 14 M
23 38 10 24 0 41 0 0.00 0.0 2 M M M M M M 12 10 M
24 37 24 31 7 34 0 0.00 0.0 2 M M M M M M 15 M
25 29 10 20 -4 45 0 0.00 0.0 1 M M M M M M 36 M
26 32 9 21 -3 44 0 0.00 0.0 1 M M M M M M 21 M
27 41 27 34 10 31 0 T T 1 M M M M M M 32 M
28 27 5 16 -8 49 0 0.04 0.4 1 M M M M M M 16 32 M
29 9 1 5 -19 60 0 T T 1 M M M M M M 31 M
30 11 2 7 -17 58 0 0.00 0.0 1 M M M M M M 20 M
31 25 3 14 -11 51 0 0.00 0.0 1 M M M M M M 17 M
================================================================================
SM 1056 614 1174 0 1.38 5.4 M M M
================================================================================
AV 34.1 19.8 M FASTST M M M MAX(MPH)
MISC ----> M M 40 9999
================================================================================
NOTES:
# LAST OF SEVERAL OCCURRENCES
COLUMN 17 PEAK WIND IN M.P.H.
PRELIMINARY LOCAL CLIMATOLOGICAL DATA (WS FORM: F-6) , PAGE 2
STATION: VALLEY NWS NE
MONTH: JANUARY
YEAR: 2023
LATITUDE: 41 19 N
LONGITUDE: 96 22 W
[TEMPERATURE DATA] [PRECIPITATION DATA] SYMBOLS USED IN COLUMN 16
AVERAGE MONTHLY: 26.9 TOTAL FOR MONTH: 1.38 1 = FOG OR MIST
DPTR FM NORMAL: 2.8 DPTR FM NORMAL: 0.53 2 = FOG REDUCING VISIBILITY
HIGHEST: 48 ON 16 GRTST 24HR 0.67 ON 18-19 TO 1/4 MILE OR LESS
LOWEST: 1 ON 29 3 = THUNDER
SNOW, ICE PELLETS, HAIL 4 = ICE PELLETS
TOTAL MONTH: 5.4 INCHES 5 = HAIL
GRTST 24HR 3.9 ON 18-19 6 = FREEZING RAIN OR DRIZZLE
GRTST DEPTH: 3 ON 20,19 7 = DUSTSTORM OR SANDSTORM:
VSBY 1/2 MILE OR LESS
8 = SMOKE OR HAZE
[NO. OF DAYS WITH] [WEATHER - DAYS WITH] 9 = BLOWING SNOW
X = TORNADO
MAX 32 OR BELOW: 14 0.01 INCH OR MORE: 7
MAX 90 OR ABOVE: 0 0.10 INCH OR MORE: 3
MIN 32 OR BELOW: 30 0.50 INCH OR MORE: 1
MIN 0 OR BELOW: 0 1.00 INCH OR MORE: 0
[HDD (BASE 65) ]
TOTAL THIS MO. 1174 CLEAR (SCALE 0-3) 0
DPTR FM NORMAL -94 PTCLDY (SCALE 4-7) 0
TOTAL FM JUL 1 3573 CLOUDY (SCALE 8-10) 31
DPTR FM NORMAL 1
[CDD (BASE 65) ]
TOTAL THIS MO. 0
DPTR FM NORMAL 0 [PRESSURE DATA]
TOTAL FM JAN 1 0 HIGHEST SLP M ON M
DPTR FM NORMAL 0 LOWEST SLP M ON M
[REMARKS]
#FINAL-01-23#