000
CXUS53 KOAX 011432
CLMOAX
CLIMATE REPORT
NATIONAL WEATHER SERVICE OMAHA/VALLEY NE
832 AM CST MON JAN 01 2024
...................................
...THE VALLEY NWS NE CLIMATE SUMMARY FOR THE MONTH OF DECEMBER 2023...
CLIMATE NORMAL PERIOD 1991 TO 2020
CLIMATE RECORD PERIOD 1997 TO 2023
WEATHER OBSERVED NORMAL DEPART
VALUE DATE(S) VALUE FROM
NORMAL
................................................
TEMPERATURE (F)
HIGHEST 61 12/07
LOWEST 18 12/02
AVG. MAXIMUM 44.4 36.9 7.5
AVG. MINIMUM 27.0 20.3 6.7
MEAN 35.7 28.6 7.1
DAYS MAX >= 90 0
DAYS MAX <= 32 1
DAYS MIN <= 32 26
DAYS MIN <= 0 0
PRECIPITATION (INCHES)
TOTALS 1.62 1.32 0.30
DAYS >= .01 7
DAYS >= .10 4
DAYS >= .50 1
DAYS >= 1.00 0
GREATEST
24 HR. TOTAL 0.81 12/24 TO 12/24
SNOWFALL (INCHES)
TOTALS 2.5 6.2 -3.7
SINCE 7/1 2.7
DAYS >= 1.0 1
GREATEST
SNOW DEPTH 1 12/26
12/27
12/28
24 HR TOTAL 2.0 12/25 TO 12/25
DEGREE DAYS
HEATING TOTAL 900 1128 -228
SINCE 7/1 1876 2308 -432
COOLING TOTAL 0 0 0
SINCE 1/1 1403 1203 200
................................................
WIND (MPH)
HIGHEST GUST SPEED/DIRECTION 41/MM
WEATHER CONDITIONS. NUMBER OF DAYS WITH
THUNDERSTORM 0 MIXED PRECIP 0
HEAVY RAIN 0 RAIN 0
LIGHT RAIN 9 FREEZING RAIN 0
LT FREEZING RAIN 0 HAIL 0
HEAVY SNOW 0 SNOW 1
LIGHT SNOW 4 SLEET 2
FOG 6 FOG W/VIS <= 1/4 MILE 0
HAZE 0
- INDICATES NEGATIVE NUMBERS.
R INDICATES RECORD WAS SET OR TIED.
MM INDICATES DATA IS MISSING.
T INDICATES TRACE AMOUNT.
&&
DECEMBER IN VALLEY MUCH WARMER AND WETTER THAN NORMAL. THE MONTH
ENDED UP 7.1 DEGREES ABOVE NORMAL FOR AVERAGE TEMPERATURE AND 0.30
INCHES ABOVE NORMAL FOR PRECIPITATION. SNOWFALL WAS 3.7 INCHES BELOW
NORMAL.
$$
DEWALD