000
CXUS53 KGID 011318
CF6ODX
PRELIMINARY LOCAL CLIMATOLOGICAL DATA (WS FORM: F-6)
STATION: ORD NE
MONTH: JUNE
YEAR: 2020
LATITUDE: 41 37 N
LONGITUDE: 98 57 W
TEMPERATURE IN F: :PCPN: SNOW: WIND :SUNSHINE: SKY :PK WND
================================================================================
1 2 3 4 5 6A 6B 7 8 9 10 11 12 13 14 15 16 17 18
12Z AVG MX 2MIN
DY MAX MIN AVG DEP HDD CDD WTR SNW DPTH SPD SPD DIR MIN PSBL S-S WX SPD DR
================================================================================
1 94 67 81 16 0 16 0.00 M M 12.0 20 210 M M 0 26 200
2 96 64 80 15 0 15 T M M 10.6 24 340 M M 0 33 330
3 89 58 74 8 0 9 1.18 M M 7.4 46 300 M M 0 13 64 300
4 89 55 72 6 0 7 0.26 M M 7.1 43 310 M M 0 13 61 310
5 87 61 74 8 0 9 0.02 M M 8.3 18 80 M M 0 3 24 80
6 93 69 81 15 0 16 0.01 M M 13.8 29 190 M M 0 3 38 190
7 92 75 84 17 0 19 0.00 M M 24.5 40 190 M M 0 57 200
8 90 67 79 12 0 14 0.00 M M 16.8 29 180 M M 3 42 180
9 71 55 63 -4 2 0 0.44 M M 22.3 38 350 M M 9 13 54 350
10 74 50 62 -6 3 0 T M M 15.7 28 330 M M 1 41 340
11 86 47 67 -1 0 2 0.00 M M 2.7 10 330 M M 0 14 330
12 88 50 69 1 0 4 0.00 M M 4.6 14 130 M M 0 20 160
13 90 54 72 3 0 7 0.00 M M 10.5 25 120 M M 0 36 130
14 91 66 79 10 0 14 T M M 16.7 28 180 M M 0 43 180
15 92 72 82 13 0 17 0.01 M M 16.3 29 190 M M 1 3 40 160
16 92 68 80 10 0 15 0.00 M M 17.8 33 180 M M 0 47 170
17 94 73 84 14 0 19 0.00 M M 19.6 33 180 M M 0 48 180
18 79 54 67 -3 0 2 T M M 11.5 24 10 M M 6 37 10
19 76 51 64 -6 1 0 0.08 M M 5.1 14 100 M M 5 1 20 30
20 82 59 71 1 0 6 0.09 M M 3.1 23 360 M M 3 13 29 360
21 80 55 68 -3 0 3 T M M 7.2 18 200 M M 2 1 25 210
22 82 55 69 -2 0 4 T M M 8.7 26 40 M M 2 3 36 50
23 80 52 66 -5 0 1 0.00 M M 6.1 18 10 M M 2 1 25 10
24 86 48 67 -5 0 2 0.00 M M 5.9 14 150 M M 0 19 140
25 91 62 77 5 0 12 T M M 9.9 25 320 M M 0 3 41 310
26 89 64 77 5 0 12 0.02 M M 5.6 15 350 M M 1 18 340
27 89 64 77 5 0 12 0.00 M M 7.7 17 170 M M 2 18 26 160
28 89 67 78 6 0 13 0.48 M M 11.3 21 200 M M 1 13 29 140
29 89 74 82 9 0 17 0.00 M M 12.6 23 140 M M 4 33 140
30 89 68 79 6 0 14 T M M 11.7 23 320 M M 5 1 35 320
================================================================================
SM 2609 1824 6 281 2.59 M 333.1 M 47
================================================================================
AV 87.0 60.8 11.1 FASTST M M 2 MAX(MPH)
MISC ----> # 46 300 # 64 300
================================================================================
NOTES:
# LAST OF SEVERAL OCCURRENCES
COLUMN 17 PEAK WIND IN M.P.H.
PRELIMINARY LOCAL CLIMATOLOGICAL DATA (WS FORM: F-6) , PAGE 2
STATION: ORD NE
MONTH: JUNE
YEAR: 2020
LATITUDE: 41 37 N
LONGITUDE: 98 57 W
[TEMPERATURE DATA] [PRECIPITATION DATA] SYMBOLS USED IN COLUMN 16
AVERAGE MONTHLY: 73.9 TOTAL FOR MONTH: 2.59 1 = FOG OR MIST
DPTR FM NORMAL: 4.7 DPTR FM NORMAL: -1.53 2 = FOG REDUCING VISIBILITY
HIGHEST: 96 ON 2 GRTST 24HR 1.18 ON 3- 3 TO 1/4 MILE OR LESS
LOWEST: 47 ON 11 3 = THUNDER
SNOW, ICE PELLETS, HAIL 4 = ICE PELLETS
TOTAL MONTH: M 5 = HAIL
GRTST 24HR M ON M 6 = FREEZING RAIN OR DRIZZLE
GRTST DEPTH: M ON M 7 = DUSTSTORM OR SANDSTORM:
VSBY 1/2 MILE OR LESS
8 = SMOKE OR HAZE
[NO. OF DAYS WITH] [WEATHER - DAYS WITH] 9 = BLOWING SNOW
X = TORNADO
MAX 32 OR BELOW: 0 0.01 INCH OR MORE: 10
MAX 90 OR ABOVE: 11 0.10 INCH OR MORE: 4
MIN 32 OR BELOW: 0 0.50 INCH OR MORE: 1
MIN 0 OR BELOW: 0 1.00 INCH OR MORE: 1
[HDD (BASE 65) ]
TOTAL THIS MO. 6 CLEAR (SCALE 0-3) 25
DPTR FM NORMAL -31 PTCLDY (SCALE 4-7) 4
TOTAL FM JUL 1 6594 CLOUDY (SCALE 8-10) 1
DPTR FM NORMAL -13
[CDD (BASE 65) ]
TOTAL THIS MO. 281
DPTR FM NORMAL 119 [PRESSURE DATA]
TOTAL FM JAN 1 290 HIGHEST SLP 30.27 ON 12
DPTR FM NORMAL 87 LOWEST SLP 29.48 ON 28
[REMARKS]
#FINAL-06-20#