651
CXUS53 KOAX 101958
CF6OFK
PRELIMINARY LOCAL CLIMATOLOGICAL DATA (WS FORM: F-6)
STATION: NORFOLK NE
MONTH: MAY
YEAR: 2020
LATITUDE: 41 58 N
LONGITUDE: 97 26 W
TEMPERATURE IN F: :PCPN: SNOW: WIND :SUNSHINE: SKY :PK WND
================================================================================
1 2 3 4 5 6A 6B 7 8 9 10 11 12 13 14 15 16 17 18
12Z AVG MX 2MIN
DY MAX MIN AVG DEP HDD CDD WTR SNW DPTH SPD SPD DIR MIN PSBL S-S WX SPD DR
================================================================================
1 89 61 75 19 0 10 0.00 0.0 0 14.3 25 200 M M 1 33 210
2 66 54 60 4 5 0 0.21 0.0 0 8.2 18 330 M M 7 1 25 340
3 77 50 64 8 1 0 0.00 0.0 0 5.4 10 150 M M 4 15 230
4 62 47 55 -2 10 0 0.34 0.0 0 6.4 16 320 M M 8 1 21 300
5 63 41 52 -5 13 0 0.16 0.0 0 16.1 33 330 M M 1 138 52 330
6 61 38 50 -7 15 0 T 0.0 0 8.4 17 310 M M 6 24 330
7 50 34 42 -16 23 0 0.42 0.0 0 7.2 20 40 M M 7 13 27 40
8 57 35 46 -12 19 0 0.00 0.0 0 11.2 24 10 M M 1 31 330
9 66 32 49 -9 16 0 0.06 0.0 0 17.5 38 330 M M 6 1 58 290
10 55 33 44 -14 21 0 0.00 0.0 0 16.2 32 330 M M 2 44 330
11 53 34 44 -15 21 0 0.00 0.0 0 5.7 14 20 M M 6 22 20
12 57 38 48 -11 17 0 0.00 0.0 0 7.8 16 130 M M 8 8 21 130
13 53 43 48 -12 17 0 T 0.0 0 11.2 26 160 M M 10 18 34 150
14 78 51 65 5 0 0 0.00 0.0 0 7.1 22 10 M M 4 1 28 10
15 76 46 61 1 4 0 0.00 0.0 0 6.3 14 50 M M 2 20 360
16 67 53 60 0 5 0 0.58 0.0 0 6.9 18 50 M M 9 1 26 50
17 63 52 58 -3 7 0 0.02 0.0 0 17.6 28 330 M M 10 1 37 330
18 67 51 59 -2 6 0 0.00 0.0 0 12.0 18 50 M M 9 26 20
19 68 55 62 1 3 0 0.00 0.0 0 7.0 17 110 M M 8 24 110
20 72 54 63 1 2 0 0.00 0.0 0 12.6 22 120 M M 10 30 120
21 71 59 65 3 0 0 0.25 0.0 0 9.2 24 110 M M 10 1 32 120
22 64 58 61 -1 4 0 1.42 0.0 0 6.3 13 130 M M 9 13 18 120
23 76 60 68 5 0 3 0.00 0.0 0 6.5 16 100 M M 7 1 21 100
24 75 58 67 4 0 2 0.52 0.0 0 10.4 38 300 M M 5 13 53 310
25 63 56 60 -3 5 0 0.33 0.0 0 11.7 18 330 M M 8 1 28 350
26 69 57 63 -1 2 0 0.01 0.0 0 11.0 18 340 M M 8 26 350
27 80 53 67 3 0 2 0.00 0.0 0 7.2 18 30 M M 0 1 24 20
28 79 53 66 2 0 1 0.00 0.0 0 14.4 29 350 M M 1 38 340
29 75 47 61 -4 4 0 0.00 0.0 0 6.4 20 350 M M 3 25 310
30 62 55 59 -6 6 0 0.28 0.0 0 5.3 12 130 M M 10 1 15 130
31 83 57 70 5 0 5 T 0.0 0 16.0 26 170 M M 4 35 180
================================================================================
SM 2097 1515 226 23 4.60 0.0 309.5 M 184
================================================================================
AV 67.7 48.9 10.0 FASTST M M 6 MAX(MPH)
MISC ----> # 38 330 # 58 290
================================================================================
NOTES:
# LAST OF SEVERAL OCCURRENCES
COLUMN 17 PEAK WIND IN M.P.H.
PRELIMINARY LOCAL CLIMATOLOGICAL DATA (WS FORM: F-6) , PAGE 2
STATION: NORFOLK NE
MONTH: MAY
YEAR: 2020
LATITUDE: 41 58 N
LONGITUDE: 97 26 W
[TEMPERATURE DATA] [PRECIPITATION DATA] SYMBOLS USED IN COLUMN 16
AVERAGE MONTHLY: 58.3 TOTAL FOR MONTH: 4.60 1 = FOG OR MIST
DPTR FM NORMAL: -2.2 DPTR FM NORMAL: 0.67 2 = FOG REDUCING VISIBILITY
HIGHEST: 89 ON 1 GRTST 24HR 1.44 ON 21-22 TO 1/4 MILE OR LESS
LOWEST: 32 ON 9 3 = THUNDER
SNOW, ICE PELLETS, HAIL 4 = ICE PELLETS
TOTAL MONTH: 0.0 INCH 5 = HAIL
GRTST 24HR 0.0 6 = FREEZING RAIN OR DRIZZLE
GRTST DEPTH: 0 7 = DUSTSTORM OR SANDSTORM:
VSBY 1/2 MILE OR LESS
8 = SMOKE OR HAZE
[NO. OF DAYS WITH] [WEATHER - DAYS WITH] 9 = BLOWING SNOW
X = TORNADO
MAX 32 OR BELOW: 0 0.01 INCH OR MORE: 13
MAX 90 OR ABOVE: 0 0.10 INCH OR MORE: 10
MIN 32 OR BELOW: 1 0.50 INCH OR MORE: 3
MIN 0 OR BELOW: 0 1.00 INCH OR MORE: 1
[HDD (BASE 65) ]
TOTAL THIS MO. 226 CLEAR (SCALE 0-3) 8
DPTR FM NORMAL 36 PTCLDY (SCALE 4-7) 14
TOTAL FM JUL 1 6402 CLOUDY (SCALE 8-10) 9
DPTR FM NORMAL -211
[CDD (BASE 65) ]
TOTAL THIS MO. 23
DPTR FM NORMAL -26 [PRESSURE DATA]
TOTAL FM JAN 1 23 HIGHEST SLP 30.42 ON 11
DPTR FM NORMAL -38 LOWEST SLP 29.61 ON 24
[REMARKS]
#FINAL-05-20#