000
CXHW52 PHFO 011250
CF6OGG
PRELIMINARY LOCAL CLIMATOLOGICAL DATA (WS FORM: F-6)
STATION: KAHULUI HI
MONTH: JANUARY
YEAR: 2022
LATITUDE: 20 53 N
LONGITUDE: 156 26 W
TEMPERATURE IN F: :PCPN: SNOW: WIND :SUNSHINE: SKY :PK WND
================================================================================
1 2 3 4 5 6A 6B 7 8 9 10 11 12 13 14 15 16 17 18
12Z AVG MX 2MIN
DY MAX MIN AVG DEP HDD CDD WTR SNW DPTH SPD SPD DIR MIN PSBL S-S WX SPD DR
================================================================================
1 83 66 75 2 0 10 0.00 M M 4.1 10 40 M M 3 18 14 30
2 83 64 74 1 0 9 0.00 M M 5.6 20 360 M M 2 24 360
3 82 66 74 1 0 9 T M M 5.0 31 210 M M 3 8 39 210
4 82 63 73 0 0 8 0.05 M M 9.6 23 200 M M 2 27 210
5 82 66 74 1 0 9 T M M 6.9 18 200 M M 3 22 190
6 81 64 73 0 0 8 0.00 M M 6.7 15 30 M M 2 1 21 10
7 80 62 71 -2 0 6 0.00 M M 5.6 13 360 M M 2 18 360
8 80 59 70 -3 0 5 0.00 M M 6.3 13 10 M M 1 17 10
9 82 57 70 -3 0 5 0.00 M M 5.9 13 20 M M 1 18 30
10 83 66 75 2 0 10 T M M 10.4 23 210 M M 4 8 28 240
11 82 63 73 0 0 8 0.03 M M 11.1 20 30 M M 6 18 23 30
12 85 59 72 -1 0 7 0.00 M M 9.1 23 30 M M 3 8 27 40
13 85 63 74 1 0 9 0.00 M M 5.2 15 190 M M 2 8 22 190
14 84 63 74 1 0 9 0.00 M M 4.9 12 40 M M 1 8 17 360
15 83 61 72 -1 0 7 0.00 M M 5.7 13 10 M M 2 18 10
16 81 62 72 -1 0 7 0.00 M M 5.1 13 40 M M 1 20 340
17 84 58 71 -2 0 6 0.00 M M 5.1 13 20 M M 1 17 300
18 85 63 74 1 0 9 0.00 M M 4.6 12 200 M M 1 18 330
19 86 61 74 1 0 9 0.00 M M 6.7 18 30 M M 2 23 30
20 84 63 74 1 0 9 0.00 M M 4.9 10 300 M M 3 16 350
21 84 62 73 0 0 8 0.00 M M 9.7 20 40 M M 1 24 40
22 83 71 77 4 0 12 0.00 M M 14.7 25 30 M M 1 8 30 40
23 84 69 77 4 0 12 0.00 M M 13.6 24 40 M M 2 30 40
24 83 68 76 3 0 11 0.00 M M 13.8 28 40 M M 1 32 30
25 85 69 77 4 0 12 T M M 12.4 24 40 M M 3 31 30
26 84 64 74 1 0 9 0.00 M M 9.4 21 60 M M 2 29 60
27 85 57 71 -2 0 6 0.00 M M 5.9 17 40 M M 1 21 40
28 86 60 73 0 0 8 0.00 M M 6.2 16 20 M M 2 20 30
29 85 65 75 2 0 10 0.00 M M 9.9 21 40 M M 2 27 60
30 86 59 73 0 0 8 0.00 M M 9.0 22 70 M M 1 31 70
31 84 60 72 -1 0 7 0.00 M M 7.6 20 30 M M 2 24 40
================================================================================
SM 2586 1953 0 262 0.08 M 240.7 M 63
================================================================================
AV 83.4 63.0 7.8 FASTST M M 2 MAX(MPH)
MISC ----> 31 210 39 210
================================================================================
NOTES:
# LAST OF SEVERAL OCCURRENCES
COLUMN 17 PEAK WIND IN M.P.H.
PRELIMINARY LOCAL CLIMATOLOGICAL DATA (WS FORM: F-6) , PAGE 2
STATION: KAHULUI HI
MONTH: JANUARY
YEAR: 2022
LATITUDE: 20 53 N
LONGITUDE: 156 26 W
[TEMPERATURE DATA] [PRECIPITATION DATA] SYMBOLS USED IN COLUMN 16
AVERAGE MONTHLY: 73.2 TOTAL FOR MONTH: 0.08 1 = FOG OR MIST
DPTR FM NORMAL: 0.3 DPTR FM NORMAL: -2.34 2 = FOG REDUCING VISIBILITY
HIGHEST: 86 ON 30,28 GRTST 24HR 2.80 ON 2- 3 TO 1/4 MILE OR LESS
LOWEST: 57 ON 27, 9 3 = THUNDER
SNOW, ICE PELLETS, HAIL 4 = ICE PELLETS
TOTAL MONTH: M 5 = HAIL
GRTST 24HR M ON M 6 = FREEZING RAIN OR DRIZZLE
GRTST DEPTH: M ON M 7 = DUSTSTORM OR SANDSTORM:
VSBY 1/2 MILE OR LESS
8 = SMOKE OR HAZE
[NO. OF DAYS WITH] [WEATHER - DAYS WITH] 9 = BLOWING SNOW
X = TORNADO
MAX 32 OR BELOW: 0 0.01 INCH OR MORE: 2
MAX 90 OR ABOVE: 0 0.10 INCH OR MORE: 0
MIN 32 OR BELOW: 0 0.50 INCH OR MORE: 0
MIN 0 OR BELOW: 0 1.00 INCH OR MORE: 0
[HDD (BASE 65) ]
TOTAL THIS MO. 0 CLEAR (SCALE 0-3) 29
DPTR FM NORMAL 0 PTCLDY (SCALE 4-7) 2
TOTAL FM JUL 1 0 CLOUDY (SCALE 8-10) 0
DPTR FM NORMAL 0
[CDD (BASE 65) ]
TOTAL THIS MO. 262
DPTR FM NORMAL 17 [PRESSURE DATA]
TOTAL FM JAN 1 262 HIGHEST SLP 30.17 ON 11
DPTR FM NORMAL 17 LOWEST SLP 29.83 ON 1
[REMARKS]
#FINAL-01-22#