000
CXHW52 PHFO 030138
CF6OGG
PRELIMINARY LOCAL CLIMATOLOGICAL DATA (WS FORM: F-6)
STATION: KAHULUI HI
MONTH: DECEMBER
YEAR: 2020
LATITUDE: 20 53 N
LONGITUDE: 156 26 W
TEMPERATURE IN F: :PCPN: SNOW: WIND :SUNSHINE: SKY :PK WND
================================================================================
1 2 3 4 5 6A 6B 7 8 9 10 11 12 13 14 15 16 17 18
12Z AVG MX 2MIN
DY MAX MIN AVG DEP HDD CDD WTR SNW DPTH SPD SPD DIR MIN PSBL S-S WX SPD DR
================================================================================
1 84 61 73 -2 0 8 0.00 M M 9.2 20 30 M M 1 24 30
2 87 60 74 -1 0 9 0.00 M M 6.3 21 40 M M 2 8 25 20
3 89 62 76 2 0 11 0.00 M M 9.4 21 30 M M 2 23 40
4 88 73 81 7 0 16 0.00 M M 16.6 30 40 M M 3 41 70
5 89 66 78 4 0 13 0.00 M M 6.3 20 50 M M 2 26 40
6 89 64 77 3 0 12 0.00 M M 5.5 13 40 M M 3 18 20
7 86 65 76 2 0 11 T M M 11.1 29 40 M M 3 8 35 60
8 88 66 77 3 0 12 T M M 9.9 26 70 M M 3 38 90
9 89 63 76 2 0 11 0.00 M M 6.3 13 40 M M 1 18 330
10 89 63 76 2 0 11 0.00 M M 6.3 16 30 M M 3 8 21 40
11 86 63 75 1 0 10 0.00 M M 11.5 24 60 M M 1 31 60
12 85 72 79 5 0 14 T M M 15.5 28 70 M M 2 39 40
13 86 66 76 2 0 11 0.00 M M 4.4 12 40 M M 3 14 30
14 89 68 79 6 0 14 0.00 M M 9.2 23 70 M M 3 30 70
15 85 65 75 2 0 10 0.00 M M 11.9 26 80 M M 3 37 70
16 86 69 78 5 0 13 T M M 13.7 22 60 M M 4 33 60
17 84 71 78 5 0 13 0.01 M M 13.7 25 40 M M 4 33 40
18 85 73 79 6 0 14 0.06 M M 15.9 28 50 M M 3 36 50
19 84 72 78 5 0 13 T M M 17.8 29 40 M M 4 38 60
20 86 74 80 7 0 15 0.01 M M 15.1 26 50 M M 5 35 60
21 85 73 79 6 0 14 0.00 M M 14.4 24 50 M M 2 31 30
22 86 63 75 2 0 10 0.00 M M 7.0 20 40 M M 2 23 30
23 87 62 75 2 0 10 0.00 M M 5.4 14 30 M M 2 17 20
24 84 59 72 -1 0 7 0.00 M M 12.2 25 30 M M 2 29 20
25 86 60 73 0 0 8 0.00 M M 11.7 25 40 M M 1 32 40
26 87 64 76 3 0 11 0.06 M M 12.6 38 50 M M 3 1 47 40
27 88 61 75 2 0 10 0.00 M M 10.3 29 80 M M 1 38 80
28 86 61 74 1 0 9 0.00 M M 6.1 20 360 M M 1 25 340
29 90 61 76 3 0 11 0.00 M M 8.4 26 80 M M 2 35 70
30 86 64 75 3 0 10 0.02 M M 12.3 28 40 M M 2 8 35 40
31 M M M M M M M M M M M M M M M M M
================================================================================
SM 2599 1964 0 341 0.16 M 316.0 M 73
================================================================================
AV 86.6 65.5 10.5 FASTST M M 2 MAX(MPH)
MISC ----> 38 50 47 40
================================================================================
NOTES:
# LAST OF SEVERAL OCCURRENCES
COLUMN 17 PEAK WIND IN M.P.H.
PRELIMINARY LOCAL CLIMATOLOGICAL DATA (WS FORM: F-6) , PAGE 2
STATION: KAHULUI HI
MONTH: DECEMBER
YEAR: 2020
LATITUDE: 20 53 N
LONGITUDE: 156 26 W
[TEMPERATURE DATA] [PRECIPITATION DATA] SYMBOLS USED IN COLUMN 16
AVERAGE MONTHLY: 76.1 TOTAL FOR MONTH: 0.16 1 = FOG OR MIST
DPTR FM NORMAL: 2.8 DPTR FM NORMAL: -3.19 2 = FOG REDUCING VISIBILITY
HIGHEST: 90 ON 29 GRTST 24HR 0.06 ON 18-18 TO 1/4 MILE OR LESS
LOWEST: 59 ON 24 3 = THUNDER
SNOW, ICE PELLETS, HAIL 4 = ICE PELLETS
TOTAL MONTH: M 5 = HAIL
GRTST 24HR M ON M 6 = FREEZING RAIN OR DRIZZLE
GRTST DEPTH: M ON M 7 = DUSTSTORM OR SANDSTORM:
VSBY 1/2 MILE OR LESS
8 = SMOKE OR HAZE
[NO. OF DAYS WITH] [WEATHER - DAYS WITH] 9 = BLOWING SNOW
X = TORNADO
MAX 32 OR BELOW: 0 0.01 INCH OR MORE: 5
MAX 90 OR ABOVE: 1 0.10 INCH OR MORE: 0
MIN 32 OR BELOW: 0 0.50 INCH OR MORE: 0
MIN 0 OR BELOW: 0 1.00 INCH OR MORE: 0
[HDD (BASE 65) ]
TOTAL THIS MO. 0 CLEAR (SCALE 0-3) 23
DPTR FM NORMAL 0 PTCLDY (SCALE 4-7) 7
TOTAL FM JUL 1 0 CLOUDY (SCALE 8-10) 0
DPTR FM NORMAL 0
[CDD (BASE 65) ]
TOTAL THIS MO. 341
DPTR FM NORMAL 82 [PRESSURE DATA]
TOTAL FM JAN 1 4835 HIGHEST SLP 30.18 ON 30
DPTR FM NORMAL 869 LOWEST SLP 29.88 ON 16
[REMARKS]
#FINAL-12-20#