000
CXHW52 PHFO 011250
CF6OGG
PRELIMINARY LOCAL CLIMATOLOGICAL DATA (WS FORM: F-6)
STATION: KAHULUI HI
MONTH: AUGUST
YEAR: 2023
LATITUDE: 20 53 N
LONGITUDE: 156 26 W
TEMPERATURE IN F: :PCPN: SNOW: WIND :SUNSHINE: SKY :PK WND
================================================================================
1 2 3 4 5 6A 6B 7 8 9 10 11 12 13 14 15 16 17 18
12Z AVG MX 2MIN
DY MAX MIN AVG DEP HDD CDD WTR SNW DPTH SPD SPD DIR MIN PSBL S-S WX SPD DR
================================================================================
1 88 74 81 0 0 16 T M M 17.8 32 40 M M 3 8 40 50
2 88 74 81 0 0 16 T M M 16.5 32 40 M M 4 40 50
3 87 73 80 -1 0 15 0.00 M M 16.1 31 30 M M 1 36 40
4 86 72 79 -2 0 14 T M M 15.6 29 40 M M 3 8 33 40
5 89 73 81 0 0 16 0.00 M M 15.6 26 40 M M 4 32 30
6 89 69 79 -2 0 14 0.00 M M 14.9 29 80 M M 4 37 50
7 89 73 81 0 0 16 T M M 22.5 37 50 M M 2 51 40
8 89 77 83 2 0 18 0.00 M M 22.0 32 50 M M 1 8 43 40
9 88 76 82 1 0 17 T M M 17.6 32 40 M M 2 8 39 40
10 88 73 81 0 0 16 0.16 M M 15.3 28 50 M M 7 18 34 40
11 87 74 81 0 0 16 0.01 M M 14.5 26 30 M M 5 1 31 40
12 90 73 82 1 0 17 0.00 M M 15.9 28 40 M M 3 34 40
13 89 69 79 -2 0 14 0.00 M M 15.6 29 40 M M 2 35 50
14 89 73 81 0 0 16 0.00 M M 16.1 29 40 M M 3 35 30
15 90 74 82 1 0 17 0.00 M M 15.0 30 40 M M 3 36 50
16 90 73 82 1 0 17 T M M 17.0 30 50 M M 3 39 50
17 86 76 81 0 0 16 0.00 M M 16.9 25 30 M M 1 31 30
18 87 74 81 0 0 16 0.00 M M 16.2 30 30 M M 0 34 30
19 87 73 80 -1 0 15 0.00 M M 14.3 25 30 M M 2 29 40
20 87 73 80 -1 0 15 0.00 M M 15.3 29 30 M M 4 34 40
21 88 72 80 -1 0 15 T M M 15.0 28 70 M M 6 18 37 70
22 92 75 84 3 0 19 T M M 16.6 29 60 M M 2 38 50
23 89 75 82 1 0 17 0.00 M M 16.6 30 50 M M 2 39 50
24 89 74 82 1 0 17 0.00 M M 16.8 30 40 M M 4 36 40
25 91 73 82 1 0 17 T M M 15.3 30 40 M M 4 37 70
26 89 73 81 0 0 16 T M M 14.8 22 60 M M 3 37 70
27 88 71 80 -1 0 15 0.02 M M 16.7 31 50 M M 5 1 37 50
28 90 65 78 -3 0 13 0.00 M M 13.2 26 40 M M 3 35 40
29 88 72 80 -1 0 15 0.00 M M 15.5 25 70 M M 3 35 70
30 90 72 81 0 0 16 0.00 M M 20.3 28 50 M M 4 40 70
31 88 73 81 0 0 16 T M M 19.2 35 60 M M 3 43 40
================================================================================
SM 2745 2261 0 493 0.19 M 510.7 M 96
================================================================================
AV 88.5 72.9 16.5 FASTST M M 3 MAX(MPH)
MISC ----> 37 50 51 40
================================================================================
NOTES:
# LAST OF SEVERAL OCCURRENCES
COLUMN 17 PEAK WIND IN M.P.H.
PRELIMINARY LOCAL CLIMATOLOGICAL DATA (WS FORM: F-6) , PAGE 2
STATION: KAHULUI HI
MONTH: AUGUST
YEAR: 2023
LATITUDE: 20 53 N
LONGITUDE: 156 26 W
[TEMPERATURE DATA] [PRECIPITATION DATA] SYMBOLS USED IN COLUMN 16
AVERAGE MONTHLY: 80.7 TOTAL FOR MONTH: 0.19 1 = FOG OR MIST
DPTR FM NORMAL: -0.4 DPTR FM NORMAL: -0.34 2 = FOG REDUCING VISIBILITY
HIGHEST: 92 ON 22 GRTST 24HR 0.17 ON 10-11 TO 1/4 MILE OR LESS
LOWEST: 65 ON 28 3 = THUNDER
SNOW, ICE PELLETS, HAIL 4 = ICE PELLETS
TOTAL MONTH: M 5 = HAIL
GRTST 24HR M ON M 6 = FREEZING RAIN OR DRIZZLE
GRTST DEPTH: M ON M 7 = DUSTSTORM OR SANDSTORM:
VSBY 1/2 MILE OR LESS
8 = SMOKE OR HAZE
[NO. OF DAYS WITH] [WEATHER - DAYS WITH] 9 = BLOWING SNOW
X = TORNADO
MAX 32 OR BELOW: 0 0.01 INCH OR MORE: 3
MAX 90 OR ABOVE: 7 0.10 INCH OR MORE: 1
MIN 32 OR BELOW: 0 0.50 INCH OR MORE: 0
MIN 0 OR BELOW: 0 1.00 INCH OR MORE: 0
[HDD (BASE 65) ]
TOTAL THIS MO. 0 CLEAR (SCALE 0-3) 17
DPTR FM NORMAL 0 PTCLDY (SCALE 4-7) 14
TOTAL FM JUL 1 0 CLOUDY (SCALE 8-10) 0
DPTR FM NORMAL 0
[CDD (BASE 65) ]
TOTAL THIS MO. 493
DPTR FM NORMAL -6 [PRESSURE DATA]
TOTAL FM JAN 1 2844 HIGHEST SLP 30.18 ON 8
DPTR FM NORMAL -3 LOWEST SLP 29.88 ON 27
[REMARKS]
#FINAL-08-23#