000
CXUS54 KOUN 011028
CF6OKC
PRELIMINARY LOCAL CLIMATOLOGICAL DATA (WS FORM: F-6)
STATION: OKLAHOMA CITY
MONTH: MARCH
YEAR: 2024
LATITUDE: 35 24 N
LONGITUDE: 97 36 W
TEMPERATURE IN F: :PCPN: SNOW: WIND :SUNSHINE: SKY :PK WND
================================================================================
1 2 3 4 5 6A 6B 7 8 9 10 11 12 13 14 15 16 17 18
12Z AVG MX 2MIN
DY MAX MIN AVG DEP HDD CDD WTR SNW DPTH SPD SPD DIR MIN PSBL S-S WX SPD DR
================================================================================
1 59 31 45 -1 20 0 0.00 0.0 0 11.9 17 150 M M 5 12 25 150
2 80 42 61 14 4 0 0.00 0.0 0 15.5 29 200 M M 2 1 37 170
3 82 51 67 20 0 2 0.00 0.0 0 16.1 29 200 M M 3 37 200
4 78 54 66 19 0 1 0.00 0.0 0 15.2 25 200 M M 5 35 180
5 63 42 53 5 12 0 0.00 0.0 0 12.7 18 10 M M 3 25 10
6 71 44 58 10 7 0 0.00 0.0 0 6.6 15 50 M M 7 1 20 40
7 77 51 64 16 1 0 0.39 0.0 0 12.6 30 290 M M 8 13 42 300
8 54 36 45 -4 20 0 0.31 T 0 19.5 33 350 M M 9 15 40 350
9 54 34 44 -5 21 0 T 0.0 0 12.1 25 350 M M 3 33 350
10 65 31 48 -1 17 0 0.00 0.0 0 8.2 17 230 M M 1 26 210
11 71 36 54 4 11 0 0.00 0.0 0 12.7 24 190 M M 2 32 190
12 77 48 63 13 2 0 0.00 0.0 0 16.2 30 190 M M 3 40 200
13 83 53 68 18 0 3 0.00 0.0 0 15.6 30 190 M M 3 40 180
14 78 53 66 15 0 1 0.00 0.0 0 14.3 28 350 M M 5 37 350
15 62 45 54 3 11 0 0.00 0.0 0 13.3 28 360 M M 8 37 340
16 58 42 50 -1 15 0 0.01 0.0 0 4.7 14 40 M M 7 16 50
17 63 45 54 2 11 0 T 0.0 0 14.8 24 350 M M 6 31 10
18 53 34 44 -8 21 0 0.00 0.0 0 9.9 20 360 M M 1 27 340
19 72 30 51 -1 14 0 0.00 0.0 0 13.4 24 220 M M 0 32 210
20 78 45 62 9 3 0 0.00 0.0 0 9.2 17 40 M M 4 24 170
21 63 52 58 5 7 0 0.82 0.0 0 7.3 18 220 M M 10 13 24 220
22 65 46 56 3 9 0 0.01 0.0 0 12.7 25 360 M M 7 1 33 360
23 63 36 50 -4 15 0 0.00 0.0 0 12.3 22 160 M M 5 29 150
24 62 53 58 4 7 0 0.02 0.0 0 21.9 40 150 M M 9 13 52 150
25 59 34 47 -7 18 0 0.00 0.0 0 15.1 28 300 M M 6 36 270
26 50 31 41 -13 24 0 0.00 0.0 0 12.0 30 310 M M 5 37 310
27 43 33 38 -17 27 0 0.12 0.1 0 4.9 13 40 M M 6 1 16 40
28 69 28 49 -6 16 0 0.00 0.0 0 10.4 23 180 M M 1 12 29 180
29 74 52 63 8 2 0 0.00 0.0 0 19.0 33 190 M M 6 43 190
30 75 52 64 9 1 0 0.00 0.0 0 10.0 18 190 M M 6 26 180
31 73 62 68 12 0 3 0.00 0.0 0 15.8 25 190 M M 10 31 190
================================================================================
SM 2074 1326 316 10 1.68 0.1 395.9 M 156
================================================================================
AV 66.9 42.8 12.8 FASTST M M 5 MAX(MPH)
MISC ----> 40 150 52 150
================================================================================
NOTES:
# LAST OF SEVERAL OCCURRENCES
COLUMN 17 PEAK WIND IN M.P.H.
PRELIMINARY LOCAL CLIMATOLOGICAL DATA (WS FORM: F-6) , PAGE 2
STATION: OKLAHOMA CITY
MONTH: MARCH
YEAR: 2024
LATITUDE: 35 24 N
LONGITUDE: 97 36 W
[TEMPERATURE DATA] [PRECIPITATION DATA] SYMBOLS USED IN COLUMN 16
AVERAGE MONTHLY: 54.8 TOTAL FOR MONTH: 1.68 1 = FOG OR MIST
DPTR FM NORMAL: 3.6 DPTR FM NORMAL: -0.87 2 = FOG REDUCING VISIBILITY
HIGHEST: 83 ON 13 GRTST 24HR 0.82 ON 21-21 TO 1/4 MILE OR LESS
LOWEST: 28 ON 28 3 = THUNDER
SNOW, ICE PELLETS, HAIL 4 = ICE PELLETS
TOTAL MONTH: 0.1 INCH 5 = HAIL
GRTST 24HR 0.1 ON 27-27 6 = FREEZING RAIN OR DRIZZLE
GRTST DEPTH: 0 7 = DUSTSTORM OR SANDSTORM:
VSBY 1/2 MILE OR LESS
8 = SMOKE OR HAZE
[NO. OF DAYS WITH] [WEATHER - DAYS WITH] 9 = BLOWING SNOW
X = TORNADO
MAX 32 OR BELOW: 0 0.01 INCH OR MORE: 7
MAX 90 OR ABOVE: 0 0.10 INCH OR MORE: 4
MIN 32 OR BELOW: 5 0.50 INCH OR MORE: 1
MIN 0 OR BELOW: 0 1.00 INCH OR MORE: 0
[HDD (BASE 65) ]
TOTAL THIS MO. 316 CLEAR (SCALE 0-3) 10
DPTR FM NORMAL -121 PTCLDY (SCALE 4-7) 16
TOTAL FM JUL 1 2899 CLOUDY (SCALE 8-10) 5
DPTR FM NORMAL -457
[CDD (BASE 65) ]
TOTAL THIS MO. 10
DPTR FM NORMAL 1 [PRESSURE DATA]
TOTAL FM JAN 1 11 HIGHEST SLP 30.42 ON 18
DPTR FM NORMAL 1 LOWEST SLP 29.33 ON 24
[REMARKS]
#FINAL-03-24#