000
CXUS55 KSEW 010930
CF6OLM
PRELIMINARY LOCAL CLIMATOLOGICAL DATA (WS FORM: F-6)
STATION: OLYMPIA WA AIRPORT
MONTH: OCTOBER
YEAR: 2022
LATITUDE: 46 58 N
LONGITUDE: 122 54 W
TEMPERATURE IN F: :PCPN: SNOW: WIND :SUNSHINE: SKY :PK WND
================================================================================
1 2 3 4 5 6A 6B 7 8 9 10 11 12 13 14 15 16 17 18
12Z AVG MX 2MIN
DY MAX MIN AVG DEP HDD CDD WTR SNW DPTH SPD SPD DIR MIN PSBL S-S WX SPD DR
================================================================================
1 80 44 62 7 3 0 0.00 M M 4.3 12 10 M M 1 12 17 10
2 83 43 63 8 2 0 0.00 M M 2.3 9 340 M M 0 12 15 350
3 79 48 64 10 1 0 0.00 M M 2.5 8 20 M M 4 128 12 30
4 72 53 63 9 2 0 0.00 M M 3.0 10 210 M M 7 1 12 210
5 63 46 55 1 10 0 0.00 M M 3.2 10 70 M M 9 128 15 70
6 72 49 61 8 4 0 0.00 M M 4.5 12 30 M M 5 128 17 10
7 79 43 61 8 4 0 0.00 M M 1.7 9 360 M M 1 128 12 360
8 77 44 61 8 4 0 0.00 M M 2.3 12 30 M M 2 128 16 20
9 76 41 59 7 6 0 0.00 M M 2.6 12 40 M M 1 128 17 40
10 72 40 56 4 9 0 0.00 M M 7.3 18 180 M M 1 18 26 210
11 69 42 56 4 9 0 0.00 M M 3.7 12 30 M M 3 17 350
12 70 37 54 3 11 0 0.00 M M 4.0 14 60 M M 0 18 20 60
13 76 37 57 6 8 0 0.00 M M 1.7 9 350 M M 1 128 14 340
14 76 37 57 6 8 0 0.00 M M 3.1 14 20 M M 1 128 19 60
15 77 39 58 8 7 0 0.00 M M 2.2 10 30 M M 0 18 14 30
16 85 38 62 12 3 0 0.00 M M 2.0 12 220 M M 0 18 15 210
17 68 41 55 5 10 0 0.00 M M 1.1 8 30 M M 5 128 10 10
18 69 39 54 4 11 0 0.00 M M 2.4 9 20 M M 5 128 13 20
19 68 37 53 4 12 0 0.00 M M 3.2 10 20 M M 3 128 14 30
20 59 38 49 0 16 0 T M M 3.7 16 210 M M 4 128 22 230
21 51 45 48 -1 17 0 0.60 M M 7.2 17 190 M M 8 18 25 210
22 55 35 45 -3 20 0 0.00 M M 2.9 9 150 M M 8 1 12 150
23 56 31 44 -4 21 0 T M M 3.2 9 230 M M 7 12 14 220
24 57 45 51 3 14 0 0.18 M M 11.4 20 200 M M 7 1 32 180
25 50 42 46 -2 19 0 0.84 M M 10.0 21 180 M M 7 1 29 170
26 53 40 47 -1 18 0 T M M 9.4 15 180 M M 5 24 190
27 61 49 55 8 10 0 0.00 M M 13.7 24 170 M M 8 31 180
28 58 39 49 2 16 0 0.23 M M 4.6 18 190 M M 7 12 27 180
29 56 41 49 2 16 0 0.00 M M 3.4 10 180 M M 6 12 13 210
30 54 47 51 4 14 0 0.68 M M 12.7 23 190 M M 10 1 35 180
31 53 43 48 2 17 0 0.64 M M 6.4 16 200 M M 8 1 23 200
================================================================================
SM 2074 1293 322 0 3.17 M 145.7 M 134
================================================================================
AV 66.9 41.7 4.7 FASTST M M 4 MAX(MPH)
MISC ----> 24 170 35 180
================================================================================
NOTES:
# LAST OF SEVERAL OCCURRENCES
COLUMN 17 PEAK WIND IN M.P.H.
PRELIMINARY LOCAL CLIMATOLOGICAL DATA (WS FORM: F-6) , PAGE 2
STATION: OLYMPIA WA AIRPORT
MONTH: OCTOBER
YEAR: 2022
LATITUDE: 46 58 N
LONGITUDE: 122 54 W
[TEMPERATURE DATA] [PRECIPITATION DATA] SYMBOLS USED IN COLUMN 16
AVERAGE MONTHLY: 54.3 TOTAL FOR MONTH: 3.17 1 = FOG OR MIST
DPTR FM NORMAL: 4.0 DPTR FM NORMAL: -1.90 2 = FOG REDUCING VISIBILITY
HIGHEST: 85 ON 16 GRTST 24HR 1.28 ON 30-31 TO 1/4 MILE OR LESS
LOWEST: 31 ON 23 3 = THUNDER
SNOW, ICE PELLETS, HAIL 4 = ICE PELLETS
TOTAL MONTH: M 5 = HAIL
GRTST 24HR M ON M 6 = FREEZING RAIN OR DRIZZLE
GRTST DEPTH: M ON M 7 = DUSTSTORM OR SANDSTORM:
VSBY 1/2 MILE OR LESS
8 = SMOKE OR HAZE
[NO. OF DAYS WITH] [WEATHER - DAYS WITH] 9 = BLOWING SNOW
X = TORNADO
MAX 32 OR BELOW: 0 0.01 INCH OR MORE: 6
MAX 90 OR ABOVE: 0 0.10 INCH OR MORE: 6
MIN 32 OR BELOW: 1 0.50 INCH OR MORE: 4
MIN 0 OR BELOW: 0 1.00 INCH OR MORE: 0
[HDD (BASE 65) ]
TOTAL THIS MO. 322 CLEAR (SCALE 0-3) 11
DPTR FM NORMAL -132 PTCLDY (SCALE 4-7) 18
TOTAL FM JUL 1 485 CLOUDY (SCALE 8-10) 2
DPTR FM NORMAL -291
[CDD (BASE 65) ]
TOTAL THIS MO. 0
DPTR FM NORMAL 0 [PRESSURE DATA]
TOTAL FM JAN 1 241 HIGHEST SLP M ON M
DPTR FM NORMAL 128 LOWEST SLP 29.66 ON 21
[REMARKS]
#FINAL-10-22#