000
CXUS55 KTWC 010855
CF6OLS
PRELIMINARY LOCAL CLIMATOLOGICAL DATA (WS FORM: F-6)
STATION: NOGALES AZ AIRPORT
MONTH: FEBRUARY
YEAR: 2021
LATITUDE: 31 25 N
LONGITUDE: 110 51 W
TEMPERATURE IN F: :PCPN: SNOW: WIND :SUNSHINE: SKY :PK WND
================================================================================
1 2 3 4 5 6A 6B 7 8 9 10 11 12 13 14 15 16 17 18
12Z AVG MX 2MIN
DY MAX MIN AVG DEP HDD CDD WTR SNW DPTH SPD SPD DIR MIN PSBL S-S WX SPD DR
================================================================================
1 78 47 63 12 2 0 0.00 M M 5.5 14 20 M M 0 18 20
2 77 49 63 12 2 0 0.00 M M 3.9 13 210 M M 0 16 220
3 78 44 61 10 4 0 0.00 M M 5.9 17 240 M M 0 24 240
4 71 42 57 6 8 0 0.00 M M 6.5 20 250 M M 1 28 260
5 69 32 51 0 14 0 0.00 M M 4.4 14 320 M M 0 20 310
6 71 30 51 0 14 0 0.00 M M 3.5 9 320 M M 0 14 270
7 75 33 54 3 11 0 0.00 M M 3.5 15 270 M M 0 20 270
8 74 35 55 4 10 0 0.00 M M 4.5 17 250 M M 0 24 250
9 74 34 54 3 11 0 0.00 M M 5.1 18 220 M M 0 21 220
10 69 41 55 4 10 0 0.00 M M 4.8 16 180 M M 1 23 150
11 70 34 52 1 13 0 0.00 M M 3.5 10 290 M M 0 13 250
12 69 36 53 2 12 0 0.00 M M 8.2 26 210 M M 3 34 220
13 67 35 51 0 14 0 0.00 M M 9.8 25 220 M M 0 33 190
14 57 34 46 -5 19 0 0.01 M M 8.9 18 250 M M 3 25 250
15 59 27 43 -9 22 0 0.00 M M 3.7 16 220 M M 0 22 270
16 62 38 50 -2 15 0 0.00 M M 10.4 24 250 M M 4 32 230
17 60 33 47 -5 18 0 T M M 8.7 25 250 M M 3 37 270
18 59 26 43 -9 22 0 0.00 M M 7.5 17 10 M M 0 25 360
19 75 30 53 1 12 0 0.00 M M 4.8 16 360 M M M 19 360
20 78 37 58 6 7 0 0.00 M M 7.4 28 220 M M M 33 220
21 67 31 49 -3 16 0 0.00 M M 4.9 14 320 M M M 19 20
22 79 29 54 2 11 0 0.00 M M 3.4 15 360 M M M 18 360
23 79 33 56 4 9 0 0.00 M M 4.2 17 260 M M M 22 260
24 77 33 55 3 10 0 0.00 M M 6.3 21 230 M M M 30 240
25 72 36 54 2 11 0 0.00 M M 6.2 23 260 M M M 30 260
26 70 27 49 -4 16 0 0.00 M M 3.6 10 260 M M M 13 270
27 70 30 50 -3 15 0 0.00 M M 6.0 18 220 M M M 23 200
28 60 31 46 -7 19 0 0.00 0.0 0 8.0 28 330 M M M 36 310
================================================================================
SM 1966 967 347 0 0.01 0.0 163.1 M 15
================================================================================
AV 70.2 34.5 5.8 FASTST M M 1 MAX(MPH)
MISC ----> # 28 220 37 270
================================================================================
NOTES:
# LAST OF SEVERAL OCCURRENCES
COLUMN 17 PEAK WIND IN M.P.H.
PRELIMINARY LOCAL CLIMATOLOGICAL DATA (WS FORM: F-6) , PAGE 2
STATION: NOGALES AZ AIRPORT
MONTH: FEBRUARY
YEAR: 2021
LATITUDE: 31 25 N
LONGITUDE: 110 51 W
[TEMPERATURE DATA] [PRECIPITATION DATA] SYMBOLS USED IN COLUMN 16
AVERAGE MONTHLY: 52.4 TOTAL FOR MONTH: 0.01 1 = FOG OR MIST
DPTR FM NORMAL: 0.9 DPTR FM NORMAL: -0.87 2 = FOG REDUCING VISIBILITY
HIGHEST: 79 ON 23,22 GRTST 24HR 0.01 ON 14-14 TO 1/4 MILE OR LESS
LOWEST: 26 ON 18 3 = THUNDER
SNOW, ICE PELLETS, HAIL 4 = ICE PELLETS
TOTAL MONTH: 0.0 INCH 5 = HAIL
GRTST 24HR 0.0 6 = FREEZING RAIN OR DRIZZLE
GRTST DEPTH: 0 7 = DUSTSTORM OR SANDSTORM:
VSBY 1/2 MILE OR LESS
8 = SMOKE OR HAZE
[NO. OF DAYS WITH] [WEATHER - DAYS WITH] 9 = BLOWING SNOW
X = TORNADO
MAX 32 OR BELOW: 0 0.01 INCH OR MORE: 1
MAX 90 OR ABOVE: 0 0.10 INCH OR MORE: 0
MIN 32 OR BELOW: 10 0.50 INCH OR MORE: 0
MIN 0 OR BELOW: 0 1.00 INCH OR MORE: 0
[HDD (BASE 65) ]
TOTAL THIS MO. 347 CLEAR (SCALE 0-3) 15
DPTR FM NORMAL -31 PTCLDY (SCALE 4-7) 3
TOTAL FM JUL 1 1558 CLOUDY (SCALE 8-10) 10
DPTR FM NORMAL -135
[CDD (BASE 65) ]
TOTAL THIS MO. 0
DPTR FM NORMAL -1 [PRESSURE DATA]
TOTAL FM JAN 1 0 HIGHEST SLP M ON M
DPTR FM NORMAL 0 LOWEST SLP 29.58 ON 13
[REMARKS]
#FINAL-02-21#