000
CXUS55 KTWC 010855
CF6OLS
PRELIMINARY LOCAL CLIMATOLOGICAL DATA (WS FORM: F-6)
STATION: NOGALES AZ AIRPORT
MONTH: AUGUST
YEAR: 2023
LATITUDE: 31 25 N
LONGITUDE: 110 51 W
TEMPERATURE IN F: :PCPN: SNOW: WIND :SUNSHINE: SKY :PK WND
================================================================================
1 2 3 4 5 6A 6B 7 8 9 10 11 12 13 14 15 16 17 18
12Z AVG MX 2MIN
DY MAX MIN AVG DEP HDD CDD WTR SNW DPTH SPD SPD DIR MIN PSBL S-S WX SPD DR
================================================================================
1 97 67 82 3 0 17 0.00 M M 3.4 14 270 M M 0 19 260
2 98 69 84 5 0 19 0.00 M M 4.7 17 100 M M 1 26 90
3 100 68 84 5 0 19 0.00 M M 2.5 14 270 M M 1 20 280
4 103 67 85 6 0 20 0.00 M M 4.0 15 250 M M 0 22 270
5 106 68 87 8 0 22 0.00 M M M 22 350 M M M 13 340
6 102 72 87 8 0 22 0.00 M M 7.3 34 20 M M M 20 30
7 96 76 86 7 0 21 0.00 M M 6.1 28 160 M M M 39 170
8 100 71 86 7 0 21 0.00 M M 5.9 21 230 M M 1 3 30 240
9 99 70 85 6 0 20 0.00 M M 4.3 12 270 M M 0 21 270
10 95 68 82 3 0 17 0.00 M M 6.8 14 180 M M 1 20 250
11 93 67 80 1 0 15 0.25 M M 4.7 16 310 M M 7 13 28 310
12 92 64 78 -1 0 13 0.00 M M 4.4 16 90 M M 0 28 310
13 95 61 78 -1 0 13 0.00 M M 3.5 17 230 M M M 25 290
14 97 63 80 1 0 15 0.10 M M 3.8 31 140 M M M 44 140
15 97 70 84 5 0 19 0.00 M M 5.3 17 120 M M M 26 120
16 99 75 87 8 0 22 0.02 M M 3.6 21 200 M M 3 36 210
17 102 66 84 5 0 19 0.13 M M 5.7 28 70 M M 3 3 36 120
18 93 66 80 1 0 15 0.18 M M 4.4 29 50 M M 2 13 45 30
19 83 65 74 -5 0 9 0.02 M M 4.4 29 150 M M 3 44 160
20 81 70 76 -3 0 11 T M M 12.3 32 160 M M 3 48 160
21 91 65 78 -1 0 13 0.08 M M 4.4 33 110 M M M 13 47 120
22 96 63 80 1 0 15 0.12 M M 3.7 29 140 M M M 3 45 130
23 93 64 79 0 0 14 0.11 M M 3.9 24 110 M M M 3 32 110
24 95 64 80 1 0 15 0.00 M M 3.2 12 30 M M 1 17 70
25 100 66 83 4 0 18 T M M 3.9 18 290 M M M 3 26 290
26 99 71 85 6 0 20 0.06 M M 5.5 20 230 M M M 3 32 140
27 101 69 85 6 0 20 0.00 M M 4.6 15 250 M M M 3 24 250
28 104 66 85 6 0 20 T M M 4.6 22 30 M M 1 3 35 30
29 104 70 87 8 0 22 0.00 M M 4.2 15 340 M M 1 3 24 340
30 101 71 86 7 0 21 0.03 M M 3.3 7 190 M M 2 3 11 190
31 98 66 82 4 0 17 0.05 M M 5.8 18 240 M M 2 3 30 230
================================================================================
SM 3010 2098 0 544 1.15 M 144.2 M 32
================================================================================
AV 97.1 67.7 4.8 FASTST M M 2 MAX(MPH)
MISC ----> 34 20 48 160
================================================================================
NOTES:
# LAST OF SEVERAL OCCURRENCES
COLUMN 17 PEAK WIND IN M.P.H.
PRELIMINARY LOCAL CLIMATOLOGICAL DATA (WS FORM: F-6) , PAGE 2
STATION: NOGALES AZ AIRPORT
MONTH: AUGUST
YEAR: 2023
LATITUDE: 31 25 N
LONGITUDE: 110 51 W
[TEMPERATURE DATA] [PRECIPITATION DATA] SYMBOLS USED IN COLUMN 16
AVERAGE MONTHLY: 82.4 TOTAL FOR MONTH: 1.15 1 = FOG OR MIST
DPTR FM NORMAL: 3.5 DPTR FM NORMAL: -2.26 2 = FOG REDUCING VISIBILITY
HIGHEST: 106 ON 5 GRTST 24HR 0.31 ON 17-18 TO 1/4 MILE OR LESS
LOWEST: 61 ON 13 3 = THUNDER
SNOW, ICE PELLETS, HAIL 4 = ICE PELLETS
TOTAL MONTH: M 5 = HAIL
GRTST 24HR M ON M 6 = FREEZING RAIN OR DRIZZLE
GRTST DEPTH: M ON M 7 = DUSTSTORM OR SANDSTORM:
VSBY 1/2 MILE OR LESS
8 = SMOKE OR HAZE
[NO. OF DAYS WITH] [WEATHER - DAYS WITH] 9 = BLOWING SNOW
X = TORNADO
MAX 32 OR BELOW: 0 0.01 INCH OR MORE: 12
MAX 90 OR ABOVE: 29 0.10 INCH OR MORE: 6
MIN 32 OR BELOW: 0 0.50 INCH OR MORE: 0
MIN 0 OR BELOW: 0 1.00 INCH OR MORE: 0
[HDD (BASE 65) ]
TOTAL THIS MO. 0 CLEAR (SCALE 0-3) 16
DPTR FM NORMAL 0 PTCLDY (SCALE 4-7) 3
TOTAL FM JUL 1 0 CLOUDY (SCALE 8-10) 12
DPTR FM NORMAL 0
[CDD (BASE 65) ]
TOTAL THIS MO. 544
DPTR FM NORMAL 113 [PRESSURE DATA]
TOTAL FM JAN 1 1745 HIGHEST SLP M ON M
DPTR FM NORMAL 185 LOWEST SLP 29.71 ON 31
[REMARKS]
#FINAL-08-23#