000
CXAK56 PAFG 020200
CF6OME
PRELIMINARY LOCAL CLIMATOLOGICAL DATA (WS FORM: F-6)
STATION: NOME AK
MONTH: MAY
YEAR: 2020
LATITUDE: 64 30 N
LONGITUDE: 165 26 W
TEMPERATURE IN F: :PCPN: SNOW: WIND :SUNSHINE: SKY :PK WND
================================================================================
1 2 3 4 5 6A 6B 7 8 9 10 11 12 13 14 15 16 17 18
12Z AVG MX 2MIN
DY MAX MIN AVG DEP HDD CDD WTR SNW DPTH SPD SPD DIR MIN PSBL S-S WX SPD DR
================================================================================
1 40 27 34 4 31 0 0.00 M M 9.0 18 90 M M 0 22 90
2 48 23 36 6 29 0 0.00 M M 5.5 12 320 M M 0 13 320
3 47 29 38 7 27 0 0.00 M M 6.7 16 30 M M 0 19 350
4 47 34 41 10 24 0 0.00 M M 10.1 16 40 M M 0 20 30
5 46 32 39 7 26 0 0.00 M M 5.3 12 350 M M 0 13 340
6 37 27 32 0 33 0 0.00 M M 5.2 12 120 M M 5 12 14 120
7 55 22 39 6 26 0 T M M 7.9 20 40 M M 5 12 24 40
8 56 40 48 15 17 0 0.00 M M 14.3 21 50 M M 2 28 60
9 55 39 47 13 18 0 0.00 M M 13.3 22 120 M M 1 27 90
10 56 36 46 12 19 0 T M M 8.6 16 280 M M 7 21 250
11 59 32 46 11 19 0 0.00 M M 8.5 17 300 M M 3 20 290
12 47 36 42 7 23 0 0.04 M M 12.4 26 90 M M 8 18 33 90
13 57 36 47 11 18 0 0.00 M M 11.5 23 20 M M 7 29 20
14 59 45 52 16 13 0 0.00 M M 12.4 23 20 M M 3 28 20
15 60 46 53 16 12 0 0.00 M M 10.8 15 350 M M 7 20 90
16 56 42 49 12 16 0 0.01 M M 5.1 15 40 M M 10 19 30
17 57 40 49 11 16 0 T M M 5.2 13 30 M M 7 15 30
18 61 46 54 16 11 0 0.00 M M 15.1 24 20 M M 1 8 29 30
19 57 40 49 11 16 0 0.00 M M 11.4 23 20 M M 0 27 30
20 52 37 45 6 20 0 T M M 7.8 22 130 M M 5 26 140
21 50 37 44 5 21 0 0.07 M M 9.0 18 100 M M 9 1 23 90
22 52 43 48 8 17 0 T M M 9.0 17 130 M M 7 23 100
23 58 41 50 10 15 0 0.01 M M 9.3 24 40 M M 5 27 40
24 57 43 50 10 15 0 0.31 M M 11.0 23 30 M M 9 1 27 30
25 48 39 44 3 21 0 0.06 M M 7.9 15 120 M M 5 1 19 130
26 56 37 47 6 18 0 0.01 M M 8.9 20 130 M M 6 1 24 130
27 46 39 43 2 22 0 0.09 M M 8.6 14 130 M M 8 1 17 130
28 47 34 41 -1 24 0 0.00 M M 4.8 9 210 M M 4 12 14 170
29 63 33 48 6 17 0 0.00 M M 8.0 16 310 M M 0 19 300
30 73 52 63 20 2 0 T M M 10.3 17 30 M M 4 21 350
31 73 52 63 20 2 0 0.03 M M 7.9 21 10 M M 5 3 37 30
================================================================================
SM 1675 1159 588 0 0.63 M 280.8 M 133
================================================================================
AV 54.0 37.4 9.1 FASTST M M 4 MAX(MPH)
MISC ----> # 26 90 # 37 30
================================================================================
NOTES:
# LAST OF SEVERAL OCCURRENCES
COLUMN 17 PEAK WIND IN M.P.H.
PRELIMINARY LOCAL CLIMATOLOGICAL DATA (WS FORM: F-6) , PAGE 2
STATION: NOME AK
MONTH: MAY
YEAR: 2020
LATITUDE: 64 30 N
LONGITUDE: 165 26 W
[TEMPERATURE DATA] [PRECIPITATION DATA] SYMBOLS USED IN COLUMN 16
AVERAGE MONTHLY: 45.7 TOTAL FOR MONTH: 0.63 1 = FOG OR MIST
DPTR FM NORMAL: 8.9 DPTR FM NORMAL: -0.23 2 = FOG REDUCING VISIBILITY
HIGHEST: 73 ON 31,30 GRTST 24HR 0.31 ON 24-24 TO 1/4 MILE OR LESS
LOWEST: 22 ON 7 3 = THUNDER
SNOW, ICE PELLETS, HAIL 4 = ICE PELLETS
TOTAL MONTH: M 5 = HAIL
GRTST 24HR M ON M 6 = FREEZING RAIN OR DRIZZLE
GRTST DEPTH: M ON M 7 = DUSTSTORM OR SANDSTORM:
VSBY 1/2 MILE OR LESS
8 = SMOKE OR HAZE
[NO. OF DAYS WITH] [WEATHER - DAYS WITH] 9 = BLOWING SNOW
X = TORNADO
MAX 32 OR BELOW: 0 0.01 INCH OR MORE: 9
MAX 90 OR ABOVE: 0 0.10 INCH OR MORE: 1
MIN 32 OR BELOW: 7 0.50 INCH OR MORE: 0
MIN 0 OR BELOW: 0 1.00 INCH OR MORE: 0
[HDD (BASE 65) ]
TOTAL THIS MO. 588 CLEAR (SCALE 0-3) 12
DPTR FM NORMAL -286 PTCLDY (SCALE 4-7) 15
TOTAL FM JUL 1 12694 CLOUDY (SCALE 8-10) 4
DPTR FM NORMAL -490
[CDD (BASE 65) ]
TOTAL THIS MO. 0
DPTR FM NORMAL 0 [PRESSURE DATA]
TOTAL FM JAN 1 0 HIGHEST SLP 30.39 ON 28
DPTR FM NORMAL 0 LOWEST SLP 29.44 ON 24
[REMARKS]
#FINAL-05-20#