000
CXUS56 KBOI 011002
CF6ONO
PRELIMINARY LOCAL CLIMATOLOGICAL DATA (WS FORM: F-6)
STATION: ONTARIO OR
MONTH: MARCH
YEAR: 2024
LATITUDE: 44 1 N
LONGITUDE: 117 1 W
TEMPERATURE IN F: :PCPN: SNOW: WIND :SUNSHINE: SKY :PK WND
================================================================================
1 2 3 4 5 6A 6B 7 8 9 10 11 12 13 14 15 16 17 18
12Z AVG MX 2MIN
DY MAX MIN AVG DEP HDD CDD WTR SNW DPTH SPD SPD DIR MIN PSBL S-S WX SPD DR
================================================================================
1 50 37 44 2 21 0 0.09 M M 6.6 32 240 M M 9 45 240
2 46 29 38 -4 27 0 0.06 M M 12.1 30 240 M M 6 43 240
3 48 23 36 -7 29 0 0.01 M M 5.7 16 100 M M M 22 110
4 47 26 37 -6 28 0 T M M 8.5 22 140 M M M 30 130
5 38 34 36 -7 29 0 0.20 M M 5.5 22 150 M M M 31 160
6 41 29 35 -9 30 0 0.00 M M 4.4 9 180 M M M 12 160
7 49 26 38 -6 27 0 0.00 M M 3.5 12 30 M M M 17 30
8 49 22 36 -8 29 0 0.00 M M 3.5 14 150 M M M 17 150
9 50 28 39 -6 26 0 0.00 M M 6.6 15 140 M M M 21 160
10 53 31 42 -3 23 0 0.00 M M 3.2 18 150 M M M 23 150
11 59 43 51 6 14 0 0.02 M M 4.6 22 250 M M 8 27 250
12 61 37 49 4 16 0 0.01 M M 10.0 32 260 M M 5 42 250
13 51 31 41 -5 24 0 0.00 M M 12.2 24 330 M M 5 33 320
14 61 34 48 2 17 0 0.00 M M 11.5 21 350 M M 0 29 330
15 63 30 47 1 18 0 0.00 M M 2.8 8 360 M M 0 12 350
16 67 27 47 1 18 0 0.00 M M 2.4 7 240 M M M 10 240
17 69 29 49 2 16 0 0.00 M M 2.8 8 260 M M M 13 30
18 72 30 51 4 14 0 0.00 M M 1.7 7 260 M M M 10 260
19 73 32 53 6 12 0 0.00 M M 3.2 9 260 M M M 12 150
20 74 34 54 7 11 0 0.00 M M 3.5 10 300 M M M 16 110
21 66 42 54 6 11 0 T M M 4.9 15 330 M M M 21 330
22 70 36 53 5 12 0 0.00 M M 4.8 15 160 M M 0 24 160
23 59 40 50 2 15 0 0.24 M M 7.3 24 270 M M 6 1 35 270
24 59 33 46 -2 19 0 0.04 M M 9.1 28 290 M M 5 36 290
25 56 41 49 1 16 0 0.00 M M 5.5 22 320 M M 8 27 320
26 57 34 46 -2 19 0 T M M 6.7 22 360 M M 4 29 350
27 52 31 42 -7 23 0 0.10 M M 3.7 17 260 M M 8 18 22 250
28 55 41 48 -1 17 0 0.06 M M 6.9 31 250 M M 6 13 42 250
29 59 32 46 -3 19 0 0.00 M M 4.1 10 360 M M 3 16 70
30 64 43 54 5 11 0 0.00 M M 7.6 21 330 M M 4 28 330
31 62 42 52 3 13 0 0.00 M M 21.9 32 330 M M 0 8 42 340
================================================================================
SM 1780 1027 604 0 0.83 M 196.8 M 77
================================================================================
AV 57.4 33.1 6.3 FASTST M M 5 MAX(MPH)
MISC ----> # 32 240 45 240
================================================================================
NOTES:
# LAST OF SEVERAL OCCURRENCES
COLUMN 17 PEAK WIND IN M.P.H.
PRELIMINARY LOCAL CLIMATOLOGICAL DATA (WS FORM: F-6) , PAGE 2
STATION: ONTARIO OR
MONTH: MARCH
YEAR: 2024
LATITUDE: 44 1 N
LONGITUDE: 117 1 W
[TEMPERATURE DATA] [PRECIPITATION DATA] SYMBOLS USED IN COLUMN 16
AVERAGE MONTHLY: 45.3 TOTAL FOR MONTH: 0.83 1 = FOG OR MIST
DPTR FM NORMAL: -0.8 DPTR FM NORMAL: -0.14 2 = FOG REDUCING VISIBILITY
HIGHEST: 74 ON 20 GRTST 24HR 0.24 ON 23-23 TO 1/4 MILE OR LESS
LOWEST: 22 ON 8 3 = THUNDER
SNOW, ICE PELLETS, HAIL 4 = ICE PELLETS
TOTAL MONTH: M 5 = HAIL
GRTST 24HR M ON M 6 = FREEZING RAIN OR DRIZZLE
GRTST DEPTH: M ON M 7 = DUSTSTORM OR SANDSTORM:
VSBY 1/2 MILE OR LESS
8 = SMOKE OR HAZE
[NO. OF DAYS WITH] [WEATHER - DAYS WITH] 9 = BLOWING SNOW
X = TORNADO
MAX 32 OR BELOW: 0 0.01 INCH OR MORE: 10
MAX 90 OR ABOVE: 0 0.10 INCH OR MORE: 3
MIN 32 OR BELOW: 16 0.50 INCH OR MORE: 0
MIN 0 OR BELOW: 0 1.00 INCH OR MORE: 0
[HDD (BASE 65) ]
TOTAL THIS MO. 604 CLEAR (SCALE 0-3) 5
DPTR FM NORMAL 20 PTCLDY (SCALE 4-7) 10
TOTAL FM JUL 1 4278 CLOUDY (SCALE 8-10) 16
DPTR FM NORMAL -374
[CDD (BASE 65) ]
TOTAL THIS MO. 0
DPTR FM NORMAL 0 [PRESSURE DATA]
TOTAL FM JAN 1 0 HIGHEST SLP M ON M
DPTR FM NORMAL 0 LOWEST SLP 29.49 ON 1
[REMARKS]
#FINAL-03-24#