000
CXUS56 KSGX 181045
CF6ONT
PRELIMINARY LOCAL CLIMATOLOGICAL DATA (WS FORM: F-6)
STATION: ONTARIO INTL AIRPORT CA
MONTH: APRIL
YEAR: 2024
LATITUDE: 34 2 N
LONGITUDE: 117 37 W
TEMPERATURE IN F: :PCPN: SNOW: WIND :SUNSHINE: SKY :PK WND
================================================================================
1 2 3 4 5 6A 6B 7 8 9 10 11 12 13 14 15 16 17 18
12Z AVG MX 2MIN
DY MAX MIN AVG DEP HDD CDD WTR SNW DPTH SPD SPD DIR MIN PSBL S-S WX SPD DR
================================================================================
1 71 43 57 -5 8 0 0.00 M M 4.6 18 260 M M 3 23 270
2 78 46 62 0 3 0 0.00 M M 5.7 18 270 M M 1 25 270
3 77 51 64 2 1 0 0.00 M M 6.2 17 220 M M 0 23 230
4 63 47 55 -7 10 0 0.02 M M 8.9 21 230 M M 7 18 28 230
5 57 42 50 -12 15 0 0.10 M M 6.9 23 240 M M 7 3 33 250
6 65 41 53 -9 12 0 0.00 M M 4.4 14 250 M M 2 20 230
7 67 43 55 -7 10 0 0.00 M M 4.8 16 240 M M 4 22 250
8 72 44 58 -4 7 0 0.00 M M 4.9 14 260 M M 1 21 250
9 80 45 63 1 2 0 0.00 M M 6.8 21 40 M M 0 34 40
10 84 54 69 7 0 4 0.00 M M 4.8 15 230 M M 0 21 240
11 88 54 71 8 0 6 T M M 5.3 16 260 M M 0 23 220
12 64 51 58 -5 7 0 0.00 M M 7.6 17 250 M M 7 18 24 240
13 64 46 55 -8 10 0 0.12 M M 6.3 21 270 M M 8 1 29 270
14 56 44 50 -13 15 0 0.31 M M 5.0 15 220 M M 8 1 21 210
15 68 47 58 -5 7 0 T M M 4.8 14 270 M M 6 17 270
16 82 50 66 3 0 1 0.00 M M 4.4 17 250 M M 2 26 270
17 83 55 69 5 0 4 0.00 M M 4.6 16 240 M M 4 8 25 240
================================================================================
SM 1219 803 107 15 0.55 M 96.0 M 60
================================================================================
AV 71.7 47.2 5.6 FASTST M M 4 MAX(MPH)
MISC ----> 23 240 34 40
================================================================================
NOTES:
# LAST OF SEVERAL OCCURRENCES
COLUMN 17 PEAK WIND IN M.P.H.
PRELIMINARY LOCAL CLIMATOLOGICAL DATA (WS FORM: F-6) , PAGE 2
STATION: ONTARIO INTL AIRPORT CA
MONTH: APRIL
YEAR: 2024
LATITUDE: 34 2 N
LONGITUDE: 117 37 W
[TEMPERATURE DATA] [PRECIPITATION DATA] SYMBOLS USED IN COLUMN 16
AVERAGE MONTHLY: 59.5 TOTAL FOR MONTH: 0.55 1 = FOG OR MIST
DPTR FM NORMAL: -3.0 DPTR FM NORMAL: 0.05 2 = FOG REDUCING VISIBILITY
HIGHEST: 88 ON 11 GRTST 24HR 0.40 ON 13-14 TO 1/4 MILE OR LESS
LOWEST: 41 ON 6 3 = THUNDER
SNOW, ICE PELLETS, HAIL 4 = ICE PELLETS
TOTAL MONTH: M 5 = HAIL
GRTST 24HR M ON M 6 = FREEZING RAIN OR DRIZZLE
GRTST DEPTH: M ON M 7 = DUSTSTORM OR SANDSTORM:
VSBY 1/2 MILE OR LESS
8 = SMOKE OR HAZE
[NO. OF DAYS WITH] [WEATHER - DAYS WITH] 9 = BLOWING SNOW
X = TORNADO
MAX 32 OR BELOW: 0 0.01 INCH OR MORE: 4
MAX 90 OR ABOVE: 0 0.10 INCH OR MORE: 3
MIN 32 OR BELOW: 0 0.50 INCH OR MORE: 0
MIN 0 OR BELOW: 0 1.00 INCH OR MORE: 0
[HDD (BASE 65) ]
TOTAL THIS MO. 107 CLEAR (SCALE 0-3) 9
DPTR FM NORMAL 40 PTCLDY (SCALE 4-7) 7
TOTAL FM JUL 1 1251 CLOUDY (SCALE 8-10) 1
DPTR FM NORMAL 38
[CDD (BASE 65) ]
TOTAL THIS MO. 15
DPTR FM NORMAL -9 [PRESSURE DATA]
TOTAL FM JAN 1 15 HIGHEST SLP M ON M
DPTR FM NORMAL -45 LOWEST SLP 29.75 ON 11
[REMARKS]