000
CXUS53 KDMX 050303
CF6OTM
PRELIMINARY LOCAL CLIMATOLOGICAL DATA (WS FORM: F-6)
STATION: OTTUMWA IA
MONTH: FEBRUARY
YEAR: 2022
LATITUDE: 41 6 N
LONGITUDE: 92 27 W
TEMPERATURE IN F: :PCPN: SNOW: WIND :SUNSHINE: SKY :PK WND
================================================================================
1 2 3 4 5 6A 6B 7 8 9 10 11 12 13 14 15 16 17 18
12Z AVG MX 2MIN
DY MAX MIN AVG DEP HDD CDD WTR SNW DPTH SPD SPD DIR MIN PSBL S-S WX SPD DR
================================================================================
1 41 16 29 6 36 0 0.00 0.0 1 15.2 28 330 M M 5 34 330
2 17 8 13 -11 52 0 T T 1 19.6 25 350 M M 8 33 350
3 15 2 9 -15 56 0 0.00 0.0 1 12.8 22 360 M M 2 27 360
4 24 -2 11 -13 54 0 0.00 0.0 1 11.2 25 340 M M 2 1 34 320
5 35 0 18 -6 47 0 0.00 0.0 1 14.0 28 180 M M 0 34 170
6 43 15 29 5 36 0 0.00 0.0 1 13.8 26 320 M M 2 32 320
7 31 8 20 -5 45 0 0.00 0.0 1 6.5 12 150 M M 4 16 150
8 56 21 39 14 26 0 0.00 0.0 1 10.2 21 270 M M 0 26 260
9 43 28 36 11 29 0 0.00 0.0 T 12.5 25 320 M M 5 34 300
10 42 24 33 7 32 0 0.06 0.0 0 13.9 22 340 M M 7 28 210
11 47 12 30 4 35 0 T T 0 18.7 33 330 M M 9 43 330
12 19 4 12 -14 53 0 0.00 0.0 0 10.6 26 320 M M 4 34 330
13 18 11 15 -11 50 0 T T 0 9.7 20 340 M M 7 18 26 330
14 35 10 23 -4 42 0 0.00 0.0 0 8.1 20 190 M M 1 26 190
15 50 18 34 7 31 0 0.00 0.0 0 14.1 23 140 M M 0 1 29 160
16 62 28 45 17 20 0 0.08 T 0 16.1 28 230 M M 6 168 36 250
17 27 10 19 -9 46 0 0.01 0.1 T 18.2 30 350 M M 5 1 38 360
18 42 6 24 -4 41 0 0.01 0.2 0 16.7 31 330 M M 1 18 42 220
19 30 6 18 -11 47 0 0.00 0.0 T 13.5 28 330 M M 0 36 340
20 60 23 42 13 23 0 0.00 0.0 0 16.5 33 210 M M 0 50 220
21 60 28 44 14 21 0 0.00 0.0 0 10.2 21 170 M M 2 1 31 160
22 38 7 23 -7 42 0 0.05 0.1 0 19.2 29 300 M M 9 16 38 310
23 17 3 10 -20 55 0 0.00 0.0 0 12.6 21 320 M M 6 8 32 330
24 23 10 17 -14 48 0 0.10 3.1 0 8.9 15 30 M M 9 18 19 360
25 20 5 13 -18 52 0 T T 3 8.6 17 310 M M 5 18 22 300
26 38 4 21 -11 44 0 0.00 0.0 2 9.1 17 200 M M 0 18 22 200
27 49 21 35 3 30 0 0.00 0.0 T 7.6 13 290 M M 0 18 310
28 62 29 46 14 19 0 0.00 0.0 0 9.8 16 260 M M 0 21 250
================================================================================
SM 1044 355 1112 0 0.31 3.5 357.9 M 99
================================================================================
AV 37.3 12.7 12.8 FASTST M M 4 MAX(MPH)
MISC ----> # 33 330 50 220
================================================================================
NOTES:
# LAST OF SEVERAL OCCURRENCES
COLUMN 17 PEAK WIND IN M.P.H.
PRELIMINARY LOCAL CLIMATOLOGICAL DATA (WS FORM: F-6) , PAGE 2
STATION: OTTUMWA IA
MONTH: FEBRUARY
YEAR: 2022
LATITUDE: 41 6 N
LONGITUDE: 92 27 W
[TEMPERATURE DATA] [PRECIPITATION DATA] SYMBOLS USED IN COLUMN 16
AVERAGE MONTHLY: 25.0 TOTAL FOR MONTH: 0.31 1 = FOG OR MIST
DPTR FM NORMAL: -2.4 DPTR FM NORMAL: -1.10 2 = FOG REDUCING VISIBILITY
HIGHEST: 62 ON 28,16 GRTST 24HR 0.10 ON 24-24 TO 1/4 MILE OR LESS
LOWEST: -2 ON 4 3 = THUNDER
SNOW, ICE PELLETS, HAIL 4 = ICE PELLETS
TOTAL MONTH: 3.5 INCHES 5 = HAIL
GRTST 24HR 3.1 ON 24-24 6 = FREEZING RAIN OR DRIZZLE
GRTST DEPTH: 3 ON 25 7 = DUSTSTORM OR SANDSTORM:
VSBY 1/2 MILE OR LESS
8 = SMOKE OR HAZE
[NO. OF DAYS WITH] [WEATHER - DAYS WITH] 9 = BLOWING SNOW
X = TORNADO
MAX 32 OR BELOW: 11 0.01 INCH OR MORE: 6
MAX 90 OR ABOVE: 0 0.10 INCH OR MORE: 1
MIN 32 OR BELOW: 28 0.50 INCH OR MORE: 0
MIN 0 OR BELOW: 2 1.00 INCH OR MORE: 0
[HDD (BASE 65) ]
TOTAL THIS MO. 1112 CLEAR (SCALE 0-3) 14
DPTR FM NORMAL 59 PTCLDY (SCALE 4-7) 11
TOTAL FM JUL 1 4473 CLOUDY (SCALE 8-10) 3
DPTR FM NORMAL -277
[CDD (BASE 65) ]
TOTAL THIS MO. 0
DPTR FM NORMAL 0 [PRESSURE DATA]
TOTAL FM JAN 1 0 HIGHEST SLP 30.70 ON 23
DPTR FM NORMAL 0 LOWEST SLP 29.52 ON 11
[REMARKS]
#FINAL-02-22#