000
CXAK56 PAFG 010949
CF6OTZ
PRELIMINARY LOCAL CLIMATOLOGICAL DATA (WS FORM: F-6)
STATION: KOTZEBUE AK
MONTH: JULY
YEAR: 2023
LATITUDE: 66 52 N
LONGITUDE: 162 38 W
TEMPERATURE IN F: :PCPN: SNOW: WIND :SUNSHINE: SKY :PK WND
================================================================================
1 2 3 4 5 6A 6B 7 8 9 10 11 12 13 14 15 16 17 18
12Z AVG MX 2MIN
DY MAX MIN AVG DEP HDD CDD WTR SNW DPTH SPD SPD DIR MIN PSBL S-S WX SPD DR
================================================================================
1 60 45 53 -3 12 0 0.00 M M 6.0 13 300 M M 0 1 14 300
2 70 51 61 5 4 0 T M M 9.1 18 140 M M 3 22 130
3 60 52 56 0 9 0 0.06 M M 5.7 16 240 M M 9 18 19 240
4 59 53 56 0 9 0 0.05 M M 6.7 15 160 M M 8 17 170
5 56 49 53 -4 12 0 0.19 M M 8.2 18 160 M M 5 1 22 160
6 58 49 54 -3 11 0 0.04 M M 8.3 17 100 M M 6 1 19 100
7 55 49 52 -5 13 0 0.42 M M 9.2 15 170 M M 10 1 17 170
8 60 49 55 -2 10 0 0.13 M M 6.9 22 170 M M 8 18 24 170
9 54 50 52 -5 13 0 0.14 M M 14.6 23 150 M M 10 1 28 130
10 56 50 53 -4 12 0 0.45 M M 7.1 15 160 M M 8 1 18 210
11 54 50 52 -5 13 0 0.10 M M 9.9 21 280 M M 6 1 24 280
12 58 49 54 -3 11 0 0.00 M M 6.1 12 240 M M 3 8 14 220
13 55 51 53 -4 12 0 0.13 M M 11.0 21 120 M M 10 1 24 110
14 57 50 54 -3 11 0 0.10 M M 10.3 16 270 M M 10 1 18 270
15 57 50 54 -3 11 0 0.28 M M 8.0 15 140 M M 8 1 17 130
16 61 50 56 -1 9 0 0.00 M M 12.9 23 300 M M 3 8 28 290
17 63 50 57 0 8 0 0.00 M M 9.5 21 310 M M 1 24 310
18 68 53 61 4 4 0 0.00 M M 6.2 12 190 M M 0 8 14 200
19 63 57 60 3 5 0 0.09 M M 5.8 12 200 M M 6 1 15 160
20 61 58 60 3 5 0 0.01 M M 14.7 23 160 M M 9 31 170
21 62 56 59 2 6 0 0.01 M M 11.0 18 160 M M 10 1 22 150
22 66 57 62 5 3 0 0.04 M M 12.2 18 150 M M 10 1 24 160
23 74 58 66 10 0 1 0.00 M M 9.9 18 110 M M 3 8 23 110
24 71 62 67 11 0 2 0.00 M M 5.8 9 290 M M 4 M M
25 65 60 63 7 2 0 0.00 M M 7.6 15 220 M M 7 18 18 220
26 66 57 62 6 3 0 0.00 M M 9.4 15 140 M M 9 19 140
27 M M M M M M M M M M M M M M M M M
28 M M M M M M M M M M M M M M M M M
29 M M M M M M M M M M M M M M M 1 M M
30 M M M M M M M M M M M M M M M M M
31 M M M M M M M M M M M M M M M 1 M M
================================================================================
SM 1589 1365 208 3 2.24 M 232.1 M 166
================================================================================
AV 61.1 52.5 8.9 FASTST M M 6 MAX(MPH)
MISC ----> # 23 150 31 170
================================================================================
NOTES:
# LAST OF SEVERAL OCCURRENCES
COLUMN 17 PEAK WIND IN M.P.H.
PRELIMINARY LOCAL CLIMATOLOGICAL DATA (WS FORM: F-6) , PAGE 2
STATION: KOTZEBUE AK
MONTH: JULY
YEAR: 2023
LATITUDE: 66 52 N
LONGITUDE: 162 38 W
[TEMPERATURE DATA] [PRECIPITATION DATA] SYMBOLS USED IN COLUMN 16
AVERAGE MONTHLY: 56.8 TOTAL FOR MONTH: 2.24 1 = FOG OR MIST
DPTR FM NORMAL: 0.2 DPTR FM NORMAL: 0.64 2 = FOG REDUCING VISIBILITY
HIGHEST: 74 ON 23 GRTST 24HR 0.54 ON 9-10 TO 1/4 MILE OR LESS
LOWEST: 45 ON 1 3 = THUNDER
SNOW, ICE PELLETS, HAIL 4 = ICE PELLETS
TOTAL MONTH: M 5 = HAIL
GRTST 24HR M ON M 6 = FREEZING RAIN OR DRIZZLE
GRTST DEPTH: M ON M 7 = DUSTSTORM OR SANDSTORM:
VSBY 1/2 MILE OR LESS
8 = SMOKE OR HAZE
[NO. OF DAYS WITH] [WEATHER - DAYS WITH] 9 = BLOWING SNOW
X = TORNADO
MAX 32 OR BELOW: 0 0.01 INCH OR MORE: 16
MAX 90 OR ABOVE: 0 0.10 INCH OR MORE: 9
MIN 32 OR BELOW: 0 0.50 INCH OR MORE: 0
MIN 0 OR BELOW: 0 1.00 INCH OR MORE: 0
[HDD (BASE 65) ]
TOTAL THIS MO. 208 CLEAR (SCALE 0-3) 6
DPTR FM NORMAL -58 PTCLDY (SCALE 4-7) 10
TOTAL FM JUL 1 208 CLOUDY (SCALE 8-10) 15
DPTR FM NORMAL -56
[CDD (BASE 65) ]
TOTAL THIS MO. 3
DPTR FM NORMAL -2 [PRESSURE DATA]
TOTAL FM JAN 1 3 HIGHEST SLP M ON M
DPTR FM NORMAL -4 LOWEST SLP 29.54 ON 9
[REMARKS]
#FINAL-07-23#