000
CXUS53 KARX 011354
CF6OVS
PRELIMINARY LOCAL CLIMATOLOGICAL DATA (WS FORM: F-6)
STATION: BOSCOBEL_(ASOS) WI
MONTH: NOVEMBER
YEAR: 2022
LATITUDE: 43 9 N
LONGITUDE: 90 41 W
TEMPERATURE IN F: :PCPN: SNOW: WIND :SUNSHINE: SKY :PK WND
================================================================================
1 2 3 4 5 6A 6B 7 8 9 10 11 12 13 14 15 16 17 18
12Z AVG MX 2MIN
DY MAX MIN AVG DEP HDD CDD WTR SNW DPTH SPD SPD DIR MIN PSBL S-S WX SPD DR
================================================================================
1 75 28 52 8 13 0 0.00 0.0 0 1.7 13 200 M M 1 128 20 230
2 77 33 55 12 10 0 0.00 0.0 0 2.8 15 200 M M 0 1 25 200
3 72 51 62 19 3 0 0.00 0.0 0 7.5 17 190 M M 4 29 200
4 70 44 57 15 8 0 1.56 0.0 0 5.8 25 290 M M 9 13 39 300
5 53 36 45 3 20 0 1.03 0.0 0 6.5 23 200 M M 8 1 33 200
6 60 42 51 9 14 0 0.00 0.0 0 8.2 18 300 M M 1 27 250
7 50 30 40 -1 25 0 0.00 0.0 0 4.6 12 230 M M 0 22 240
8 57 28 43 2 22 0 0.00 0.0 0 4.1 14 120 M M 1 23 110
9 75 51 63 23 2 0 T 0.0 0 7.1 13 200 M M 9 23 200
10 73 38 56 16 9 0 0.35 0.0 0 10.3 18 260 M M 8 13 31 170
11 38 26 32 -7 33 0 T 0.0 0 9.6 18 290 M M 9 27 290
12 35 30 33 -6 32 0 T T 0 8.7 16 340 M M 10 168 25 340
13 33 20 27 -11 38 0 0.00 0.0 0 2.5 10 330 M M 9 15 320
14 38 17 28 -10 37 0 0.00 0.0 0 2.4 12 190 M M 7 18 190
15 35 30 33 -5 32 0 0.15 M 0 1.7 6 30 M M 10 1 9 20
16 36 29 33 -4 32 0 0.02 M M 3.9 12 250 M M 10 18 17 250
17 34 25 30 -7 35 0 0.01 M M 8.9 20 270 M M 10 18 29 290
18 27 19 23 -13 42 0 T T M 11.0 22 270 M M 9 34 250
19 26 11 19 -17 46 0 T M M 11.2 23 300 M M 8 35 280
20 39 10 25 -10 40 0 T T M 6.9 16 230 M M 2 26 200
21 42 19 31 -4 34 0 0.00 0.0 M 4.8 12 270 M M 0 18 18 260
22 48 15 32 -2 33 0 0.00 0.0 0 1.9 10 230 M M 0 18 16 210
23 56 17 37 3 28 0 0.00 0.0 0 0.9 10 210 M M 0 1 14 220
24 53 23 38 4 27 0 0.00 0.0 0 3.5 15 280 M M 7 12 22 280
25 53 26 40 7 25 0 0.00 0.0 0 4.6 10 230 M M 0 18 14 220
26 55 25 40 7 25 0 0.00 0.0 0 5.6 20 210 M M 0 8 31 230
27 49 20 35 3 30 0 0.00 0.0 0 4.0 14 330 M M 2 18 24 360
28 47 15 31 -1 34 0 0.00 0.0 0 3.6 13 200 M M 0 18 22 220
29 50 24 37 5 28 0 0.06 0.0 0 7.5 23 300 M M 8 1 33 270
30 26 16 21 -10 44 0 T M M 12.4 23 280 M M 8 37 280
================================================================================
SM 1482 798 801 0 3.18 T 174.2 M 150
================================================================================
AV 49.4 26.6 5.8 FASTST M M 5 MAX(MPH)
MISC ----> 25 290 39 300
================================================================================
NOTES:
# LAST OF SEVERAL OCCURRENCES
COLUMN 17 PEAK WIND IN M.P.H.
PRELIMINARY LOCAL CLIMATOLOGICAL DATA (WS FORM: F-6) , PAGE 2
STATION: BOSCOBEL_(ASOS) WI
MONTH: NOVEMBER
YEAR: 2022
LATITUDE: 43 9 N
LONGITUDE: 90 41 W
[TEMPERATURE DATA] [PRECIPITATION DATA] SYMBOLS USED IN COLUMN 16
AVERAGE MONTHLY: 38.0 TOTAL FOR MONTH: 3.18 1 = FOG OR MIST
DPTR FM NORMAL: 0.7 DPTR FM NORMAL: 1.31 2 = FOG REDUCING VISIBILITY
HIGHEST: 77 ON 2 GRTST 24HR 2.35 ON 4- 5 TO 1/4 MILE OR LESS
LOWEST: 10 ON 20 3 = THUNDER
SNOW, ICE PELLETS, HAIL 4 = ICE PELLETS
TOTAL MONTH: T 5 = HAIL
GRTST 24HR T ON 12-12 6 = FREEZING RAIN OR DRIZZLE
GRTST DEPTH: 0 7 = DUSTSTORM OR SANDSTORM:
VSBY 1/2 MILE OR LESS
8 = SMOKE OR HAZE
[NO. OF DAYS WITH] [WEATHER - DAYS WITH] 9 = BLOWING SNOW
X = TORNADO
MAX 32 OR BELOW: 3 0.01 INCH OR MORE: 7
MAX 90 OR ABOVE: 0 0.10 INCH OR MORE: 4
MIN 32 OR BELOW: 23 0.50 INCH OR MORE: 2
MIN 0 OR BELOW: 0 1.00 INCH OR MORE: 2
[HDD (BASE 65) ]
TOTAL THIS MO. 801 CLEAR (SCALE 0-3) 13
DPTR FM NORMAL -29 PTCLDY (SCALE 4-7) 6
TOTAL FM JUL 1 1417 CLOUDY (SCALE 8-10) 11
DPTR FM NORMAL -21
[CDD (BASE 65) ]
TOTAL THIS MO. 0
DPTR FM NORMAL 0 [PRESSURE DATA]
TOTAL FM JAN 1 735 HIGHEST SLP 30.66 ON 8
DPTR FM NORMAL -3 LOWEST SLP 29.22 ON 5
[REMARKS]
#FINAL-11-22#