000
CXUS53 KARX 020845
CF6OVS
PRELIMINARY LOCAL CLIMATOLOGICAL DATA (WS FORM: F-6)
STATION: BOSCOBEL_(ASOS) WI
MONTH: MAY
YEAR: 2022
LATITUDE: 43 9 N
LONGITUDE: 90 41 W
TEMPERATURE IN F: :PCPN: SNOW: WIND :SUNSHINE: SKY :PK WND
================================================================================
1 2 3 4 5 6A 6B 7 8 9 10 11 12 13 14 15 16 17 18
12Z AVG MX 2MIN
DY MAX MIN AVG DEP HDD CDD WTR SNW DPTH SPD SPD DIR MIN PSBL S-S WX SPD DR
================================================================================
1 52 47 50 -4 15 0 0.02 0.0 0 10.5 17 270 M M 10 1 30 270
2 53 46 50 -4 15 0 0.01 0.0 0 4.2 12 260 M M 10 17 260
3 52 36 44 -11 21 0 0.27 0.0 0 5.0 15 20 M M 9 18 24 20
4 65 33 49 -6 16 0 0.00 0.0 0 2.7 10 80 M M 3 18 17 10
5 69 41 55 -1 10 0 0.00 0.0 0 3.3 10 30 M M 5 1 15 30
6 70 40 55 -1 10 0 0.00 0.0 0 3.6 15 70 M M 1 18 27 30
7 74 35 55 -1 10 0 0.00 0.0 0 3.9 14 100 M M 0 1 23 110
8 64 53 59 2 6 0 0.02 0.0 0 5.7 15 120 M M 5 8 27 120
9 89 61 75 18 0 10 0.09 0.0 0 8.5 24 350 M M 4 3 37 160
10 91 63 77 20 0 12 0.01 0.0 0 2.3 10 200 M M 3 128 16 200
11 97 66 82 24 0 17 T 0.0 0 3.2 16 110 M M 5 1238 25 120
12 97 69 83 25 0 18 0.00 0.0 0 6.5 18 200 M M 1 18 29 190
13 92 63 78 20 0 13 0.00 0.0 0 5.4 21 220 M M 0 18 33 220
14 89 53 71 12 0 6 0.00 0.0 0 3.4 24 290 M M 0 35 290
15 77 49 63 4 2 0 0.00 0.0 0 4.4 14 320 M M 1 22 290
16 80 46 63 3 2 0 0.00 0.0 0 7.1 21 290 M M 0 33 290
17 68 43 56 -4 9 0 0.01 0.0 0 2.6 10 350 M M 6 15 330
18 65 51 58 -2 7 0 0.12 0.0 0 3.4 13 100 M M 8 18 22 110
19 87 47 67 6 0 2 0.15 0.0 0 4.2 16 190 M M 4 123 33 200
20 74 50 62 1 3 0 T 0.0 0 4.6 15 330 M M 8 23 330
21 65 42 54 -7 11 0 0.00 0.0 0 4.7 13 310 M M 3 22 10
22 63 35 49 -13 16 0 0.00 0.0 0 5.2 17 300 M M 3 18 25 270
23 66 32 49 -13 16 0 0.00 0.0 0 2.8 12 90 M M 3 12 19 100
24 68 37 53 -9 12 0 0.06 0.0 0 4.4 14 120 M M 4 18 21 80
25 61 50 56 -7 9 0 1.19 0.0 0 4.8 14 60 M M 10 13 24 80
26 71 58 65 2 0 0 0.01 0.0 0 3.7 13 340 M M 10 1 19 330
27 75 51 63 0 2 0 0.00 0.0 0 4.9 15 10 M M 5 1 22 10
28 77 47 62 -2 3 0 T 0.0 0 5.7 20 180 M M 2 12 30 170
29 85 62 74 10 0 9 0.01 0.0 0 4.9 16 190 M M 1 3 32 200
30 90 71 81 17 0 16 T 0.0 0 8.9 21 190 M M 0 38 200
31 84 65 75 10 0 10 0.02 0.0 0 8.6 23 220 M M 3 38 220
================================================================================
SM 2310 1542 195 113 1.99 0.0 153.1 M 127
================================================================================
AV 74.5 49.7 4.9 FASTST M M 4 MAX(MPH)
MISC ----> # 24 350 # 38 200
================================================================================
NOTES:
# LAST OF SEVERAL OCCURRENCES
COLUMN 17 PEAK WIND IN M.P.H.
PRELIMINARY LOCAL CLIMATOLOGICAL DATA (WS FORM: F-6) , PAGE 2
STATION: BOSCOBEL_(ASOS) WI
MONTH: MAY
YEAR: 2022
LATITUDE: 43 9 N
LONGITUDE: 90 41 W
[TEMPERATURE DATA] [PRECIPITATION DATA] SYMBOLS USED IN COLUMN 16
AVERAGE MONTHLY: 62.1 TOTAL FOR MONTH: 1.99 1 = FOG OR MIST
DPTR FM NORMAL: 2.5 DPTR FM NORMAL: -2.36 2 = FOG REDUCING VISIBILITY
HIGHEST: 97 ON 12,11 GRTST 24HR 1.21 ON 24-25 TO 1/4 MILE OR LESS
LOWEST: 32 ON 23 3 = THUNDER
SNOW, ICE PELLETS, HAIL 4 = ICE PELLETS
TOTAL MONTH: 0.0 INCH 5 = HAIL
GRTST 24HR 0.0 6 = FREEZING RAIN OR DRIZZLE
GRTST DEPTH: 0 7 = DUSTSTORM OR SANDSTORM:
VSBY 1/2 MILE OR LESS
8 = SMOKE OR HAZE
[NO. OF DAYS WITH] [WEATHER - DAYS WITH] 9 = BLOWING SNOW
X = TORNADO
MAX 32 OR BELOW: 0 0.01 INCH OR MORE: 14
MAX 90 OR ABOVE: 5 0.10 INCH OR MORE: 4
MIN 32 OR BELOW: 1 0.50 INCH OR MORE: 1
MIN 0 OR BELOW: 0 1.00 INCH OR MORE: 1
[HDD (BASE 65) ]
TOTAL THIS MO. 195 CLEAR (SCALE 0-3) 15
DPTR FM NORMAL -17 PTCLDY (SCALE 4-7) 11
TOTAL FM JUL 1 6672 CLOUDY (SCALE 8-10) 5
DPTR FM NORMAL -174
[CDD (BASE 65) ]
TOTAL THIS MO. 113
DPTR FM NORMAL 70 [PRESSURE DATA]
TOTAL FM JAN 1 115 HIGHEST SLP 30.43 ON 23
DPTR FM NORMAL 66 LOWEST SLP 29.27 ON 19
[REMARKS]
#FINAL-05-22#