000
CXUS53 KARX 181946
CF6OVS
PRELIMINARY LOCAL CLIMATOLOGICAL DATA (WS FORM: F-6)
STATION: BOSCOBEL_(ASOS) WI
MONTH: JANUARY
YEAR: 2024
LATITUDE: 43 9 N
LONGITUDE: 90 41 W
TEMPERATURE IN F: :PCPN: SNOW: WIND :SUNSHINE: SKY :PK WND
================================================================================
1 2 3 4 5 6A 6B 7 8 9 10 11 12 13 14 15 16 17 18
12Z AVG MX 2MIN
DY MAX MIN AVG DEP HDD CDD WTR SNW DPTH SPD SPD DIR MIN PSBL S-S WX SPD DR
================================================================================
1 32 27 30 9 35 0 0.00 0.0 M 6.9 12 210 M M 10 M M
2 35 21 28 7 37 0 0.00 0.0 M 5.2 14 250 M M 7 21 260
3 38 32 35 14 30 0 0.00 0.0 0 5.2 10 310 M M 10 16 350
4 32 18 25 4 40 0 0.00 0.0 M 3.1 9 280 M M 9 18 12 270
5 39 17 28 8 37 0 0.00 0.0 0 1.6 12 200 M M 1 19 210
6 35 27 31 11 34 0 0.00 0.0 0 1.5 7 290 M M 9 18 9 260
7 35 28 32 12 33 0 0.00 0.0 0 3.9 12 230 M M 10 17 230
8 35 27 31 11 34 0 0.03 M 0 4.1 13 80 M M 9 1 19 70
9 34 31 33 13 32 0 0.32 M M 8.2 18 360 M M 10 1 28 20
10 34 26 30 10 35 0 0.08 M M 4.2 12 220 M M 10 1 17 330
11 29 14 22 3 43 0 0.05 M M 2.0 8 290 M M 8 18 12 290
12 32 25 29 10 36 0 0.27 M M 9.3 18 330 M M 10 12 31 340
13 27 -2 13 -6 52 0 T M M 11.3 20 270 M M 9 8 30 300
14 1 -10 -4 -23 69 0 T M M 9.1 15 270 M M 5 8 24 250
15 3 -13 -5 -24 70 0 0.00 0.0 M 7.3 14 220 M M 1 21 220
16 6 -9 -1 -20 66 0 0.00 0.0 M 9.0 17 240 M M 0 29 260
17 17 -3 7 -12 58 0 0.00 0.0 M 5.6 13 230 M M 3 19 220
18 15 -3 6 -13 59 0 T M M 2.9 12 350 M M 4 18 17 360
19 10 -9 1 -18 64 0 T M M 4.7 14 320 M M 3 8 21 340
20 14 -15 0 -19 65 0 0.00 0.0 M 3.5 9 230 M M 0 18 15 220
21 24 -14 5 -14 60 0 0.00 0.0 M 4.3 16 200 M M 4 18 23 190
22 35 24 30 11 35 0 0.00 0.0 M 6.5 15 220 M M 6 22 230
23 37 33 35 16 30 0 0.00 0.0 M 2.5 8 50 M M 10 18 14 50
24 39 34 37 18 28 0 0.00 0.0 M 1.3 6 30 M M 10 128 10 50
25 37 34 36 17 29 0 0.19 0.0 M 1.0 5 20 M M 10 12 8 40
26 41 34 38 19 27 0 0.27 0.0 M 0.0 5 260 M M 10 12 6 260
27 41 34 38 19 27 0 0.00 0.0 M 2.7 9 30 M M 10 1 14 10
28 35 32 34 15 31 0 0.00 0.0 M 5.4 13 340 M M 10 17 340
29 42 30 36 17 29 0 0.00 0.0 M 5.5 13 220 M M 7 1 19 220
30 41 36 39 20 26 0 0.00 0.0 M 5.2 12 330 M M 10 8 20 310
31 46 30 38 18 27 0 0.00 0.0 M 6.2 13 220 M M 5 1 19 210
================================================================================
SM 921 536 1278 0 1.21 0.0 149.2 M 220
================================================================================
AV 29.7 17.3 4.8 FASTST M M 7 MAX(MPH)
MISC ----> 20 270 31 340
================================================================================
NOTES:
# LAST OF SEVERAL OCCURRENCES
COLUMN 17 PEAK WIND IN M.P.H.
PRELIMINARY LOCAL CLIMATOLOGICAL DATA (WS FORM: F-6) , PAGE 2
STATION: BOSCOBEL_(ASOS) WI
MONTH: JANUARY
YEAR: 2024
LATITUDE: 43 9 N
LONGITUDE: 90 41 W
[TEMPERATURE DATA] [PRECIPITATION DATA] SYMBOLS USED IN COLUMN 16
AVERAGE MONTHLY: 23.5 TOTAL FOR MONTH: 1.21 1 = FOG OR MIST
DPTR FM NORMAL: 4.0 DPTR FM NORMAL: 0.23 2 = FOG REDUCING VISIBILITY
HIGHEST: 46 ON 31 GRTST 24HR 0.32 ON 9- 9 TO 1/4 MILE OR LESS
LOWEST: -15 ON 20 3 = THUNDER
SNOW, ICE PELLETS, HAIL 4 = ICE PELLETS
TOTAL MONTH: 0.0 INCH 5 = HAIL
GRTST 24HR 0.0 6 = FREEZING RAIN OR DRIZZLE
GRTST DEPTH: 0 7 = DUSTSTORM OR SANDSTORM:
VSBY 1/2 MILE OR LESS
8 = SMOKE OR HAZE
[NO. OF DAYS WITH] [WEATHER - DAYS WITH] 9 = BLOWING SNOW
X = TORNADO
MAX 32 OR BELOW: 13 0.01 INCH OR MORE: 7
MAX 90 OR ABOVE: 0 0.10 INCH OR MORE: 4
MIN 32 OR BELOW: 25 0.50 INCH OR MORE: 0
MIN 0 OR BELOW: 9 1.00 INCH OR MORE: 0
[HDD (BASE 65) ]
TOTAL THIS MO. 1278 CLEAR (SCALE 0-3) 5
DPTR FM NORMAL -134 PTCLDY (SCALE 4-7) 8
TOTAL FM JUL 1 3419 CLOUDY (SCALE 8-10) 18
DPTR FM NORMAL -649
[CDD (BASE 65) ]
TOTAL THIS MO. 0
DPTR FM NORMAL 0 [PRESSURE DATA]
TOTAL FM JAN 1 0 HIGHEST SLP 30.71 ON 20
DPTR FM NORMAL 0 LOWEST SLP 29.23 ON 9
[REMARKS]
#FINAL-01-24#