000
CXUS53 KARX 080948
CF6OVS
PRELIMINARY LOCAL CLIMATOLOGICAL DATA (WS FORM: F-6)
STATION: BOSCOBEL_(ASOS) WI
MONTH: NOVEMBER
YEAR: 2020
LATITUDE: 43 9 N
LONGITUDE: 90 41 W
TEMPERATURE IN F: :PCPN: SNOW: WIND :SUNSHINE: SKY :PK WND
================================================================================
1 2 3 4 5 6A 6B 7 8 9 10 11 12 13 14 15 16 17 18
12Z AVG MX 2MIN
DY MAX MIN AVG DEP HDD CDD WTR SNW DPTH SPD SPD DIR MIN PSBL S-S WX SPD DR
================================================================================
1 42 24 33 -11 32 0 0.00 0.0 0 10.4 28 290 M M 3 8 45 280
2 56 21 39 -4 26 0 0.00 0.0 0 6.0 18 240 M M 0 8 28 220
3 75 28 52 9 13 0 0.00 0.0 0 3.9 20 220 M M 0 18 27 230
4 73 36 55 13 10 0 0.00 0.0 0 3.0 13 220 M M 0 18 18 230
5 76 35 56 14 9 0 0.00 0.0 0 2.1 9 220 M M 0 128 13 210
6 75 33 54 13 11 0 0.00 0.0 0 5.4 16 230 M M 1 12 24 210
7 73 51 62 21 3 0 0.00 0.0 0 6.9 18 210 M M 0 31 210
8 77 47 62 22 3 0 0.00 0.0 0 5.7 16 180 M M 3 18 27 190
9 74 60 67 27 0 2 T 0.0 0 8.9 16 200 M M 8 30 190
10 60 34 47 8 18 0 1.29 T 0 9.4 29 240 M M 10 1 47 220
11 46 28 37 -2 28 0 0.00 0.0 0 5.7 16 240 M M 3 1 28 240
12 54 23 39 1 26 0 0.01 M 0 3.2 16 320 M M 7 128 28 310
13 39 24 32 -6 33 0 0.00 0.0 0 4.6 15 320 M M 2 8 23 330
14 52 26 39 2 26 0 0.16 0.0 0 3.8 12 170 M M 7 1 23 200
15 52 32 42 5 23 0 0.09 0.0 0 13.2 28 280 M M 9 1 43 230
16 49 25 37 1 28 0 0.00 0.0 0 7.8 23 320 M M 4 34 320
17 43 21 32 -4 33 0 0.00 0.0 0 2.6 13 310 M M 4 8 22 300
18 56 27 42 7 23 0 0.00 0.0 0 6.5 20 180 M M 1 32 190
19 67 45 56 22 9 0 0.00 0.0 0 5.8 18 210 M M 0 18 27 200
20 53 28 41 7 24 0 0.00 0.0 0 4.0 15 320 M M 0 18 21 320
21 44 22 33 -1 32 0 0.00 0.0 0 0.2 6 260 M M 0 18 9 220
22 46 19 33 0 32 0 0.00 0.0 0 2.5 18 290 M M 6 18 27 290
23 42 22 32 0 33 0 0.00 0.0 0 3.0 7 210 M M 1 1 M M
24 39 32 36 4 29 0 0.28 M M 2.4 12 120 M M 10 1 22 130
25 41 38 40 9 25 0 0.00 0.0 0 2.5 8 30 M M 10 12 15 50
26 43 37 40 9 25 0 0.00 0.0 0 5.0 15 220 M M 10 1 22 210
27 43 25 34 4 31 0 0.00 0.0 0 6.1 14 290 M M 4 23 290
28 M M M M M M 0.00 0.0 0 M M M M M M M M
29 M M M M M M M M 0 M M M M M M M M
30 M M M M M M 0.00 0.0 0 M M M M M M M M
================================================================================
SM 1490 843 585 2 1.83 T 140.6 M 103
================================================================================
AV 55.2 31.2 5.2 FASTST M M 4 MAX(MPH)
MISC ----> 29 240 47 220
================================================================================
NOTES:
# LAST OF SEVERAL OCCURRENCES
COLUMN 17 PEAK WIND IN M.P.H.
PRELIMINARY LOCAL CLIMATOLOGICAL DATA (WS FORM: F-6) , PAGE 2
STATION: BOSCOBEL_(ASOS) WI
MONTH: NOVEMBER
YEAR: 2020
LATITUDE: 43 9 N
LONGITUDE: 90 41 W
[TEMPERATURE DATA] [PRECIPITATION DATA] SYMBOLS USED IN COLUMN 16
AVERAGE MONTHLY: 43.2 TOTAL FOR MONTH: 1.83 1 = FOG OR MIST
DPTR FM NORMAL: 6.9 DPTR FM NORMAL: -0.48 2 = FOG REDUCING VISIBILITY
HIGHEST: 77 ON 8 GRTST 24HR 1.29 ON 10-10 TO 1/4 MILE OR LESS
LOWEST: 19 ON 22 3 = THUNDER
SNOW, ICE PELLETS, HAIL 4 = ICE PELLETS
TOTAL MONTH: T 5 = HAIL
GRTST 24HR T ON 10-10 6 = FREEZING RAIN OR DRIZZLE
GRTST DEPTH: 0 7 = DUSTSTORM OR SANDSTORM:
VSBY 1/2 MILE OR LESS
8 = SMOKE OR HAZE
[NO. OF DAYS WITH] [WEATHER - DAYS WITH] 9 = BLOWING SNOW
X = TORNADO
MAX 32 OR BELOW: 0 0.01 INCH OR MORE: 5
MAX 90 OR ABOVE: 0 0.10 INCH OR MORE: 3
MIN 32 OR BELOW: 17 0.50 INCH OR MORE: 1
MIN 0 OR BELOW: 0 1.00 INCH OR MORE: 1
[HDD (BASE 65) ]
TOTAL THIS MO. 585 CLEAR (SCALE 0-3) 14
DPTR FM NORMAL -275 PTCLDY (SCALE 4-7) 8
TOTAL FM JUL 1 1316 CLOUDY (SCALE 8-10) 8
DPTR FM NORMAL -202
[CDD (BASE 65) ]
TOTAL THIS MO. 2
DPTR FM NORMAL 2 [PRESSURE DATA]
TOTAL FM JAN 1 850 HIGHEST SLP M ON M
DPTR FM NORMAL 214 LOWEST SLP 29.29 ON 15
[REMARKS]
#FINAL-11-20#