000
CXUS53 KARX 011601
CF6OVS
PRELIMINARY LOCAL CLIMATOLOGICAL DATA (WS FORM: F-6)
STATION: BOSCOBEL_(ASOS) WI
MONTH: FEBRUARY
YEAR: 2020
LATITUDE: 43 9 N
LONGITUDE: 90 41 W
TEMPERATURE IN F: :PCPN: SNOW: WIND :SUNSHINE: SKY :PK WND
================================================================================
1 2 3 4 5 6A 6B 7 8 9 10 11 12 13 14 15 16 17 18
12Z AVG MX 2MIN
DY MAX MIN AVG DEP HDD CDD WTR SNW DPTH SPD SPD DIR MIN PSBL S-S WX SPD DR
================================================================================
1 40 34 37 17 28 0 0.00 0.0 M 7.8 15 270 M M 8 18 22 260
2 51 28 40 20 25 0 0.00 0.0 M 8.1 20 270 M M 0 1 30 280
3 44 21 33 13 32 0 0.00 0.0 M 5.2 14 30 M M 5 128 22 360
4 34 19 27 6 38 0 0.00 0.0 M 8.8 18 10 M M 4 29 10
5 31 17 24 3 41 0 0.00 0.0 M 2.2 7 100 M M 5 9 110
6 36 12 24 3 41 0 0.00 0.0 M 0.3 5 80 M M 3 8 9 40
7 35 13 24 2 41 0 0.00 0.0 M 3.0 10 250 M M 7 18 15 200
8 31 12 22 0 43 0 T T M 4.4 13 220 M M 5 18 19 230
9 33 12 23 1 42 0 0.42 M M 3.6 13 350 M M 9 128 22 350
10 31 1 16 -6 49 0 T M M 2.0 9 220 M M 1 18 14 200
11 31 6 19 -4 46 0 T M M 6.2 16 290 M M 2 18 24 260
12 39 4 22 -1 43 0 0.02 M M 6.7 22 360 M M 4 18 32 10
13 24 -8 8 -16 57 0 T T M 10.0 18 340 M M 2 29 10
14 13 -18 -2 -26 67 0 0.00 0.0 M 4.6 14 200 M M 0 22 200
15 37 13 25 1 40 0 0.00 0.0 M 9.1 18 220 M M 3 27 240
16 34 16 25 0 40 0 0.00 0.0 M 2.3 9 220 M M 7 18 12 220
17 36 24 30 5 35 0 0.33 M M 3.0 6 50 M M 9 128 12 40
18 35 10 23 -2 42 0 0.00 0.0 M 8.1 17 290 M M 3 25 300
19 22 -1 11 -15 54 0 0.00 0.0 M 3.2 12 330 M M 2 18 17 310
20 19 -10 5 -21 60 0 M M M 3.5 12 320 M M 0 8 15 270
21 37 -3 17 -9 48 0 0.00 0.0 M 7.2 23 220 M M 0 1 35 220
22 44 22 33 6 32 0 0.00 0.0 M 5.0 13 190 M M 0 18 17 220
23 52 27 40 13 25 0 0.00 0.0 M 6.5 12 230 M M 0 18 17 210
24 42 21 32 4 33 0 0.00 0.0 M 2.5 9 80 M M 0 18 15 70
25 38 31 35 7 30 0 0.00 0.0 M 7.6 17 10 M M 4 29 10
26 33 25 29 1 36 0 0.00 0.0 M 8.7 18 360 M M 7 26 10
27 30 17 24 -5 41 0 0.00 0.0 M 5.9 15 310 M M 4 23 300
28 30 13 22 -7 43 0 T T M 5.0 17 340 M M 4 8 24 320
29 37 6 22 -7 43 0 0.00 0.0 M 4.0 13 220 M M 0 8 17 220
================================================================================
SM 999 364 1195 0 0.77 T 154.5 M 98
================================================================================
AV 34.5 12.6 5.3 FASTST M M 3 MAX(MPH)
MISC ----> # 23 220 # 35 220
================================================================================
NOTES:
# LAST OF SEVERAL OCCURRENCES
COLUMN 17 PEAK WIND IN M.P.H.
PRELIMINARY LOCAL CLIMATOLOGICAL DATA (WS FORM: F-6) , PAGE 2
STATION: BOSCOBEL_(ASOS) WI
MONTH: FEBRUARY
YEAR: 2020
LATITUDE: 43 9 N
LONGITUDE: 90 41 W
[TEMPERATURE DATA] [PRECIPITATION DATA] SYMBOLS USED IN COLUMN 16
AVERAGE MONTHLY: 23.5 TOTAL FOR MONTH: 0.77 1 = FOG OR MIST
DPTR FM NORMAL: -0.8 DPTR FM NORMAL: -0.15 2 = FOG REDUCING VISIBILITY
HIGHEST: 52 ON 23 GRTST 24HR 0.42 ON 9- 9 TO 1/4 MILE OR LESS
LOWEST: -18 ON 14 3 = THUNDER
SNOW, ICE PELLETS, HAIL 4 = ICE PELLETS
TOTAL MONTH: T 5 = HAIL
GRTST 24HR T ON 28-28 6 = FREEZING RAIN OR DRIZZLE
GRTST DEPTH: M ON M 7 = DUSTSTORM OR SANDSTORM:
VSBY 1/2 MILE OR LESS
8 = SMOKE OR HAZE
[NO. OF DAYS WITH] [WEATHER - DAYS WITH] 9 = BLOWING SNOW
X = TORNADO
MAX 32 OR BELOW: 10 0.01 INCH OR MORE: 3
MAX 90 OR ABOVE: 0 0.10 INCH OR MORE: 2
MIN 32 OR BELOW: 28 0.50 INCH OR MORE: 0
MIN 0 OR BELOW: 5 1.00 INCH OR MORE: 0
[HDD (BASE 65) ]
TOTAL THIS MO. 1195 CLEAR (SCALE 0-3) 15
DPTR FM NORMAL 54 PTCLDY (SCALE 4-7) 12
TOTAL FM JUL 1 5025 CLOUDY (SCALE 8-10) 2
DPTR FM NORMAL -385
[CDD (BASE 65) ]
TOTAL THIS MO. 0
DPTR FM NORMAL 0 [PRESSURE DATA]
TOTAL FM JAN 1 0 HIGHEST SLP 30.86 ON 20
DPTR FM NORMAL 0 LOWEST SLP 29.45 ON 2
[REMARKS]
#FINAL-02-20#