000
CXUS53 KDDC 011615
CF6P28
PRELIMINARY LOCAL CLIMATOLOGICAL DATA (WS FORM: F-6)
STATION: MEDICINE LODGE KS
MONTH: SEPTEMBER
YEAR: 2021
LATITUDE: 37 17 N
LONGITUDE: 98 35 W
TEMPERATURE IN F: :PCPN: SNOW: WIND :SUNSHINE: SKY :PK WND
================================================================================
1 2 3 4 5 6A 6B 7 8 9 10 11 12 13 14 15 16 17 18
12Z AVG MX 2MIN
DY MAX MIN AVG DEP HDD CDD WTR SNW DPTH SPD SPD DIR MIN PSBL S-S WX SPD DR
================================================================================
1 100 70 85 8 0 20 0.00 0.0 0 7.2 15 160 M M 0 23 170
2 99 73 86 9 0 21 0.20 0.0 0 9.2 25 220 M M 0 34 220
3 90 71 81 5 0 16 0.09 0.0 0 7.1 29 200 M M 0 37 210
4 84 65 75 -1 0 10 0.49 0.0 0 7.4 21 10 M M 0 27 40
5 84 60 72 -4 0 7 0.00 0.0 0 3.5 9 190 M M 0 14 160
6 93 59 76 1 0 11 0.00 0.0 0 6.1 17 190 M M 0 25 170
7 100 68 84 9 0 19 0.00 0.0 0 9.8 24 20 M M 0 33 10
8 87 59 73 -2 0 8 0.00 0.0 0 4.7 14 20 M M M 19 30
9 94 55 75 1 0 10 0.00 0.0 0 6.8 16 190 M M 0 22 190
10 96 67 82 8 0 17 0.00 0.0 0 7.5 14 180 M M 0 19 190
11 102 65 84 10 0 19 0.00 0.0 0 11.0 24 190 M M 0 33 200
12 99 62 81 8 0 16 0.00 0.0 0 9.7 21 180 M M 0 29 180
13 97 62 80 7 0 15 0.00 0.0 0 11.5 23 190 M M 0 34 200
14 94 67 81 8 0 16 0.13 0.0 0 8.7 23 210 M M 0 33 200
15 87 66 77 5 0 12 0.08 0.0 0 7.0 26 190 M M 0 37 190
16 93 65 79 7 0 14 0.00 0.0 0 9.5 21 190 M M 0 28 190
17 93 68 81 10 0 16 0.00 0.0 0 7.4 15 90 M M 0 22 80
18 91 62 77 6 0 12 0.00 0.0 0 5.5 12 130 M M 0 20 110
19 95 62 79 8 0 14 0.00 0.0 0 9.0 18 170 M M 0 31 170
20 90 64 77 7 0 12 0.00 0.0 0 15.4 30 20 M M 0 42 20
21 78 51 65 -5 0 0 0.00 0.0 0 9.5 22 20 M M 0 30 20
22 80 41 61 -8 4 0 0.00 0.0 0 4.7 10 200 M M 0 17 270
23 88 48 68 -1 0 3 0.00 0.0 0 8.9 21 180 M M 0 29 170
24 89 55 72 4 0 7 0.00 0.0 0 7.7 24 20 M M 0 34 30
25 84 46 65 -3 0 0 0.00 0.0 0 5.8 15 180 M M 0 23 160
26 97 54 76 8 0 11 0.00 0.0 0 12.1 26 190 M M 0 40 200
27 97 63 80 13 0 15 0.00 0.0 0 8.8 20 180 M M 0 27 170
28 92 66 79 12 0 14 0.00 0.0 0 8.2 16 170 M M 0 27 180
29 88 67 78 12 0 13 0.00 0.0 0 9.0 20 140 M M 0 31 140
30 74 59 67 1 0 2 1.09 0.0 0 9.0 29 40 M M 0 44 50
================================================================================
SM 2735 1840 4 350 2.08 0.0 247.7 M 0
================================================================================
AV 91.2 61.3 8.3 FASTST M M 0 MAX(MPH)
MISC ----> 30 20 44 50
================================================================================
NOTES:
# LAST OF SEVERAL OCCURRENCES
COLUMN 17 PEAK WIND IN M.P.H.
PRELIMINARY LOCAL CLIMATOLOGICAL DATA (WS FORM: F-6) , PAGE 2
STATION: MEDICINE LODGE KS
MONTH: SEPTEMBER
YEAR: 2021
LATITUDE: 37 17 N
LONGITUDE: 98 35 W
[TEMPERATURE DATA] [PRECIPITATION DATA] SYMBOLS USED IN COLUMN 16
AVERAGE MONTHLY: 76.3 TOTAL FOR MONTH: 2.08 1 = FOG OR MIST
DPTR FM NORMAL: 4.6 DPTR FM NORMAL: -0.53 2 = FOG REDUCING VISIBILITY
HIGHEST: 102 ON 11 GRTST 24HR 1.09 ON 30-30 TO 1/4 MILE OR LESS
LOWEST: 41 ON 22 3 = THUNDER
SNOW, ICE PELLETS, HAIL 4 = ICE PELLETS
TOTAL MONTH: 0.0 INCH 5 = HAIL
GRTST 24HR 0.0 6 = FREEZING RAIN OR DRIZZLE
GRTST DEPTH: 0 7 = DUSTSTORM OR SANDSTORM:
VSBY 1/2 MILE OR LESS
8 = SMOKE OR HAZE
[NO. OF DAYS WITH] [WEATHER - DAYS WITH] 9 = BLOWING SNOW
X = TORNADO
MAX 32 OR BELOW: 0 0.01 INCH OR MORE: 6
MAX 90 OR ABOVE: 19 0.10 INCH OR MORE: 4
MIN 32 OR BELOW: 0 0.50 INCH OR MORE: 1
MIN 0 OR BELOW: 0 1.00 INCH OR MORE: 1
[HDD (BASE 65) ]
TOTAL THIS MO. 4
DPTR FM NORMAL -27
TOTAL FM JUL 1 4
DPTR FM NORMAL -24
[CDD (BASE 65) ]
TOTAL THIS MO. 350
DPTR FM NORMAL 116 [PRESSURE DATA]
TOTAL FM JAN 1 1885 HIGHEST SLP M ON M
DPTR FM NORMAL 107 LOWEST SLP 29.65 ON 20
[REMARKS]
#FINAL-09-21#