000
CXUS53 KDDC 011453
CF6P28
PRELIMINARY LOCAL CLIMATOLOGICAL DATA (WS FORM: F-6)
STATION: MEDICINE LODGE KS
MONTH: AUGUST
YEAR: 2021
LATITUDE: 37 17 N
LONGITUDE: 98 35 W
TEMPERATURE IN F: :PCPN: SNOW: WIND :SUNSHINE: SKY :PK WND
================================================================================
1 2 3 4 5 6A 6B 7 8 9 10 11 12 13 14 15 16 17 18
12Z AVG MX 2MIN
DY MAX MIN AVG DEP HDD CDD WTR SNW DPTH SPD SPD DIR MIN PSBL S-S WX SPD DR
================================================================================
1 88 63 76 -6 0 11 0.16 0.0 0 9.3 20 40 M M 0 27 60
2 88 55 72 -10 0 7 0.00 0.0 0 6.0 20 20 M M 0 27 20
3 86 57 72 -10 0 7 0.00 0.0 0 4.8 12 160 M M 0 18 120
4 89 64 77 -5 0 12 0.00 0.0 0 5.4 14 180 M M 0 21 210
5 94 67 81 -1 0 16 0.00 0.0 0 6.4 17 180 M M 0 27 150
6 96 65 81 -1 0 16 0.00 0.0 0 8.7 18 180 M M 0 29 170
7 101 73 87 6 0 22 0.00 0.0 0 15.8 30 200 M M 0 43 220
8 97 68 83 2 0 18 0.00 0.0 0 8.8 18 200 M M 0 30 240
9 101 73 87 6 0 22 0.00 0.0 0 8.2 17 190 M M 0 29 170
10 104 77 91 10 0 26 0.00 0.0 0 13.3 25 190 M M 0 37 190
11 104 75 90 9 0 25 0.00 0.0 0 12.4 26 190 M M 0 39 190
12 104 73 89 8 0 24 0.00 0.0 0 10.0 22 180 M M 0 32 170
13 93 71 82 1 0 17 0.00 0.0 0 7.2 22 10 M M 0 30 350
14 92 64 78 -3 0 13 0.00 0.0 0 6.0 15 80 M M 0 20 90
15 92 68 80 0 0 15 0.00 0.0 0 6.5 15 130 M M 0 22 120
16 87 68 78 -2 0 13 0.12 0.0 0 5.8 25 180 M M 0 36 180
17 92 67 80 0 0 15 0.00 0.0 0 9.1 24 180 M M 0 36 190
18 88 67 78 -2 0 13 0.00 0.0 0 9.3 18 160 M M 0 27 180
19 89 73 81 1 0 16 0.00 0.0 0 9.2 17 170 M M 0 26 160
20 103 71 87 7 0 22 0.84 0.0 0 13.8 26 180 M M 0 38 180
21 88 67 78 -1 0 13 0.03 0.0 0 7.5 20 40 M M 0 27 40
22 98 69 84 5 0 19 0.00 0.0 0 9.9 23 190 M M 0 34 190
23 100 73 87 8 0 22 0.00 0.0 0 12.1 25 190 M M 0 38 180
24 104 73 89 10 0 24 0.00 0.0 0 12.2 25 190 M M 0 39 190
25 105 76 91 12 0 26 0.00 0.0 0 10.0 20 180 M M 0 30 190
26 101 73 87 9 0 22 0.00 0.0 0 9.5 20 180 M M 0 30 170
27 98 73 86 8 0 21 0.00 0.0 0 10.7 21 180 M M 0 29 190
28 95 72 84 6 0 19 0.00 0.0 0 10.2 22 190 M M 0 31 180
29 88 67 78 0 0 13 0.13 0.0 0 10.2 37 20 M M 0 53 30
30 94 65 80 3 0 15 0.00 0.0 0 3.7 12 130 M M 0 18 110
31 98 67 83 6 0 18 0.00 0.0 0 5.7 14 180 M M 0 20 180
================================================================================
SM 2957 2134 0 542 1.28 0.0 277.7 M 0
================================================================================
AV 95.4 68.8 9.0 FASTST M M 0 MAX(MPH)
MISC ----> 37 20 53 30
================================================================================
NOTES:
# LAST OF SEVERAL OCCURRENCES
COLUMN 17 PEAK WIND IN M.P.H.
PRELIMINARY LOCAL CLIMATOLOGICAL DATA (WS FORM: F-6) , PAGE 2
STATION: MEDICINE LODGE KS
MONTH: AUGUST
YEAR: 2021
LATITUDE: 37 17 N
LONGITUDE: 98 35 W
[TEMPERATURE DATA] [PRECIPITATION DATA] SYMBOLS USED IN COLUMN 16
AVERAGE MONTHLY: 82.1 TOTAL FOR MONTH: 1.28 1 = FOG OR MIST
DPTR FM NORMAL: 2.1 DPTR FM NORMAL: -2.23 2 = FOG REDUCING VISIBILITY
HIGHEST: 105 ON 25 GRTST 24HR 0.87 ON 20-21 TO 1/4 MILE OR LESS
LOWEST: 55 ON 2 3 = THUNDER
SNOW, ICE PELLETS, HAIL 4 = ICE PELLETS
TOTAL MONTH: 0.0 INCH 5 = HAIL
GRTST 24HR 0.0 6 = FREEZING RAIN OR DRIZZLE
GRTST DEPTH: 0 7 = DUSTSTORM OR SANDSTORM:
VSBY 1/2 MILE OR LESS
8 = SMOKE OR HAZE
[NO. OF DAYS WITH] [WEATHER - DAYS WITH] 9 = BLOWING SNOW
X = TORNADO
MAX 32 OR BELOW: 0 0.01 INCH OR MORE: 5
MAX 90 OR ABOVE: 22 0.10 INCH OR MORE: 4
MIN 32 OR BELOW: 0 0.50 INCH OR MORE: 1
MIN 0 OR BELOW: 0 1.00 INCH OR MORE: 0
[HDD (BASE 65) ]
TOTAL THIS MO. 0
DPTR FM NORMAL 0
TOTAL FM JUL 1 0
DPTR FM NORMAL 0
[CDD (BASE 65) ]
TOTAL THIS MO. 542
DPTR FM NORMAL 77 [PRESSURE DATA]
TOTAL FM JAN 1 1535 HIGHEST SLP 30.22 ON 14
DPTR FM NORMAL -9 LOWEST SLP 29.61 ON 20
[REMARKS]
#FINAL-08-21#