000
CXUS53 KDDC 031720
CF6P28
PRELIMINARY LOCAL CLIMATOLOGICAL DATA (WS FORM: F-6)
STATION: MEDICINE LODGE KS
MONTH: APRIL
YEAR: 2021
LATITUDE: 37 17 N
LONGITUDE: 98 35 W
TEMPERATURE IN F: :PCPN: SNOW: WIND :SUNSHINE: SKY :PK WND
================================================================================
1 2 3 4 5 6A 6B 7 8 9 10 11 12 13 14 15 16 17 18
12Z AVG MX 2MIN
DY MAX MIN AVG DEP HDD CDD WTR SNW DPTH SPD SPD DIR MIN PSBL S-S WX SPD DR
================================================================================
1 63 26 45 -7 20 0 0.00 0.0 0 7.5 20 180 M M 0 29 150
2 69 37 53 1 12 0 0.00 0.0 0 14.7 31 180 M M 0 41 190
3 78 44 61 9 4 0 0.00 0.0 0 9.5 20 180 M M 0 27 190
4 79 45 62 10 3 0 0.00 0.0 0 10.7 23 180 M M 0 32 170
5 81 53 67 14 0 2 0.00 0.0 0 15.7 31 190 M M 0 46 190
6 80 51 66 13 0 1 0.40 0.0 0 16.9 35 180 M M 0 50 200
7 51 44 48 -5 17 0 0.00 0.0 0 16.8 29 330 M M 0 41 330
8 80 43 62 8 3 0 0.00 0.0 0 11.3 22 290 M M 0 32 270
9 73 42 58 4 7 0 0.00 0.0 0 14.4 40 360 M M 0 59 350
10 69 38 54 0 11 0 0.00 0.0 0 10.6 22 340 M M 0 30 340
11 85 34 60 6 5 0 0.00 0.0 0 11.5 29 10 M M 0 39 10
12 59 38 49 -6 16 0 0.00 0.0 0 13.6 26 10 M M 0 39 10
13 62 32 47 -8 18 0 0.00 0.0 0 10.1 23 50 M M 0 32 50
14 62 34 48 -8 17 0 0.00 0.0 0 9.0 18 40 M M 0 29 20
15 53 43 48 -8 17 0 0.04 0.0 0 6.3 17 60 M M 0 26 70
16 47 36 42 -14 23 0 0.19 0.0 0 10.3 21 360 M M 0 30 360
17 54 36 45 -11 20 0 0.00 0.0 0 9.6 20 10 M M 0 27 360
18 65 33 49 -8 16 0 0.00 0.0 0 6.3 17 340 M M 0 29 360
19 72 32 52 -5 13 0 0.00 0.0 0 12.3 30 20 M M 0 42 20
20 51 31 41 -17 24 0 0.00 0.0 0 13.8 28 10 M M 0 39 10
21 55 26 41 -17 24 0 0.00 0.0 0 7.4 16 360 M M 0 22 360
22 53 36 45 -13 20 0 0.00 0.0 0 10.5 24 180 M M 0 38 170
23 59 45 52 -7 13 0 0.01 0.0 0 8.5 18 40 M M 0 26 40
24 71 45 58 -1 7 0 0.00 0.0 0 10.3 22 10 M M 0 30 360
25 81 49 65 6 0 0 0.00 0.0 0 15.2 29 180 M M 0 41 180
26 85 59 72 12 0 7 0.00 0.0 0 14.7 28 180 M M 0 42 190
27 79 59 69 9 0 4 0.00 0.0 0 10.0 20 200 M M 0 28 190
28 72 56 64 4 1 0 0.00 0.0 0 10.4 24 360 M M 0 34 350
29 81 51 66 5 0 1 0.00 0.0 0 9.8 23 10 M M 0 33 350
30 81 42 62 1 3 0 0.00 0.0 0 5.3 14 170 M M 0 20 160
================================================================================
SM 2050 1240 314 15 0.64 0.0 333.0 M 0
================================================================================
AV 68.3 41.3 11.1 FASTST M M 0 MAX(MPH)
MISC ----> 40 360 59 350
================================================================================
NOTES:
# LAST OF SEVERAL OCCURRENCES
COLUMN 17 PEAK WIND IN M.P.H.
PRELIMINARY LOCAL CLIMATOLOGICAL DATA (WS FORM: F-6) , PAGE 2
STATION: MEDICINE LODGE KS
MONTH: APRIL
YEAR: 2021
LATITUDE: 37 17 N
LONGITUDE: 98 35 W
[TEMPERATURE DATA] [PRECIPITATION DATA] SYMBOLS USED IN COLUMN 16
AVERAGE MONTHLY: 54.8 TOTAL FOR MONTH: 0.64 1 = FOG OR MIST
DPTR FM NORMAL: -1.3 DPTR FM NORMAL: -1.79 2 = FOG REDUCING VISIBILITY
HIGHEST: 85 ON 26,11 GRTST 24HR 0.40 ON 6- 6 TO 1/4 MILE OR LESS
LOWEST: 26 ON 21, 1 3 = THUNDER
SNOW, ICE PELLETS, HAIL 4 = ICE PELLETS
TOTAL MONTH: 0.0 INCH 5 = HAIL
GRTST 24HR 0.0 6 = FREEZING RAIN OR DRIZZLE
GRTST DEPTH: 0 7 = DUSTSTORM OR SANDSTORM:
VSBY 1/2 MILE OR LESS
8 = SMOKE OR HAZE
[NO. OF DAYS WITH] [WEATHER - DAYS WITH] 9 = BLOWING SNOW
X = TORNADO
MAX 32 OR BELOW: 0 0.01 INCH OR MORE: 4
MAX 90 OR ABOVE: 0 0.10 INCH OR MORE: 2
MIN 32 OR BELOW: 5 0.50 INCH OR MORE: 0
MIN 0 OR BELOW: 0 1.00 INCH OR MORE: 0
[HDD (BASE 65) ]
TOTAL THIS MO. 314
DPTR FM NORMAL 26
TOTAL FM JUL 1 4330
DPTR FM NORMAL -55
[CDD (BASE 65) ]
TOTAL THIS MO. 15
DPTR FM NORMAL -7 [PRESSURE DATA]
TOTAL FM JAN 1 15 HIGHEST SLP 30.57 ON 1
DPTR FM NORMAL -9 LOWEST SLP 29.41 ON 6
[REMARKS]
#FINAL-04-21#