000
CXUS53 KDDC 011746
CF6P28
PRELIMINARY LOCAL CLIMATOLOGICAL DATA (WS FORM: F-6)
STATION: MEDICINE LODGE KS
MONTH: FEBRUARY
YEAR: 2021
LATITUDE: 37 17 N
LONGITUDE: 98 35 W
TEMPERATURE IN F: :PCPN: SNOW: WIND :SUNSHINE: SKY :PK WND
================================================================================
1 2 3 4 5 6A 6B 7 8 9 10 11 12 13 14 15 16 17 18
12Z AVG MX 2MIN
DY MAX MIN AVG DEP HDD CDD WTR SNW DPTH SPD SPD DIR MIN PSBL S-S WX SPD DR
================================================================================
1 52 22 37 2 28 0 0.00 0.0 0 6.2 12 130 M M 0 17 150
2 60 34 47 12 18 0 0.00 0.0 0 9.6 17 180 M M 0 24 170
3 56 32 44 9 21 0 0.00 0.0 0 9.3 18 170 M M 0 29 130
4 49 24 37 1 28 0 0.00 0.0 0 15.6 37 360 M M 0 55 350
5 56 22 39 3 26 0 0.00 0.0 0 5.3 9 280 M M 0 22 300
6 40 15 28 -8 37 0 0.16 0.3 T 11.5 26 10 M M 0 35 10
7 22 13 18 -18 47 0 0.00 0.0 0 8.5 20 40 M M 0 27 50
8 18 10 14 -22 51 0 0.00 0.0 0 13.8 22 20 M M 0 30 20
9 15 10 13 -24 52 0 0.00 0.0 0 10.8 20 20 M M 0 25 10
10 19 11 15 -22 50 0 0.00 0.0 0 12.5 18 20 M M 0 25 20
11 18 11 15 -22 50 0 0.00 0.0 0 12.5 20 360 M M 0 27 350
12 12 4 8 -29 57 0 0.01 T 0 13.3 20 20 M M 0 25 20
13 16 2 9 -29 56 0 0.00 0.0 0 12.4 21 30 M M 0 30 30
14 6 -6 0 -38 65 0 0.03 1.3 1 17.0 25 20 M M 0 34 30
15 7 -9 -1 -39 66 0 0.01 0.2 1 11.0 21 10 M M 0 27 20
16 8 -10 -1 -39 66 0 0.01 0.2 1 6.4 14 140 M M 0 20 170
17 21 8 15 -24 50 0 0.00 0.0 T 3.6 9 130 M M 0 13 140
18 31 6 19 -20 46 0 0.00 0.0 0 5.1 16 360 M M 0 22 10
19 38 7 23 -16 42 0 0.00 0.0 0 7.3 20 170 M M 0 25 170
20 46 17 32 -8 33 0 0.00 0.0 0 8.3 17 150 M M 0 30 160
21 54 25 40 0 25 0 0.00 0.0 0 12.0 29 340 M M 0 40 330
22 67 21 44 4 21 0 0.00 0.0 0 5.5 17 240 M M 0 23 230
23 70 27 49 9 16 0 0.00 0.0 0 7.7 23 360 M M 0 34 350
24 54 32 43 2 22 0 0.00 0.0 0 14.8 31 10 M M 0 44 10
25 46 25 36 -5 29 0 0.00 0.0 0 4.3 13 40 M M 0 18 30
26 60 19 40 -1 25 0 0.00 0.0 0 5.8 17 210 M M 0 29 210
27 57 23 40 -2 25 0 0.02 0.0 0 9.6 25 170 M M 0 36 170
28 54 27 41 -1 24 0 0.00 0.0 0 14.2 25 340 M M 0 39 360
================================================================================
SM 1052 422 1076 0 0.24 2.0 273.9 M 0
================================================================================
AV 37.6 15.1 9.8 FASTST M M 0 MAX(MPH)
MISC ----> 37 360 55 350
================================================================================
NOTES:
# LAST OF SEVERAL OCCURRENCES
COLUMN 17 PEAK WIND IN M.P.H.
PRELIMINARY LOCAL CLIMATOLOGICAL DATA (WS FORM: F-6) , PAGE 2
STATION: MEDICINE LODGE KS
MONTH: FEBRUARY
YEAR: 2021
LATITUDE: 37 17 N
LONGITUDE: 98 35 W
[TEMPERATURE DATA] [PRECIPITATION DATA] SYMBOLS USED IN COLUMN 16
AVERAGE MONTHLY: 26.4 TOTAL FOR MONTH: 0.24 1 = FOG OR MIST
DPTR FM NORMAL: -11.8 DPTR FM NORMAL: -0.80 2 = FOG REDUCING VISIBILITY
HIGHEST: 70 ON 23 GRTST 24HR 0.16 ON 6- 6 TO 1/4 MILE OR LESS
LOWEST: -10 ON 16 3 = THUNDER
SNOW, ICE PELLETS, HAIL 4 = ICE PELLETS
TOTAL MONTH: 2.0 INCHES 5 = HAIL
GRTST 24HR 1.3 ON 14-14 6 = FREEZING RAIN OR DRIZZLE
GRTST DEPTH: 1 ON 16,15 7 = DUSTSTORM OR SANDSTORM:
VSBY 1/2 MILE OR LESS
8 = SMOKE OR HAZE
[NO. OF DAYS WITH] [WEATHER - DAYS WITH] 9 = BLOWING SNOW
X = TORNADO
MAX 32 OR BELOW: 12 0.01 INCH OR MORE: 6
MAX 90 OR ABOVE: 0 0.10 INCH OR MORE: 1
MIN 32 OR BELOW: 27 0.50 INCH OR MORE: 0
MIN 0 OR BELOW: 3 1.00 INCH OR MORE: 0
[HDD (BASE 65) ]
TOTAL THIS MO. 1076
DPTR FM NORMAL 324
TOTAL FM JUL 1 3634
DPTR FM NORMAL 105
[CDD (BASE 65) ]
TOTAL THIS MO. 0
DPTR FM NORMAL 0 [PRESSURE DATA]
TOTAL FM JAN 1 0 HIGHEST SLP 30.62 ON 14
DPTR FM NORMAL 0 LOWEST SLP 29.43 ON 4
[REMARKS]
#FINAL-02-21#