241
CXUS53 KDDC 011446
CF6P28
PRELIMINARY LOCAL CLIMATOLOGICAL DATA (WS FORM: F-6)
STATION: MEDICINE LODGE KS
MONTH: JUNE
YEAR: 2020
LATITUDE: 37 17 N
LONGITUDE: 98 35 W
TEMPERATURE IN F: :PCPN: SNOW: WIND :SUNSHINE: SKY :PK WND
================================================================================
1 2 3 4 5 6A 6B 7 8 9 10 11 12 13 14 15 16 17 18
12Z AVG MX 2MIN
DY MAX MIN AVG DEP HDD CDD WTR SNW DPTH SPD SPD DIR MIN PSBL S-S WX SPD DR
================================================================================
1 89 58 74 2 0 9 0.00 0.0 0 11.0 22 190 M M 0 33 190
2 94 65 80 7 0 15 0.00 0.0 0 9.2 18 180 M M 0 25 180
3 98 69 84 11 0 19 0.00 0.0 0 6.7 15 220 M M 0 25 210
4 100 64 82 9 0 17 0.00 0.0 0 6.1 16 290 M M 0 24 290
5 99 60 80 6 0 15 0.00 0.0 0 6.1 17 180 M M 0 25 170
6 100 72 86 12 0 21 0.00 0.0 0 10.4 21 190 M M 0 29 160
7 96 72 84 10 0 19 0.00 0.0 0 13.2 25 180 M M 0 39 160
8 96 69 83 8 0 18 0.00 0.0 0 12.5 23 180 M M 0 32 180
9 83 56 70 -5 0 5 0.00 0.0 0 18.9 39 310 M M 0 64 290
10 82 55 69 -6 0 4 0.00 0.0 0 15.2 36 330 M M 0 55 340
11 96 50 73 -3 0 8 0.00 0.0 0 8.8 22 190 M M 0 33 180
12 94 63 79 3 0 14 0.00 0.0 0 9.3 25 200 M M 0 39 210
13 98 66 82 6 0 17 0.00 0.0 0 13.3 23 190 M M 0 37 160
14 96 66 81 5 0 16 0.00 0.0 0 12.2 23 180 M M 0 33 220
15 94 64 79 2 0 14 0.00 0.0 0 11.5 22 180 M M 0 32 180
16 96 68 82 5 0 17 0.00 0.0 0 12.0 24 180 M M 0 35 200
17 97 69 83 6 0 18 0.00 0.0 0 14.9 26 170 M M 0 39 180
18 99 72 86 8 0 21 0.00 0.0 0 14.3 25 180 M M 0 37 170
19 80 64 72 -6 0 7 2.04 0.0 0 9.3 28 50 M M 0 37 40
20 85 65 75 -3 0 10 0.10 0.0 0 4.1 10 190 M M 0 18 130
21 90 63 77 -1 0 12 0.73 0.0 0 12.3 40 310 M M 0 60 290
22 90 62 76 -2 0 11 0.00 0.0 0 7.2 21 30 M M 0 34 40
23 86 62 74 -5 0 9 0.00 0.0 0 6.0 20 50 M M 0 29 50
24 93 61 77 -2 0 12 0.00 0.0 0 8.4 17 180 M M 0 26 190
25 96 68 82 3 0 17 0.00 0.0 0 12.3 24 190 M M 0 34 180
26 97 70 84 4 0 19 0.00 0.0 0 11.5 21 190 M M 0 30 180
27 98 69 84 4 0 19 0.01 0.0 0 10.1 20 180 M M 0 30 180
28 94 74 84 4 0 19 0.00 0.0 0 15.0 30 180 M M 0 43 190
29 97 73 85 5 0 20 0.00 0.0 0 15.7 25 170 M M 0 38 180
30 105 74 90 10 0 25 0.00 0.0 0 13.4 23 180 M M 0 34 170
================================================================================
SM 2818 1963 0 447 2.88 0.0 330.9 M 0
================================================================================
AV 93.9 65.4 11.0 FASTST M M 0 MAX(MPH)
MISC ----> 40 310 64 290
================================================================================
NOTES:
# LAST OF SEVERAL OCCURRENCES
COLUMN 17 PEAK WIND IN M.P.H.
PRELIMINARY LOCAL CLIMATOLOGICAL DATA (WS FORM: F-6) , PAGE 2
STATION: MEDICINE LODGE KS
MONTH: JUNE
YEAR: 2020
LATITUDE: 37 17 N
LONGITUDE: 98 35 W
[TEMPERATURE DATA] [PRECIPITATION DATA] SYMBOLS USED IN COLUMN 16
AVERAGE MONTHLY: 79.7 TOTAL FOR MONTH: 2.88 1 = FOG OR MIST
DPTR FM NORMAL: 3.1 DPTR FM NORMAL: -1.23 2 = FOG REDUCING VISIBILITY
HIGHEST: 105 ON 30 GRTST 24HR 2.14 ON 19-20 TO 1/4 MILE OR LESS
LOWEST: 50 ON 11 3 = THUNDER
SNOW, ICE PELLETS, HAIL 4 = ICE PELLETS
TOTAL MONTH: 0.0 INCH 5 = HAIL
GRTST 24HR 0.0 6 = FREEZING RAIN OR DRIZZLE
GRTST DEPTH: 0 7 = DUSTSTORM OR SANDSTORM:
VSBY 1/2 MILE OR LESS
8 = SMOKE OR HAZE
[NO. OF DAYS WITH] [WEATHER - DAYS WITH] 9 = BLOWING SNOW
X = TORNADO
MAX 32 OR BELOW: 0 0.01 INCH OR MORE: 4
MAX 90 OR ABOVE: 24 0.10 INCH OR MORE: 3
MIN 32 OR BELOW: 0 0.50 INCH OR MORE: 2
MIN 0 OR BELOW: 0 1.00 INCH OR MORE: 1
[HDD (BASE 65) ]
TOTAL THIS MO. 0
DPTR FM NORMAL -3
TOTAL FM JUL 1 4396
DPTR FM NORMAL -62
[CDD (BASE 65) ]
TOTAL THIS MO. 447
DPTR FM NORMAL 94 [PRESSURE DATA]
TOTAL FM JAN 1 569 HIGHEST SLP 30.25 ON 11
DPTR FM NORMAL 60 LOWEST SLP 29.40 ON 9
[REMARKS]
#FINAL-06-20#