000
CXUS53 KDDC 011851
CLSP28
CLIMATE REPORT
NATIONAL WEATHER SERVICE DODGE CITY, KANSAS
151 PM CDT TUE JUN 01 2021
...................................
...THE MEDICINE LODGE KS CLIMATE SUMMARY FOR THE SEASON, FROM
3/1/2021 TO 5/31/2021...
CLIMATE NORMAL PERIOD 1991 TO 2020
CLIMATE RECORD PERIOD 1893 TO 2021
WEATHER OBSERVED NORMAL DEPART LAST YEAR`S
VALUE DATE(S) VALUE FROM VALUE DATE(S)
NORMAL
................................................................
TEMPERATURE (F)
RECORD
HIGH 106 05/31/1953
LOW -7 03/03/2014
03/03/1960
HIGHEST 88 05/08 MM MM 90 05/23
05/01
LOWEST 17 03/01 MM MM 24 03/06
AVG. MAXIMUM 68.3 69.9 -1.6 69.5
AVG. MINIMUM 43.9 44.4 -0.5 43.8
MEAN 56.1 57.1 -1.0 56.7
DAYS MAX >= 90 0 6.7 -6.7 2
DAYS MAX <= 32 0 0.6 -0.6 0
DAYS MIN <= 32 12 16.2 -4.2 16
DAYS MIN <= 0 0 0.1 -0.1 0
PRECIPITATION (INCHES)
RECORD
MAXIMUM 17.27 1957
MINIMUM 1.13 1966
TOTALS 7.99 8.11 -0.12 5.35
DAYS >= .01 27 24.0 3.0 27
DAYS >= .10 19 13.8 5.2 17
DAYS >= .50 4 5.8 -1.8 3
DAYS >= 1.00 2 2.0 0.0 0
GREATEST
24 HR. TOTAL 1.83 05/30 TO 05/31 1.10 05/21 TO 05/22
SNOWFALL (INCHES)
RECORDS
TOTAL 25.0 1983
24 HR TOTAL 12.0 03/16/1970 TO 03/16/1970
SNOW DEPTH 12 03/16/1970
TOTALS 0.0 0.9 -0.9 0.0
SINCE 7/1 9.5 9.4 0.1 MM
SNOWDEPTH AVG. 0 0
DAYS >= TRACE 0 0.4 -0.4 0
GREATEST
SNOW DEPTH 0 0 05/31
05/30
05/29
24 HR TOTAL 0.0 0.0
DEGREE DAYS
HEATING TOTAL 801 900 -99 866
SINCE 7/1 4435 4385 50 4396
COOLING TOTAL 76 174 -98 122
SINCE 1/1 76 174 -98 122
................................................................
WIND (MPH)
AVERAGE WIND SPEED 10.6
RESULTANT WIND SPEED/DIRECTION 2/110
HIGHEST WIND SPEED/DIRECTION 46/200 DATE 05/26
HIGHEST GUST SPEED/DIRECTION 64/210 DATE 05/26
AVERAGE RH (PERCENT) 64
- INDICATES NEGATIVE NUMBERS.
R INDICATES RECORD WAS SET OR TIED.
MM INDICATES DATA IS MISSING.
T INDICATES TRACE AMOUNT.
$$