000
CXUS53 KDDC 011604
CLSP28
CLIMATE REPORT
NATIONAL WEATHER SERVICE DODGE CITY, KANSAS
1004 AM CST THU DEC 01 2022
...................................
...THE MEDICINE LODGE KS CLIMATE SUMMARY FOR THE SEASON, FROM
9/1/2022 TO 11/30/2022...
CLIMATE NORMAL PERIOD 1991 TO 2020
CLIMATE RECORD PERIOD 1893 TO 2022
WEATHER OBSERVED NORMAL DEPART LAST YEAR`S
VALUE DATE(S) VALUE FROM VALUE DATE(S)
NORMAL
................................................................
TEMPERATURE (F)
RECORD
HIGH 113 09/29/1984
LOW 0 11/29/1976
HIGHEST 101 09/03 MM MM 102 09/11
09/21
LOWEST 11 11/19 MM MM 21 11/18
AVG. MAXIMUM 74.8 71.5 3.3 76.6
AVG. MINIMUM 44.4 45.7 -1.3 47.8
MEAN 59.6 58.6 1.0 62.2
DAYS MAX >= 90 21 11.3 9.7 20
DAYS MAX <= 32 0 0.5 -0.5 0
DAYS MIN <= 32 24 17.2 6.8 12
DAYS MIN <= 0 0 0.0 0.0 0
PRECIPITATION (INCHES)
RECORD
MAXIMUM 21.01 1923
MINIMUM 0.31 1939
TOTALS 1.72 6.15 -4.43 4.86
DAYS >= .01 15 17.4 -2.4 14
DAYS >= .10 5 9.3 -4.3 10
DAYS >= .50 1 3.3 -2.3 4
DAYS >= 1.00 0 1.6 -1.6 1
GREATEST
24 HR. TOTAL 0.74 11/04 TO 11/05 1.23 10/12 TO 10/13
SNOWFALL (INCHES)
RECORDS
TOTAL 11.0 1972
24 HR TOTAL 8.0 11/18/1972 TO 11/18/1972
SNOW DEPTH 6 11/05/1951
TOTALS 0.1 0.3 -0.2 0.0
SINCE 7/1 0.1 0.3 -0.2 0.0
SNOWDEPTH AVG. T 0
DAYS >= TRACE 1 0.3 0.7 0
GREATEST
SNOW DEPTH T 11/5 0 11/30
24 HR TOTAL 0.1 11/14 TO 11/14 0.0
DEGREE DAYS
HEATING TOTAL 834 857 -23 628
SINCE 7/1 834 856 -22 628
COOLING TOTAL 361 276 85 398
SINCE 1/1 2207 1821 386 1933
................................................................
WIND (MPH)
AVERAGE WIND SPEED 8.5
RESULTANT WIND SPEED/DIRECTION 2/110
HIGHEST WIND SPEED/DIRECTION 36/180 DATE 10/23
HIGHEST GUST SPEED/DIRECTION 54/200 DATE 10/23
AVERAGE RH (PERCENT) 56
- INDICATES NEGATIVE NUMBERS.
R INDICATES RECORD WAS SET OR TIED.
MM INDICATES DATA IS MISSING.
T INDICATES TRACE AMOUNT.
$$