000
CXUS53 KPAH 010700
CF6PAH
PRELIMINARY LOCAL CLIMATOLOGICAL DATA (WS FORM: F-6)
STATION: PADUCAH KY
MONTH: SEPTEMBER
YEAR: 2021
LATITUDE: 37 4 N
LONGITUDE: 88 46 W
TEMPERATURE IN F: :PCPN: SNOW: WIND :SUNSHINE: SKY :PK WND
================================================================================
1 2 3 4 5 6A 6B 7 8 9 10 11 12 13 14 15 16 17 18
12Z AVG MX 2MIN
DY MAX MIN AVG DEP HDD CDD WTR SNW DPTH SPD SPD DIR MIN PSBL S-S WX SPD DR
================================================================================
1 86 64 75 -1 0 10 0.00 0.0 0 4.8 14 30 M M 5 21 20
2 85 58 72 -3 0 7 0.00 0.0 0 2.8 10 30 M M 0 15 30
3 82 57 70 -5 0 5 0.00 0.0 0 1.4 9 110 M M 0 1 11 110
4 85 63 74 -1 0 9 0.03 0.0 0 3.5 12 180 M M 1 16 160
5 82 60 71 -4 0 6 0.56 0.0 0 4.7 13 50 M M 5 1 21 20
6 87 56 72 -2 0 7 0.00 0.0 0 0.6 8 60 M M 0 1 11 60
7 87 57 72 -2 0 7 0.00 0.0 0 3.0 10 160 M M 0 1 16 170
8 86 58 72 -2 0 7 0.00 0.0 0 5.0 15 350 M M 2 22 360
9 84 53 69 -4 0 4 0.00 0.0 0 3.2 15 10 M M 0 21 350
10 84 52 68 -5 0 3 0.00 0.0 0 1.2 8 180 M M 0 12 320
11 85 66 76 3 0 11 T 0.0 0 5.5 13 190 M M 1 21 210
12 87 66 77 5 0 12 0.00 0.0 0 3.7 10 180 M M 0 19 250
13 92 67 80 8 0 15 0.00 0.0 0 3.7 9 220 M M 1 18 19 180
14 90 72 81 9 0 16 0.01 0.0 0 4.1 10 190 M M 3 22 220
15 88 67 78 7 0 13 0.00 0.0 0 3.8 10 10 M M 3 1 16 10
16 85 66 76 5 0 11 0.00 0.0 0 3.7 9 140 M M 5 128 14 110
17 78 66 72 1 0 7 2.46 0.0 0 3.1 12 110 M M 6 123 15 110
18 86 68 77 7 0 12 0.00 0.0 0 4.3 13 80 M M 5 18 18 80
19 81 67 74 4 0 9 T 0.0 0 5.7 13 90 M M 6 1 17 110
20 87 71 79 9 0 14 0.03 0.0 0 5.8 14 120 M M 6 1 18 130
21 82 61 72 3 0 7 0.61 0.0 0 6.1 16 330 M M 10 18 24 320
22 74 51 63 -6 2 0 0.08 0.0 0 7.6 21 340 M M 4 1 35 350
23 75 47 61 -7 4 0 0.00 0.0 0 2.8 13 350 M M 0 19 340
24 78 48 63 -5 2 0 0.00 0.0 0 M M M M M 0 M M
25 78 51 65 -3 0 0 0.01 0.0 0 2.3 10 20 M M 2 15 30
26 82 48 65 -2 0 0 0.00 0.0 0 2.8 10 190 M M 0 16 200
27 86 62 74 7 0 9 0.00 0.0 0 5.1 13 240 M M 0 21 200
28 88 60 74 7 0 9 0.00 0.0 0 2.1 9 230 M M 0 1 16 230
29 88 61 75 9 0 10 0.00 0.0 0 3.4 13 70 M M 2 1 18 120
30 86 65 76 10 0 11 T 0.0 0 1.7 10 140 M M 3 1 13 140
================================================================================
SM 2524 1808 8 231 3.79 0.0 107.5 M 70
================================================================================
AV 84.1 60.3 3.7 FASTST M M 2 MAX(MPH)
MISC ----> 21 340 35 350
================================================================================
NOTES:
# LAST OF SEVERAL OCCURRENCES
COLUMN 17 PEAK WIND IN M.P.H.
PRELIMINARY LOCAL CLIMATOLOGICAL DATA (WS FORM: F-6) , PAGE 2
STATION: PADUCAH KY
MONTH: SEPTEMBER
YEAR: 2021
LATITUDE: 37 4 N
LONGITUDE: 88 46 W
[TEMPERATURE DATA] [PRECIPITATION DATA] SYMBOLS USED IN COLUMN 16
AVERAGE MONTHLY: 72.2 TOTAL FOR MONTH: 3.79 1 = FOG OR MIST
DPTR FM NORMAL: 1.2 DPTR FM NORMAL: 0.24 2 = FOG REDUCING VISIBILITY
HIGHEST: 92 ON 13 GRTST 24HR 2.46 ON 17-17 TO 1/4 MILE OR LESS
LOWEST: 47 ON 23 3 = THUNDER
SNOW, ICE PELLETS, HAIL 4 = ICE PELLETS
TOTAL MONTH: 0.0 INCH 5 = HAIL
GRTST 24HR 0.0 6 = FREEZING RAIN OR DRIZZLE
GRTST DEPTH: 0 7 = DUSTSTORM OR SANDSTORM:
VSBY 1/2 MILE OR LESS
8 = SMOKE OR HAZE
[NO. OF DAYS WITH] [WEATHER - DAYS WITH] 9 = BLOWING SNOW
X = TORNADO
MAX 32 OR BELOW: 0 0.01 INCH OR MORE: 8
MAX 90 OR ABOVE: 2 0.10 INCH OR MORE: 3
MIN 32 OR BELOW: 0 0.50 INCH OR MORE: 3
MIN 0 OR BELOW: 0 1.00 INCH OR MORE: 1
[HDD (BASE 65) ]
TOTAL THIS MO. 8 CLEAR (SCALE 0-3) 21
DPTR FM NORMAL -20 PTCLDY (SCALE 4-7) 8
TOTAL FM JUL 1 8 CLOUDY (SCALE 8-10) 1
DPTR FM NORMAL -18
[CDD (BASE 65) ]
TOTAL THIS MO. 231
DPTR FM NORMAL 22 [PRESSURE DATA]
TOTAL FM JAN 1 1632 HIGHEST SLP M ON M
DPTR FM NORMAL 3 LOWEST SLP 29.70 ON 1
[REMARKS]
#FINAL-09-21#