000
CXUS54 KLZK 251518
CF6PBF
PRELIMINARY LOCAL CLIMATOLOGICAL DATA (WS FORM: F-6)
STATION: PINE BLUFF
MONTH: DECEMBER
YEAR: 2020
LATITUDE: 34 10 N
LONGITUDE: 91 56 W
TEMPERATURE IN F: :PCPN: SNOW: WIND :SUNSHINE: SKY :PK WND
================================================================================
1 2 3 4 5 6A 6B 7 8 9 10 11 12 13 14 15 16 17 18
12Z AVG MX 2MIN
DY MAX MIN AVG DEP HDD CDD WTR SNW DPTH SPD SPD DIR MIN PSBL S-S WX SPD DR
================================================================================
1 54 24 39 -9 26 0 0.00 0.0 0 4.9 12 210 M M 0 17 190
2 54 30 42 -5 23 0 0.04 0.0 0 7.8 18 110 M M 3 22 110
3 44 38 41 -6 24 0 0.39 0.0 0 4.4 12 30 M M 9 13 14 30
4 51 35 43 -4 22 0 0.04 0.0 0 6.0 15 280 M M 5 12 19 280
5 61 31 46 0 19 0 0.00 0.0 0 4.4 12 220 M M 0 15 210
6 54 36 45 -1 20 0 T 0.0 0 4.0 12 340 M M 1 18 14 340
7 56 31 44 -2 21 0 0.00 0.0 0 3.4 13 340 M M 0 8 16 360
8 63 32 48 2 17 0 0.00 0.0 0 2.5 9 220 M M 0 18 12 220
9 71 33 52 7 13 0 0.00 0.0 0 3.7 10 220 M M 0 18 15 290
10 75 42 59 14 6 0 0.00 0.0 0 4.6 13 220 M M 0 8 18 340
11 69 47 58 13 7 0 0.57 0.0 0 10.3 24 200 M M 5 18 29 200
12 60 36 48 4 17 0 0.00 0.0 0 7.4 15 310 M M 2 18 19 310
13 44 35 40 -4 25 0 1.20 0.0 0 11.3 25 20 M M 7 1 32 10
14 40 30 35 -9 30 0 0.01 0.0 0 9.0 21 330 M M 5 18 26 340
15 35 29 32 -12 33 0 0.03 T 0 6.1 14 100 M M 9 1 15 110
16 37 32 35 -9 30 0 T T 0 6.8 14 300 M M 10 1 18 300
17 48 28 38 -6 27 0 0.00 0.0 0 3.5 9 280 M M 2 13 300
18 55 29 42 -1 23 0 0.00 0.0 0 5.6 13 130 M M 0 1 16 160
19 49 43 46 3 19 0 0.86 0.0 0 3.1 16 130 M M 10 1 18 330
20 52 38 45 2 20 0 0.00 0.0 0 4.4 12 280 M M 6 1 15 270
21 64 35 50 7 15 0 0.00 0.0 0 5.9 17 240 M M 0 25 280
22 63 34 49 6 16 0 0.00 0.0 0 6.0 16 130 M M 0 18 19 130
23 65 41 53 10 12 0 0.17 0.0 0 15.1 30 320 M M 7 13 40 330
24 42 29 36 -7 29 0 0.00 0.0 0 14.5 29 300 M M 1 37 300
25 43 24 34 -8 31 0 0.00 0.0 0 5.8 16 320 M M 0 20 330
26 62 29 46 4 19 0 0.00 0.0 0 7.9 14 200 M M 0 19 200
27 66 39 53 11 12 0 0.00 0.0 0 12.7 25 210 M M 2 35 200
28 54 40 47 5 18 0 0.00 0.0 0 8.4 16 10 M M 0 12 22 30
29 55 40 48 6 17 0 T 0.0 0 6.3 13 80 M M 7 15 80
30 63 41 52 10 13 0 1.32 0.0 0 11.8 23 360 M M 9 1 37 340
31 42 37 40 -2 25 0 2.07 0.0 0 15.3 23 30 M M 10 1 32 40
================================================================================
SM 1691 1068 629 0 6.70 T 222.9 M 110
================================================================================
AV 54.5 34.5 7.2 FASTST M M 4 MAX(MPH)
MISC ----> 30 320 40 330
================================================================================
NOTES:
# LAST OF SEVERAL OCCURRENCES
COLUMN 17 PEAK WIND IN M.P.H.
PRELIMINARY LOCAL CLIMATOLOGICAL DATA (WS FORM: F-6) , PAGE 2
STATION: PINE BLUFF
MONTH: DECEMBER
YEAR: 2020
LATITUDE: 34 10 N
LONGITUDE: 91 56 W
[TEMPERATURE DATA] [PRECIPITATION DATA] SYMBOLS USED IN COLUMN 16
AVERAGE MONTHLY: 44.5 TOTAL FOR MONTH: 6.70 1 = FOG OR MIST
DPTR FM NORMAL: 0.4 DPTR FM NORMAL: 1.26 2 = FOG REDUCING VISIBILITY
HIGHEST: 75 ON 10 GRTST 24HR 2.36 ON 30-31 TO 1/4 MILE OR LESS
LOWEST: 24 ON 25, 1 3 = THUNDER
SNOW, ICE PELLETS, HAIL 4 = ICE PELLETS
TOTAL MONTH: T 5 = HAIL
GRTST 24HR T ON 15-15 6 = FREEZING RAIN OR DRIZZLE
GRTST DEPTH: 0 7 = DUSTSTORM OR SANDSTORM:
VSBY 1/2 MILE OR LESS
8 = SMOKE OR HAZE
[NO. OF DAYS WITH] [WEATHER - DAYS WITH] 9 = BLOWING SNOW
X = TORNADO
MAX 32 OR BELOW: 0 0.01 INCH OR MORE: 11
MAX 90 OR ABOVE: 0 0.10 INCH OR MORE: 7
MIN 32 OR BELOW: 13 0.50 INCH OR MORE: 5
MIN 0 OR BELOW: 0 1.00 INCH OR MORE: 3
[HDD (BASE 65) ]
TOTAL THIS MO. 629 CLEAR (SCALE 0-3) 18
DPTR FM NORMAL -20 PTCLDY (SCALE 4-7) 7
TOTAL FM JUL 1 1110 CLOUDY (SCALE 8-10) 6
DPTR FM NORMAL -44
[CDD (BASE 65) ]
TOTAL THIS MO. 0
DPTR FM NORMAL -1 [PRESSURE DATA]
TOTAL FM JAN 1 1955 HIGHEST SLP 30.40 ON 28
DPTR FM NORMAL -177 LOWEST SLP 29.69 ON 31
[REMARKS]
#FINAL-12-20#