000
CXUS52 KMFL 011030
CF6PBI
PRELIMINARY LOCAL CLIMATOLOGICAL DATA (WS FORM: F-6)
STATION: WEST PALM BEACH
MONTH: JUNE
YEAR: 2023
LATITUDE: 26 40 N
LONGITUDE: 80 7 W
TEMPERATURE IN F: :PCPN: SNOW: WIND :SUNSHINE: SKY :PK WND
================================================================================
1 2 3 4 5 6A 6B 7 8 9 10 11 12 13 14 15 16 17 18
12Z AVG MX 2MIN
DY MAX MIN AVG DEP HDD CDD WTR SNW DPTH SPD SPD DIR MIN PSBL S-S WX SPD DR
================================================================================
1 88 71 80 0 0 15 1.28 0.0 0 4.6 18 330 M M 7 13 22 330
2 88 72 80 -1 0 15 0.07 0.0 0 4.2 16 320 M M 7 3 19 320
3 86 71 79 -2 0 14 1.24 0.0 0 4.5 24 90 M M 6 13 29 140
4 88 73 81 0 0 16 0.78 0.0 0 8.3 20 140 M M 6 13 23 130
5 85 73 79 -2 0 14 0.03 0.0 0 10.4 21 50 M M 5 26 50
6 85 72 79 -2 0 14 0.00 0.0 0 7.7 15 60 M M 5 20 80
7 90 76 83 2 0 18 0.04 0.0 0 5.2 24 130 M M 5 3 27 130
8 92 75 84 3 0 19 0.37 0.0 0 8.4 23 270 M M 5 13 33 270
9 89 74 82 1 0 17 0.24 0.0 0 7.4 20 150 M M 5 38 23 150
10 89 73 81 0 0 16 T 0.0 0 7.3 23 230 M M 4 3 27 230
11 90 74 82 1 0 17 T 0.0 0 7.0 22 160 M M 5 3 26 170
12 90 76 83 1 0 18 0.03 0.0 0 5.3 26 160 M M 6 3 34 150
13 95 76 86 4 0 21 0.02 0.0 0 7.8 20 160 M M 6 3 25 150
14 93 75 84 2 0 19 0.16 0.0 0 7.9 20 150 M M 4 3 25 160
15 92 77 85 3 0 20 0.37 0.0 0 8.4 20 140 M M 6 13 26 140
16 94 75 85 3 0 20 0.22 0.0 0 10.1 38 280 M M 6 13X 50 260
17 90 72 81 -1 0 16 1.51 0.0 0 6.1 40 210 M M 6 13 55 230
18 91 75 83 1 0 18 0.04 0.0 0 12.0 33 280 M M 8 13 44 270
19 95 76 86 4 0 21 0.28 0.0 0 10.3 30 200 M M 6 13 39 200
20 90 70 80 -2 0 15 1.96 0.0 0 9.1 31 310 M M 6 13 37 320
21 91 71 81 -1 0 16 0.15 0.0 0 8.7 20 170 M M 6 13 24 150
22 90 75 83 1 0 18 0.01 0.0 0 7.2 22 110 M M 6 24 100
23 90 80 85 3 0 20 0.00 0.0 0 6.2 16 150 M M 7 3 22 140
24 92 75 84 2 0 19 0.21 0.0 0 6.7 25 260 M M 7 13 30 260
25 89 72 81 -1 0 16 2.33 0.0 0 5.1 24 300 M M 7 123 28 340
26 90 75 83 1 0 18 T 0.0 0 4.9 15 130 M M 4 13 20 130
27 93 78 86 4 0 21 0.00 0.0 0 7.0 15 150 M M 3 19 110
28 94 76 85 3 0 20 0.03 0.0 0 7.8 22 70 M M 5 3 29 70
29 92 76 84 2 0 19 0.00 0.0 0 4.7 15 90 M M 4 3 20 70
30 90 73 82 0 0 17 1.02 0.0 0 6.3 23 260 M M 5 13 26 250
================================================================================
SM 2711 2227 0 527 12.39 0.0 216.6 M 168
================================================================================
AV 90.4 74.2 7.2 FASTST M M 6 MAX(MPH)
MISC ----> 40 210 55 230
================================================================================
NOTES:
# LAST OF SEVERAL OCCURRENCES
COLUMN 17 PEAK WIND IN M.P.H.
PRELIMINARY LOCAL CLIMATOLOGICAL DATA (WS FORM: F-6) , PAGE 2
STATION: WEST PALM BEACH
MONTH: JUNE
YEAR: 2023
LATITUDE: 26 40 N
LONGITUDE: 80 7 W
[TEMPERATURE DATA] [PRECIPITATION DATA] SYMBOLS USED IN COLUMN 16
AVERAGE MONTHLY: 82.3 TOTAL FOR MONTH: 12.39 1 = FOG OR MIST
DPTR FM NORMAL: 0.6 DPTR FM NORMAL: 3.91 2 = FOG REDUCING VISIBILITY
HIGHEST: 95 ON 19,13 GRTST 24HR 2.40 ON 24-25 TO 1/4 MILE OR LESS
LOWEST: 70 ON 20 3 = THUNDER
SNOW, ICE PELLETS, HAIL 4 = ICE PELLETS
TOTAL MONTH: 0.0 INCH 5 = HAIL
GRTST 24HR 0.0 6 = FREEZING RAIN OR DRIZZLE
GRTST DEPTH: 0 7 = DUSTSTORM OR SANDSTORM:
VSBY 1/2 MILE OR LESS
8 = SMOKE OR HAZE
[NO. OF DAYS WITH] [WEATHER - DAYS WITH] 9 = BLOWING SNOW
X = TORNADO
MAX 32 OR BELOW: 0 0.01 INCH OR MORE: 23
MAX 90 OR ABOVE: 21 0.10 INCH OR MORE: 15
MIN 32 OR BELOW: 0 0.50 INCH OR MORE: 7
MIN 0 OR BELOW: 0 1.00 INCH OR MORE: 6
[HDD (BASE 65) ]
TOTAL THIS MO. 0 CLEAR (SCALE 0-3) 0
DPTR FM NORMAL 0 PTCLDY (SCALE 4-7) 30
TOTAL FM JUL 1 94 CLOUDY (SCALE 8-10) 0
DPTR FM NORMAL -108
[CDD (BASE 65) ]
TOTAL THIS MO. 527
DPTR FM NORMAL 27 [PRESSURE DATA]
TOTAL FM JAN 1 2185 HIGHEST SLP 30.08 ON 20
DPTR FM NORMAL 498 LOWEST SLP 29.65 ON 4
[REMARKS]
#FINAL-06-23#