000
CXUS52 KMFL 011030
CF6PBI
PRELIMINARY LOCAL CLIMATOLOGICAL DATA (WS FORM: F-6)
STATION: WEST PALM BEACH
MONTH: SEPTEMBER
YEAR: 2021
LATITUDE: 26 40 N
LONGITUDE: 80 7 W
TEMPERATURE IN F: :PCPN: SNOW: WIND :SUNSHINE: SKY :PK WND
================================================================================
1 2 3 4 5 6A 6B 7 8 9 10 11 12 13 14 15 16 17 18
12Z AVG MX 2MIN
DY MAX MIN AVG DEP HDD CDD WTR SNW DPTH SPD SPD DIR MIN PSBL S-S WX SPD DR
================================================================================
1 94 77 86 3 0 21 0.01 M M 6.4 21 310 M M 4 3 26 300
2 91 76 84 2 0 19 0.11 0.0 0 6.0 35 280 M M 6 3 43 290
3 91 74 83 1 0 18 T 0.0 0 6.5 20 240 M M 5 3 24 230
4 91 75 83 1 0 18 1.43 0.0 0 4.6 23 330 M M 5 13 31 320
5 93 75 84 2 0 19 T 0.0 0 5.8 14 140 M M 5 22 310
6 91 75 83 1 0 18 0.03 0.0 0 6.0 23 240 M M 4 3 30 250
7 90 75 83 1 0 18 0.02 0.0 0 2.7 25 330 M M 5 3 29 330
8 91 75 83 1 0 18 0.01 0.0 0 4.2 17 130 M M 5 3 21 120
9 94 77 86 4 0 21 T 0.0 M 6.0 28 280 M M 4 3X 38 280
10 91 73 82 0 0 17 0.30 0.0 M 5.7 28 300 M M 4 13 37 300
11 90 74 82 0 0 17 0.00 0.0 M 6.0 15 110 M M 5 19 110
12 91 80 86 4 0 21 0.28 0.0 M 10.1 26 100 M M 7 38 31 100
13 90 74 82 0 0 17 0.25 M M 7.1 26 130 M M 7 13 37 120
14 89 77 83 1 0 18 0.01 0.0 0 7.4 14 90 M M 4 M M
15 90 76 83 1 0 18 T 0.0 0 5.7 14 130 M M 4 22 120
16 89 75 82 0 0 17 0.96 0.0 0 5.4 24 270 M M 5 13 27 270
17 88 74 81 -1 0 16 0.12 0.0 0 4.1 15 270 M M 5 13 18 270
18 89 73 81 -1 0 16 T 0.0 0 4.5 12 120 M M 7 15 100
19 90 77 84 2 0 19 T 0.0 0 5.9 15 110 M M 6 17 100
20 90 75 83 1 0 18 0.58 0.0 0 6.0 23 120 M M 7 13 27 120
21 82 73 78 -4 0 13 1.03 0.0 0 4.4 18 280 M M 8 13 22 270
22 88 75 82 0 0 17 0.33 0.0 0 3.8 21 240 M M 7 13 25 240
23 90 74 82 0 0 17 0.45 0.0 0 3.7 15 340 M M 4 13 18 340
24 89 76 83 1 0 18 0.00 0.0 0 5.8 14 60 M M 6 3 19 100
25 89 76 83 2 0 18 0.53 0.0 0 7.1 20 350 M M 6 3 23 350
26 89 76 83 2 0 18 0.00 0.0 0 10.0 17 50 M M 4 23 50
27 87 70 79 -2 0 14 0.00 0.0 0 7.2 15 50 M M 3 19 70
28 89 71 80 -1 0 15 0.00 0.0 0 7.0 16 60 M M 4 20 70
29 89 72 81 0 0 16 0.00 M M 7.5 15 40 M M 4 21 40
30 90 79 85 4 0 20 0.19 0.0 M 11.3 23 90 M M 5 29 90
================================================================================
SM 2695 2249 0 530 6.64 0.0 183.9 M 155
================================================================================
AV 89.8 75.0 6.1 FASTST M M 5 MAX(MPH)
MISC ----> 35 280 43 290
================================================================================
NOTES:
# LAST OF SEVERAL OCCURRENCES
COLUMN 17 PEAK WIND IN M.P.H.
PRELIMINARY LOCAL CLIMATOLOGICAL DATA (WS FORM: F-6) , PAGE 2
STATION: WEST PALM BEACH
MONTH: SEPTEMBER
YEAR: 2021
LATITUDE: 26 40 N
LONGITUDE: 80 7 W
[TEMPERATURE DATA] [PRECIPITATION DATA] SYMBOLS USED IN COLUMN 16
AVERAGE MONTHLY: 82.4 TOTAL FOR MONTH: 6.64 1 = FOG OR MIST
DPTR FM NORMAL: 0.5 DPTR FM NORMAL: -1.32 2 = FOG REDUCING VISIBILITY
HIGHEST: 94 ON 9, 1 GRTST 24HR 1.61 ON 20-21 TO 1/4 MILE OR LESS
LOWEST: 70 ON 27 3 = THUNDER
SNOW, ICE PELLETS, HAIL 4 = ICE PELLETS
TOTAL MONTH: 0.0 INCH 5 = HAIL
GRTST 24HR 0.0 6 = FREEZING RAIN OR DRIZZLE
GRTST DEPTH: 0 7 = DUSTSTORM OR SANDSTORM:
VSBY 1/2 MILE OR LESS
8 = SMOKE OR HAZE
[NO. OF DAYS WITH] [WEATHER - DAYS WITH] 9 = BLOWING SNOW
X = TORNADO
MAX 32 OR BELOW: 0 0.01 INCH OR MORE: 18
MAX 90 OR ABOVE: 18 0.10 INCH OR MORE: 13
MIN 32 OR BELOW: 0 0.50 INCH OR MORE: 5
MIN 0 OR BELOW: 0 1.00 INCH OR MORE: 2
[HDD (BASE 65) ]
TOTAL THIS MO. 0 CLEAR (SCALE 0-3) 0
DPTR FM NORMAL 0 PTCLDY (SCALE 4-7) 30
TOTAL FM JUL 1 0 CLOUDY (SCALE 8-10) 0
DPTR FM NORMAL 0
[CDD (BASE 65) ]
TOTAL THIS MO. 530
DPTR FM NORMAL 23 [PRESSURE DATA]
TOTAL FM JAN 1 3796 HIGHEST SLP 30.18 ON 12
DPTR FM NORMAL 478 LOWEST SLP 29.85 ON 23
[REMARKS]
#FINAL-09-21#