000
CXUS52 KFFC 011010
CF6PDK
PRELIMINARY LOCAL CLIMATOLOGICAL DATA (WS FORM: F-6)
STATION: DEKALB PEACHTREE AIRPORT
MONTH: APRIL
YEAR: 2021
LATITUDE: 33 52 N
LONGITUDE: 84 18 W
TEMPERATURE IN F: :PCPN: SNOW: WIND :SUNSHINE: SKY :PK WND
================================================================================
1 2 3 4 5 6A 6B 7 8 9 10 11 12 13 14 15 16 17 18
12Z AVG MX 2MIN
DY MAX MIN AVG DEP HDD CDD WTR SNW DPTH SPD SPD DIR MIN PSBL S-S WX SPD DR
================================================================================
1 51 38 45 -13 20 0 0.00 M M 14.6 26 330 M M 0 46 300
2 56 32 44 -14 21 0 0.00 M M 8.3 15 350 M M 0 25 340
3 62 30 46 -12 19 0 0.00 M M 1.6 10 210 M M 0 15 200
4 72 34 53 -6 12 0 0.00 M M 2.8 13 350 M M 0 17 280
5 77 40 59 0 6 0 0.00 M M 2.2 12 250 M M 0 1 19 300
6 79 44 62 3 3 0 0.00 M M 2.6 13 280 M M 0 17 240
7 80 48 64 5 1 0 0.00 M M 3.0 13 220 M M 1 18 240
8 77 59 68 8 0 3 0.00 M M 7.0 14 180 M M 4 23 170
9 77 59 68 8 0 3 0.00 M M 5.3 16 200 M M 2 1 26 150
10 69 59 64 4 1 0 0.31 M M 6.7 16 220 M M 8 1 23 150
11 73 55 64 3 1 0 0.00 M M 6.4 15 220 M M 1 1 24 330
12 82 46 64 3 1 0 0.00 M M 7.4 21 310 M M 0 30 310
13 84 48 66 5 0 1 0.00 M M 1.9 12 250 M M 0 8 17 250
14 80 49 65 4 0 0 T M M 5.7 21 250 M M 4 1 30 260
15 69 53 61 -1 4 0 0.02 M M 8.9 17 300 M M 5 1 26 300
16 67 46 57 -5 8 0 0.00 M M 3.8 9 270 M M 0 12 270
17 71 51 61 -1 4 0 0.00 M M 4.7 13 280 M M 6 18 330
18 72 48 60 -2 5 0 0.00 M M 6.1 15 320 M M 1 20 310
19 71 50 61 -1 4 0 0.00 M M 7.9 18 320 M M 1 26 320
20 74 44 59 -4 6 0 0.00 M M 4.0 14 220 M M 1 19 180
21 58 37 48 -15 17 0 0.00 M M 12.6 22 320 M M 0 34 290
22 62 31 47 -16 18 0 0.00 M M 4.1 17 320 M M 0 23 330
23 68 37 53 -10 12 0 0.00 M M 2.5 9 190 M M 3 16 200
24 75 51 63 -1 2 0 1.93 M M 5.2 17 280 M M 9 13 25 290
25 69 50 60 -4 5 0 T M M 10.6 20 340 M M 3 32 330
26 77 48 63 -1 2 0 0.00 M M 4.1 12 180 M M 0 18 140
27 81 53 67 3 0 2 0.00 M M 4.9 13 150 M M 1 20 210
28 83 60 72 7 0 7 0.00 M M 4.1 14 200 M M 2 23 240
29 80 61 71 6 0 6 T M M 9.3 20 260 M M 2 33 270
30 74 61 68 3 0 3 0.00 M M 10.6 17 290 M M 2 26 330
================================================================================
SM 2170 1422 172 25 2.26 M 178.9 M 56
================================================================================
AV 72.3 47.4 6.0 FASTST M M 2 MAX(MPH)
MISC ----> 26 330 46 300
================================================================================
NOTES:
# LAST OF SEVERAL OCCURRENCES
COLUMN 17 PEAK WIND IN M.P.H.
PRELIMINARY LOCAL CLIMATOLOGICAL DATA (WS FORM: F-6) , PAGE 2
STATION: DEKALB PEACHTREE AIRPORT
MONTH: APRIL
YEAR: 2021
LATITUDE: 33 52 N
LONGITUDE: 84 18 W
[TEMPERATURE DATA] [PRECIPITATION DATA] SYMBOLS USED IN COLUMN 16
AVERAGE MONTHLY: 59.9 TOTAL FOR MONTH: 2.26 1 = FOG OR MIST
DPTR FM NORMAL: -1.7 DPTR FM NORMAL: -1.39 2 = FOG REDUCING VISIBILITY
HIGHEST: 84 ON 13 GRTST 24HR 1.93 ON 24-24 TO 1/4 MILE OR LESS
LOWEST: 30 ON 3 3 = THUNDER
SNOW, ICE PELLETS, HAIL 4 = ICE PELLETS
TOTAL MONTH: 0.0 INCH 5 = HAIL
GRTST 24HR M ON M 6 = FREEZING RAIN OR DRIZZLE
GRTST DEPTH: M ON M 7 = DUSTSTORM OR SANDSTORM:
VSBY 1/2 MILE OR LESS
8 = SMOKE OR HAZE
[NO. OF DAYS WITH] [WEATHER - DAYS WITH] 9 = BLOWING SNOW
X = TORNADO
MAX 32 OR BELOW: 0 0.01 INCH OR MORE: 3
MAX 90 OR ABOVE: 0 0.10 INCH OR MORE: 2
MIN 32 OR BELOW: 3 0.50 INCH OR MORE: 1
MIN 0 OR BELOW: 0 1.00 INCH OR MORE: 1
[HDD (BASE 65) ]
TOTAL THIS MO. 172 CLEAR (SCALE 0-3) 23
DPTR FM NORMAL 26 PTCLDY (SCALE 4-7) 6
TOTAL FM JUL 1 2647 CLOUDY (SCALE 8-10) 1
DPTR FM NORMAL -268
[CDD (BASE 65) ]
TOTAL THIS MO. 25
DPTR FM NORMAL -17 [PRESSURE DATA]
TOTAL FM JAN 1 38 HIGHEST SLP 30.50 ON 3
DPTR FM NORMAL -11 LOWEST SLP 29.62 ON 24
[REMARKS]
#FINAL-04-21#