000
CXUS56 KPDT 011810
CF6PDT
PRELIMINARY LOCAL CLIMATOLOGICAL DATA (WS FORM: F-6)
STATION: PENDLETON OR
MONTH: MARCH
YEAR: 2024
LATITUDE: 45 40 N
LONGITUDE: 118 51 W
TEMPERATURE IN F: :PCPN: SNOW: WIND :SUNSHINE: SKY :PK WND
================================================================================
1 2 3 4 5 6A 6B 7 8 9 10 11 12 13 14 15 16 17 18
12Z AVG MX 2MIN
DY MAX MIN AVG DEP HDD CDD WTR SNW DPTH SPD SPD DIR MIN PSBL S-S WX SPD DR
================================================================================
1 55 34 45 4 20 0 0.02 0.0 0 10.9 44 270 M M 6 56 260
2 49 30 40 -1 25 0 T T 0 10.0 29 250 M M 6 37 260
3 46 25 36 -5 29 0 0.01 0.0 T 6.8 18 160 M M 6 1 24 160
4 48 31 40 -2 25 0 T 0.0 0 10.8 26 250 M M 5 34 240
5 47 29 38 -4 27 0 0.02 0.1 T 4.6 13 320 M M 6 12 17 330
6 49 24 37 -5 28 0 0.00 0.0 0 5.7 13 270 M M 1 17 270
7 49 25 37 -5 28 0 0.00 0.0 0 5.7 12 240 M M 1 17 260
8 61 26 44 1 21 0 0.00 0.0 0 7.3 16 60 M M 0 21 60
9 62 35 49 6 16 0 T 0.0 0 13.7 37 200 M M 4 45 210
10 61 39 50 7 15 0 0.05 0.0 0 10.4 30 200 M M 8 48 260
11 56 33 45 2 20 0 0.01 0.0 0 7.7 28 250 M M 7 35 240
12 55 38 47 3 18 0 0.01 0.0 0 16.3 32 270 M M 6 42 280
13 53 30 42 -2 23 0 0.00 0.0 0 9.6 21 250 M M 2 27 250
14 57 28 43 -1 22 0 0.00 0.0 0 7.1 15 360 M M 0 23 350
15 62 30 46 2 19 0 0.00 0.0 0 7.5 16 30 M M 0 22 40
16 66 36 51 7 14 0 0.00 0.0 0 7.0 14 170 M M 0 17 170
17 70 38 54 9 11 0 0.00 0.0 0 6.9 14 140 M M 0 16 140
18 74 39 57 12 8 0 0.00 0.0 0 7.0 15 180 M M 0 17 170
19 76 40 58 13 7 0 0.00 0.0 0 6.5 14 230 M M 0 19 240
20 69 40 55 10 10 0 T 0.0 0 9.4 23 270 M M 2 30 260
21 64 41 53 7 12 0 T 0.0 0 8.5 23 280 M M 3 30 280
22 66 39 53 7 12 0 0.00 0.0 0 9.0 24 60 M M 3 30 60
23 60 43 52 6 13 0 0.06 0.0 0 8.5 31 260 M M 6 1 39 270
24 57 45 51 5 14 0 0.26 0.0 0 12.6 36 320 M M 10 1 48 330
25 56 42 49 3 16 0 0.00 0.0 0 14.7 29 270 M M 5 40 260
26 59 38 49 3 16 0 0.00 0.0 0 16.6 31 270 M M 3 40 280
27 55 35 45 -2 20 0 0.61 0.0 0 9.2 35 280 M M 7 1 43 270
28 56 35 46 -1 19 0 0.03 0.0 0 9.2 31 270 M M 5 1 42 260
29 58 34 46 -1 19 0 T 0.0 0 5.2 23 80 M M 4 28 80
30 59 31 45 -2 20 0 0.00 0.0 0 5.8 14 340 M M 1 20 330
31 60 39 50 3 15 0 T M M 8.4 22 350 M M 3 29 340
================================================================================
SM 1815 1072 562 0 1.08 0.1 278.6 M 110
================================================================================
AV 58.5 34.6 9.0 FASTST M M 4 MAX(MPH)
MISC ----> 44 270 56 260
================================================================================
NOTES:
# LAST OF SEVERAL OCCURRENCES
COLUMN 17 PEAK WIND IN M.P.H.
PRELIMINARY LOCAL CLIMATOLOGICAL DATA (WS FORM: F-6) , PAGE 2
STATION: PENDLETON OR
MONTH: MARCH
YEAR: 2024
LATITUDE: 45 40 N
LONGITUDE: 118 51 W
[TEMPERATURE DATA] [PRECIPITATION DATA] SYMBOLS USED IN COLUMN 16
AVERAGE MONTHLY: 46.6 TOTAL FOR MONTH: 1.08 1 = FOG OR MIST
DPTR FM NORMAL: 2.2 DPTR FM NORMAL: -0.25 2 = FOG REDUCING VISIBILITY
HIGHEST: 76 ON 19 GRTST 24HR 0.61 ON 27-27 TO 1/4 MILE OR LESS
LOWEST: 24 ON 6 3 = THUNDER
SNOW, ICE PELLETS, HAIL 4 = ICE PELLETS
TOTAL MONTH: 0.1 INCH 5 = HAIL
GRTST 24HR 0.1 ON 5- 5 6 = FREEZING RAIN OR DRIZZLE
GRTST DEPTH: T 7 = DUSTSTORM OR SANDSTORM:
VSBY 1/2 MILE OR LESS
8 = SMOKE OR HAZE
[NO. OF DAYS WITH] [WEATHER - DAYS WITH] 9 = BLOWING SNOW
X = TORNADO
MAX 32 OR BELOW: 0 0.01 INCH OR MORE: 10
MAX 90 OR ABOVE: 0 0.10 INCH OR MORE: 2
MIN 32 OR BELOW: 11 0.50 INCH OR MORE: 1
MIN 0 OR BELOW: 0 1.00 INCH OR MORE: 0
[HDD (BASE 65) ]
TOTAL THIS MO. 562 CLEAR (SCALE 0-3) 14
DPTR FM NORMAL -78 PTCLDY (SCALE 4-7) 15
TOTAL FM JUL 1 4189 CLOUDY (SCALE 8-10) 2
DPTR FM NORMAL -378
[CDD (BASE 65) ]
TOTAL THIS MO. 0
DPTR FM NORMAL 0 [PRESSURE DATA]
TOTAL FM JAN 1 0 HIGHEST SLP 30.52 ON 14
DPTR FM NORMAL 0 LOWEST SLP 29.22 ON 2
[REMARKS]
#FINAL-03-24#