000
CXUS56 KPQR 011301
CF6PDX
PRELIMINARY LOCAL CLIMATOLOGICAL DATA (WS FORM: F-6)
STATION: PORTLAND OR
MONTH: JANUARY
YEAR: 2023
LATITUDE: 45 35 N
LONGITUDE: 122 36 W
TEMPERATURE IN F: :PCPN: SNOW: WIND :SUNSHINE: SKY :PK WND
================================================================================
1 2 3 4 5 6A 6B 7 8 9 10 11 12 13 14 15 16 17 18
12Z AVG MX 2MIN
DY MAX MIN AVG DEP HDD CDD WTR SNW DPTH SPD SPD DIR MIN PSBL S-S WX SPD DR
================================================================================
1 48 35 42 1 23 0 0.00 0.0 0 2.4 12 300 M M 5 12 14 300
2 44 32 38 -3 27 0 0.02 0.0 0 15.6 26 110 M M 8 1 34 120
3 43 37 40 -1 25 0 0.07 0.0 0 11.0 18 110 M M 9 1 23 110
4 48 38 43 2 22 0 0.12 0.0 0 22.1 39 110 M M 9 51 90
5 51 43 47 6 18 0 0.08 0.0 0 17.7 36 100 M M 9 45 110
6 50 39 45 4 20 0 0.09 0.0 0 11.7 22 110 M M 8 1 27 110
7 48 40 44 3 21 0 0.12 0.0 0 5.5 21 100 M M 9 1 24 110
8 54 43 49 8 16 0 0.62 0.0 0 8.7 24 220 M M 9 1 30 220
9 53 38 46 5 19 0 0.26 0.0 0 11.2 33 110 M M 8 123 43 110
10 51 33 42 1 23 0 0.11 0.0 0 9.4 26 110 M M 6 1 30 120
11 49 43 46 4 19 0 0.30 0.0 0 14.5 22 110 M M 9 1 26 110
12 53 46 50 8 15 0 0.19 0.0 0 11.9 24 110 M M 10 1 28 110
13 54 47 51 9 14 0 0.27 0.0 0 8.8 20 120 M M 10 1 23 120
14 52 44 48 6 17 0 0.25 0.0 0 8.8 21 80 M M 8 24 90
15 53 46 50 8 15 0 0.19 0.0 0 13.4 28 200 M M 10 38 200
16 51 39 45 3 20 0 0.09 0.0 0 3.8 8 100 M M 7 1 12 190
17 51 45 48 6 17 0 0.02 0.0 0 8.2 16 200 M M 10 21 200
18 47 39 43 1 22 0 0.31 0.0 0 7.7 16 110 M M 9 18 20 100
19 43 34 39 -3 26 0 0.00 0.0 0 1.4 7 230 M M 9 12 9 230
20 41 34 38 -4 27 0 0.00 0.0 0 2.6 8 110 M M 10 128 8 100
21 47 32 40 -2 25 0 0.09 T 0 8.4 18 200 M M 7 1 24 220
22 49 38 44 2 21 0 T 0.0 0 3.3 12 200 M M 8 14 200
23 49 38 44 2 21 0 0.00 0.0 0 3.0 8 350 M M 8 10 360
24 51 39 45 3 20 0 0.00 0.0 0 3.7 10 310 M M 8 12 310
25 48 42 45 3 20 0 0.00 0.0 0 2.0 7 90 M M 10 9 330
26 47 43 45 3 20 0 0.00 0.0 0 2.6 9 200 M M 10 12 200
27 52 43 48 5 17 0 0.09 0.0 0 4.2 12 220 M M 9 18 16 210
28 47 37 42 -1 23 0 0.05 0.0 0 7.7 28 90 M M 9 1 34 80
29 39 31 35 -8 30 0 0.00 0.0 0 17.3 31 90 M M 0 38 100
30 41 21 31 -12 34 0 0.00 0.0 0 3.0 9 130 M M 1 12 130
31 42 27 35 -8 30 0 0.00 0.0 0 2.8 8 120 M M 8 10 120
================================================================================
SM 1496 1186 667 0 3.34 T 254.4 M 250
================================================================================
AV 48.3 38.3 8.2 FASTST M M 8 MAX(MPH)
MISC ----> 39 110 51 90
================================================================================
NOTES:
# LAST OF SEVERAL OCCURRENCES
COLUMN 17 PEAK WIND IN M.P.H.
PRELIMINARY LOCAL CLIMATOLOGICAL DATA (WS FORM: F-6) , PAGE 2
STATION: PORTLAND OR
MONTH: JANUARY
YEAR: 2023
LATITUDE: 45 35 N
LONGITUDE: 122 36 W
[TEMPERATURE DATA] [PRECIPITATION DATA] SYMBOLS USED IN COLUMN 16
AVERAGE MONTHLY: 43.3 TOTAL FOR MONTH: 3.34 1 = FOG OR MIST
DPTR FM NORMAL: 1.4 DPTR FM NORMAL: -1.69 2 = FOG REDUCING VISIBILITY
HIGHEST: 54 ON 13, 8 GRTST 24HR 0.70 ON 7- 8 TO 1/4 MILE OR LESS
LOWEST: 21 ON 30 3 = THUNDER
SNOW, ICE PELLETS, HAIL 4 = ICE PELLETS
TOTAL MONTH: T 5 = HAIL
GRTST 24HR T ON 21-21 6 = FREEZING RAIN OR DRIZZLE
GRTST DEPTH: 0 7 = DUSTSTORM OR SANDSTORM:
VSBY 1/2 MILE OR LESS
8 = SMOKE OR HAZE
[NO. OF DAYS WITH] [WEATHER - DAYS WITH] 9 = BLOWING SNOW
X = TORNADO
MAX 32 OR BELOW: 0 0.01 INCH OR MORE: 20
MAX 90 OR ABOVE: 0 0.10 INCH OR MORE: 11
MIN 32 OR BELOW: 5 0.50 INCH OR MORE: 1
MIN 0 OR BELOW: 0 1.00 INCH OR MORE: 0
[HDD (BASE 65) ]
TOTAL THIS MO. 667 CLEAR (SCALE 0-3) 2
DPTR FM NORMAL -51 PTCLDY (SCALE 4-7) 10
TOTAL FM JUL 1 2249 CLOUDY (SCALE 8-10) 19
DPTR FM NORMAL -107
[CDD (BASE 65) ]
TOTAL THIS MO. 0
DPTR FM NORMAL 0 [PRESSURE DATA]
TOTAL FM JAN 1 0 HIGHEST SLP 30.71 ON 25
DPTR FM NORMAL 0 LOWEST SLP 29.23 ON 14
[REMARKS]
#FINAL-01-23#