000
CXUS52 KTBW 051618
CF6PGD
PRELIMINARY LOCAL CLIMATOLOGICAL DATA (WS FORM: F-6)
STATION: PUNTA GORDA
MONTH: DECEMBER
YEAR: 2020
LATITUDE: 26 55 N
LONGITUDE: 82 0 W
TEMPERATURE IN F: :PCPN: SNOW: WIND :SUNSHINE: SKY :PK WND
================================================================================
1 2 3 4 5 6A 6B 7 8 9 10 11 12 13 14 15 16 17 18
12Z AVG MX 2MIN
DY MAX MIN AVG DEP HDD CDD WTR SNW DPTH SPD SPD DIR MIN PSBL S-S WX SPD DR
================================================================================
1 64 44 54 -13 11 0 0.00 0.0 0 7.6 16 340 M M 0 20 340
2 68 39 54 -13 11 0 0.00 0.0 0 8.7 17 30 M M 0 25 350
3 76 44 60 -7 5 0 0.00 0.0 0 7.6 17 110 M M 0 21 110
4 79 58 69 2 0 4 0.01 0.0 0 5.5 20 150 M M 1 23 160
5 83 59 71 5 0 6 0.00 0.0 0 5.1 10 340 M M 3 14 340
6 77 52 65 -1 0 0 T 0.0 0 5.4 13 10 M M 1 15 20
7 74 55 65 -1 0 0 1.13 0.0 0 10.1 24 320 M M 6 1 29 320
8 63 47 55 -11 10 0 0.00 0.0 0 10.0 16 330 M M 0 22 20
9 67 42 55 -11 10 0 0.00 0.0 0 5.4 14 350 M M 0 17 330
10 74 44 59 -7 6 0 0.00 0.0 0 2.2 10 120 M M 2 1 13 350
11 74 47 61 -4 4 0 T 0.0 0 4.8 12 90 M M 4 1 16 60
12 81 61 71 6 0 6 T 0.0 0 3.7 12 90 M M 6 1 13 110
13 82 58 70 5 0 5 0.00 0.0 0 4.0 13 260 M M 4 12 16 240
14 82 64 73 8 0 8 0.09 0.0 0 7.2 25 270 M M 5 18 35 250
15 76 61 69 4 0 4 0.00 0.0 0 4.2 12 280 M M 6 1 13 280
16 82 61 72 7 0 7 0.15 0.0 0 8.3 21 190 M M 5 1 26 190
17 73 57 65 1 0 0 0.03 0.0 0 9.2 17 350 M M 6 1 22 340
18 65 45 55 -9 10 0 0.00 0.0 0 8.7 17 40 M M 3 21 30
19 76 45 61 -3 4 0 0.00 0.0 0 6.8 15 60 M M 1 21 80
20 80 53 67 3 0 2 0.40 0.0 0 8.9 22 170 M M 4 13 26 180
21 74 54 64 0 1 0 0.92 0.0 0 9.0 20 200 M M 3 1 23 200
22 71 50 61 -3 4 0 0.00 0.0 0 6.8 15 40 M M 0 1 19 50
23 78 47 63 -1 2 0 0.00 0.0 0 6.5 15 90 M M 2 20 140
24 82 55 69 6 0 4 0.04 0.0 0 10.9 29 320 M M 3 1 35 330
25 62 46 54 -9 11 0 0.19 0.0 0 10.4 23 350 M M 7 1 29 340
26 58 39 49 -14 16 0 0.00 0.0 0 8.9 16 30 M M 0 20 30
27 73 40 57 -6 8 0 0.00 0.0 0 7.8 15 90 M M 2 18 80
28 78 50 64 1 1 0 0.00 0.0 0 7.8 16 70 M M 4 19 60
29 78 52 65 2 0 0 0.00 0.0 0 10.1 23 60 M M 3 29 60
30 78 55 67 4 0 2 0.00 0.0 0 10.6 22 100 M M 6 28 40
31 84 67 76 13 0 11 0.00 0.0 0 12.3 23 130 M M 2 28 140
================================================================================
SM 2312 1591 114 59 2.96 0.0 234.5 M 89
================================================================================
AV 74.6 51.3 7.6 FASTST M M 3 MAX(MPH)
MISC ----> 29 320 # 35 250
================================================================================
NOTES:
# LAST OF SEVERAL OCCURRENCES
COLUMN 17 PEAK WIND IN M.P.H.
PRELIMINARY LOCAL CLIMATOLOGICAL DATA (WS FORM: F-6) , PAGE 2
STATION: PUNTA GORDA
MONTH: DECEMBER
YEAR: 2020
LATITUDE: 26 55 N
LONGITUDE: 82 0 W
[TEMPERATURE DATA] [PRECIPITATION DATA] SYMBOLS USED IN COLUMN 16
AVERAGE MONTHLY: 63.0 TOTAL FOR MONTH: 2.96 1 = FOG OR MIST
DPTR FM NORMAL: -1.7 DPTR FM NORMAL: 1.00 2 = FOG REDUCING VISIBILITY
HIGHEST: 84 ON 31 GRTST 24HR 1.32 ON 20-21 TO 1/4 MILE OR LESS
LOWEST: 39 ON 26, 2 3 = THUNDER
SNOW, ICE PELLETS, HAIL 4 = ICE PELLETS
TOTAL MONTH: 0.0 INCH 5 = HAIL
GRTST 24HR 0.0 6 = FREEZING RAIN OR DRIZZLE
GRTST DEPTH: 0 7 = DUSTSTORM OR SANDSTORM:
VSBY 1/2 MILE OR LESS
8 = SMOKE OR HAZE
[NO. OF DAYS WITH] [WEATHER - DAYS WITH] 9 = BLOWING SNOW
X = TORNADO
MAX 32 OR BELOW: 0 0.01 INCH OR MORE: 9
MAX 90 OR ABOVE: 0 0.10 INCH OR MORE: 5
MIN 32 OR BELOW: 0 0.50 INCH OR MORE: 2
MIN 0 OR BELOW: 0 1.00 INCH OR MORE: 1
[HDD (BASE 65) ]
TOTAL THIS MO. 114 CLEAR (SCALE 0-3) 17
DPTR FM NORMAL 13 PTCLDY (SCALE 4-7) 14
TOTAL FM JUL 1 114 CLOUDY (SCALE 8-10) 0
DPTR FM NORMAL -14
[CDD (BASE 65) ]
TOTAL THIS MO. 59
DPTR FM NORMAL -33 [PRESSURE DATA]
TOTAL FM JAN 1 4362 HIGHEST SLP 30.34 ON 18
DPTR FM NORMAL 739 LOWEST SLP 29.80 ON 7
[REMARKS]
#FINAL-12-20#