000
CXUS52 KTBW 022359
CF6PGD
PRELIMINARY LOCAL CLIMATOLOGICAL DATA (WS FORM: F-6)
STATION: Punta Gorda
MONTH: MAY
YEAR: 2020
LATITUDE: 26 55 N
LONGITUDE: 82 0 W
TEMPERATURE IN F: :PCPN: SNOW: WIND :SUNSHINE: SKY :PK WND
================================================================================
1 2 3 4 5 6A 6B 7 8 9 10 11 12 13 14 15 16 17 18
12Z AVG MX 2MIN
DY MAX MIN AVG DEP HDD CDD WTR SNW DPTH SPD SPD DIR MIN PSBL S-S WX SPD DR
================================================================================
1 83 56 70 -4 0 5 0.00 0.0 0 6.9 16 280 M M 1 19 320
2 88 55 72 -2 0 7 0.00 0.0 0 6.5 13 280 M M 0 18 60
3 90 58 74 -1 0 9 0.00 0.0 0 5.4 15 260 M M 0 1 19 40
4 88 60 74 -1 0 9 0.00 0.0 0 5.4 16 290 M M 1 1 20 300
5 87 62 75 0 0 10 0.00 0.0 0 5.5 16 240 M M 0 1 21 240
6 87 64 76 1 0 11 0.00 0.0 0 7.4 20 280 M M 2 1 25 270
7 83 57 70 -6 0 5 0.00 0.0 0 10.2 18 330 M M 0 26 350
8 86 50 68 -8 0 3 0.00 0.0 0 8.8 22 250 M M 0 28 220
9 92 59 76 0 0 11 0.00 0.0 0 6.8 16 350 M M 2 12 24 20
10 80 65 73 -3 0 8 T 0.0 0 7.7 16 90 M M 4 20 80
11 89 64 77 1 0 12 0.00 0.0 0 10.1 20 360 M M 1 1 24 10
12 90 60 75 -2 0 10 0.00 0.0 0 10.5 22 90 M M 0 30 60
13 91 58 75 -2 0 10 0.00 0.0 0 13.8 24 100 M M 0 32 80
14 89 65 77 0 0 12 0.00 0.0 0 13.8 25 100 M M 1 31 100
15 90 67 79 2 0 14 T 0.0 0 12.8 25 100 M M 3 3 30 100
16 93 70 82 4 0 17 0.09 0.0 0 8.1 16 280 M M 4 21 290
17 89 67 78 0 0 13 0.00 0.0 0 6.6 20 240 M M 1 1 25 250
18 80 67 74 -4 0 9 0.36 0.0 0 6.6 17 220 M M 4 1238 25 220
19 88 68 78 0 0 13 0.12 0.0 0 8.8 18 240 M M 3 1 25 220
20 89 63 76 -2 0 11 0.00 0.0 0 6.2 15 250 M M 1 20 210
21 93 68 81 2 0 16 0.00 0.0 0 7.9 26 120 M M 3 123 31 110
22 96 66 81 2 0 16 0.63 0.0 0 8.1 24 200 M M 3 138 36 190
23 94 69 82 3 0 17 T 0.0 0 8.5 18 170 M M 3 3 23 120
24 85 71 78 -1 0 13 0.15 0.0 0 11.8 23 100 M M 5 1 30 100
25 89 71 80 1 0 15 0.06 0.0 0 8.6 22 230 M M 6 13 26 220
26 89 73 81 1 0 16 0.00 0.0 0 8.6 21 250 M M 4 1 25 250
27 92 73 83 3 0 18 0.00 0.0 0 8.4 21 230 M M 1 18 24 260
28 94 70 82 2 0 17 2.63 0.0 0 8.3 30 130 M M 3 138 36 130
29 95 71 83 3 0 18 0.21 0.0 0 6.9 21 120 M M 3 13 23 140
30 91 72 82 2 0 17 0.54 0.0 0 4.9 28 50 M M 3 13 32 50
31 94 71 83 3 0 18 0.00 0.0 0 4.6 16 140 M M 2 1 19 140
================================================================================
SM 2764 2010 0 380 4.79 0.0 254.5 M 64
================================================================================
AV 89.2 64.8 8.2 FASTST M M 2 MAX(MPH)
MISC ----> # 30 130 # 36 190
================================================================================
NOTES:
# LAST OF SEVERAL OCCURRENCES
COLUMN 17 PEAK WIND IN M.P.H.
PRELIMINARY LOCAL CLIMATOLOGICAL DATA (WS FORM: F-6) , PAGE 2
STATION: Punta Gorda
MONTH: MAY
YEAR: 2020
LATITUDE: 26 55 N
LONGITUDE: 82 0 W
[TEMPERATURE DATA] [PRECIPITATION DATA] SYMBOLS USED IN COLUMN 16
AVERAGE MONTHLY: 77.0 TOTAL FOR MONTH: 4.79 1 = FOG OR MIST
DPTR FM NORMAL: -0.4 DPTR FM NORMAL: 2.19 2 = FOG REDUCING VISIBILITY
HIGHEST: 96 ON 22 GRTST 24HR 2.63 ON 28-28 TO 1/4 MILE OR LESS
LOWEST: 50 ON 8 3 = THUNDER
SNOW, ICE PELLETS, HAIL 4 = ICE PELLETS
TOTAL MONTH: 0.0 INCH 5 = HAIL
GRTST 24HR 0.0 6 = FREEZING RAIN OR DRIZZLE
GRTST DEPTH: 0 7 = DUSTSTORM OR SANDSTORM:
VSBY 1/2 MILE OR LESS
8 = SMOKE OR HAZE
[NO. OF DAYS WITH] [WEATHER - DAYS WITH] 9 = BLOWING SNOW
X = TORNADO
MAX 32 OR BELOW: 0 0.01 INCH OR MORE: 9
MAX 90 OR ABOVE: 14 0.10 INCH OR MORE: 7
MIN 32 OR BELOW: 0 0.50 INCH OR MORE: 3
MIN 0 OR BELOW: 0 1.00 INCH OR MORE: 1
[HDD (BASE 65) ]
TOTAL THIS MO. 0 CLEAR (SCALE 0-3) 23
DPTR FM NORMAL 0 PTCLDY (SCALE 4-7) 8
TOTAL FM JUL 1 238 CLOUDY (SCALE 8-10) 0
DPTR FM NORMAL -158
[CDD (BASE 65) ]
TOTAL THIS MO. 380
DPTR FM NORMAL -6 [PRESSURE DATA]
TOTAL FM JAN 1 1194 HIGHEST SLP 30.18 ON 13
DPTR FM NORMAL 318 LOWEST SLP 29.82 ON 26
[REMARKS]
#FINAL-05-20#