000
CXUS55 KPSR 011005
CF6PHX
PRELIMINARY LOCAL CLIMATOLOGICAL DATA (WS FORM: F-6)
STATION: PHOENIX AZ
MONTH: NOVEMBER
YEAR: 2021
LATITUDE: 33 25 N
LONGITUDE: 112 1 W
TEMPERATURE IN F: :PCPN: SNOW: WIND :SUNSHINE: SKY :PK WND
================================================================================
1 2 3 4 5 6A 6B 7 8 9 10 11 12 13 14 15 16 17 18
12Z AVG MX 2MIN
DY MAX MIN AVG DEP HDD CDD WTR SNW DPTH SPD SPD DIR MIN PSBL S-S WX SPD DR
================================================================================
1 85 62 74 3 0 9 0.00 0.0 0 6.3 10 300 M M 7 20 300
2 84 62 73 2 0 8 0.00 0.0 0 4.6 10 120 M M 4 8 14 300
3 87 59 73 3 0 8 0.00 0.0 0 4.5 12 80 M M 1 8 16 260
4 90 61 76 6 0 11 0.00 0.0 0 3.7 12 110 M M 0 14 120
5 91 63 77 7 0 12 0.00 0.0 0 4.3 12 90 M M 2 14 90
6 90 62 76 7 0 11 0.00 0.0 0 4.2 10 100 M M 2 15 130
7 86 60 73 4 0 8 0.00 0.0 0 4.7 12 120 M M 5 15 130
8 88 60 74 6 0 9 0.00 0.0 0 5.5 10 150 M M 2 8 17 340
9 82 59 71 3 0 6 0.00 0.0 0 4.7 10 100 M M 4 14 330
10 83 56 70 2 0 5 0.00 0.0 0 4.6 14 270 M M 1 18 270
11 85 56 71 4 0 6 0.00 0.0 0 3.6 9 270 M M 0 16 310
12 88 57 73 6 0 8 0.00 0.0 0 4.2 15 80 M M 0 18 80
13 88 57 73 7 0 8 0.00 0.0 0 3.1 10 70 M M 1 8 15 80
14 87 56 72 6 0 7 0.00 0.0 0 3.3 10 150 M M 1 12 110
15 87 56 72 7 0 7 0.00 0.0 0 4.6 12 140 M M 1 16 130
16 81 55 68 3 0 3 0.00 0.0 0 4.6 12 110 M M 6 8 19 320
17 81 54 68 4 0 3 0.00 0.0 0 4.6 10 100 M M 4 13 90
18 84 52 68 4 0 3 0.00 0.0 0 5.5 10 80 M M 3 20 80
19 82 60 71 7 0 6 0.00 0.0 0 4.6 13 110 M M 7 8 17 100
20 80 54 67 4 0 2 0.00 0.0 0 3.0 9 290 M M 7 13 280
21 81 59 70 7 0 5 0.00 0.0 0 6.2 17 50 M M 7 26 30
22 82 56 69 7 0 4 0.00 0.0 0 7.5 20 70 M M 7 26 70
23 79 64 72 10 0 7 T 0.0 0 3.7 14 70 M M 9 24 350
24 75 59 67 6 0 2 T 0.0 0 5.5 10 280 M M 6 16 330
25 75 52 64 3 1 0 0.00 0.0 0 8.1 21 50 M M 1 28 40
26 77 51 64 3 1 0 0.00 0.0 0 5.4 20 70 M M 1 27 60
27 76 53 65 5 0 0 0.00 0.0 M 4.2 12 300 M M 0 16 310
28 82 49 66 6 0 1 0.00 0.0 M 3.2 10 90 M M 0 13 330
29 82 53 68 9 0 3 0.00 0.0 M 3.1 9 280 M M 0 14 310
30 80 53 67 8 0 2 0.00 0.0 M 4.0 13 80 M M 3 16 330
================================================================================
SM 2498 1710 2 164 T 0.0 139.1 M 92
================================================================================
AV 83.3 57.0 4.6 FASTST M M 3 MAX(MPH)
MISC ----> 21 50 28 40
================================================================================
NOTES:
# LAST OF SEVERAL OCCURRENCES
COLUMN 17 PEAK WIND IN M.P.H.
PRELIMINARY LOCAL CLIMATOLOGICAL DATA (WS FORM: F-6) , PAGE 2
STATION: PHOENIX AZ
MONTH: NOVEMBER
YEAR: 2021
LATITUDE: 33 25 N
LONGITUDE: 112 1 W
[TEMPERATURE DATA] [PRECIPITATION DATA] SYMBOLS USED IN COLUMN 16
AVERAGE MONTHLY: 70.1 TOTAL FOR MONTH: T 1 = FOG OR MIST
DPTR FM NORMAL: 5.0 DPTR FM NORMAL: -0.57 2 = FOG REDUCING VISIBILITY
HIGHEST: 91 ON 5 GRTST 24HR T ON 23-23 TO 1/4 MILE OR LESS
LOWEST: 49 ON 28 3 = THUNDER
SNOW, ICE PELLETS, HAIL 4 = ICE PELLETS
TOTAL MONTH: 0.0 INCH 5 = HAIL
GRTST 24HR 0.0 6 = FREEZING RAIN OR DRIZZLE
GRTST DEPTH: 0 7 = DUSTSTORM OR SANDSTORM:
VSBY 1/2 MILE OR LESS
8 = SMOKE OR HAZE
[NO. OF DAYS WITH] [WEATHER - DAYS WITH] 9 = BLOWING SNOW
X = TORNADO
MAX 32 OR BELOW: 0 0.01 INCH OR MORE: 0
MAX 90 OR ABOVE: 3 0.10 INCH OR MORE: 0
MIN 32 OR BELOW: 0 0.50 INCH OR MORE: 0
MIN 0 OR BELOW: 0 1.00 INCH OR MORE: 0
[HDD (BASE 65) ]
TOTAL THIS MO. 2 CLEAR (SCALE 0-3) 18
DPTR FM NORMAL -83 PTCLDY (SCALE 4-7) 11
TOTAL FM JUL 1 4 CLOUDY (SCALE 8-10) 1
DPTR FM NORMAL -86
[CDD (BASE 65) ]
TOTAL THIS MO. 164
DPTR FM NORMAL 76 [PRESSURE DATA]
TOTAL FM JAN 1 4917 HIGHEST SLP 30.23 ON 25
DPTR FM NORMAL 155 LOWEST SLP 29.79 ON 23
[REMARKS]
#FINAL-11-21#