000
CXUS55 KPSR 011005
CF6PHX
PRELIMINARY LOCAL CLIMATOLOGICAL DATA (WS FORM: F-6)
STATION: PHOENIX AZ
MONTH: OCTOBER
YEAR: 2020
LATITUDE: 33 25 N
LONGITUDE: 112 1 W
TEMPERATURE IN F: :PCPN: SNOW: WIND :SUNSHINE: SKY :PK WND
================================================================================
1 2 3 4 5 6A 6B 7 8 9 10 11 12 13 14 15 16 17 18
12Z AVG MX 2MIN
DY MAX MIN AVG DEP HDD CDD WTR SNW DPTH SPD SPD DIR MIN PSBL S-S WX SPD DR
================================================================================
1 107 76 92 9 0 27 0.00 0.0 0 5.0 10 80 M M 1 14 260
2 106 75 91 9 0 26 0.00 0.0 0 4.5 12 260 M M 0 19 260
3 105 73 89 7 0 24 0.00 0.0 0 4.9 17 280 M M 2 21 280
4 105 71 88 6 0 23 0.00 0.0 0 4.6 9 160 M M 1 12 100
5 105 71 88 7 0 23 0.00 0.0 0 5.4 13 280 M M 5 18 300
6 104 72 88 7 0 23 0.00 0.0 0 4.6 13 320 M M 4 20 340
7 103 73 88 8 0 23 0.00 0.0 0 6.1 12 100 M M 3 16 350
8 102 72 87 7 0 22 0.00 0.0 0 6.4 14 240 M M 4 18 250
9 100 72 86 7 0 21 0.00 0.0 0 6.2 13 150 M M 2 19 190
10 97 70 84 5 0 19 0.00 0.0 0 6.5 16 310 M M 1 21 340
11 94 69 82 3 0 17 0.00 0.0 0 5.3 14 270 M M 0 20 270
12 99 68 84 6 0 19 0.00 0.0 0 3.8 9 280 M M 0 12 270
13 100 69 85 7 0 20 0.00 0.0 0 4.4 10 140 M M 1 17 260
14 100 67 84 7 0 19 0.00 0.0 0 5.2 15 260 M M 1 21 270
15 99 69 84 7 0 19 0.00 0.0 0 6.4 14 270 M M 1 19 310
16 102 68 85 8 0 20 0.00 0.0 0 4.8 13 60 M M 4 17 90
17 97 69 83 7 0 18 0.00 0.0 0 4.8 13 270 M M 4 17 240
18 96 65 81 5 0 16 0.00 0.0 0 5.6 12 90 M M 3 13 100
19 97 66 82 7 0 17 0.00 0.0 0 4.3 10 80 M M 2 12 110
20 97 67 82 7 0 17 0.00 0.0 0 4.8 9 100 M M 1 13 330
21 97 67 82 7 0 17 0.00 0.0 0 5.0 12 120 M M 3 15 110
22 94 67 81 7 0 16 0.00 0.0 0 5.1 13 80 M M 1 16 280
23 94 69 82 8 0 17 0.00 0.0 0 5.7 12 310 M M 3 16 320
24 87 70 79 5 0 14 0.00 0.0 0 4.8 10 80 M M 7 16 320
25 88 69 79 6 0 14 0.00 0.0 0 8.6 23 260 M M 6 30 270
26 73 54 64 -9 1 0 0.00 0.0 0 13.8 26 280 M M 5 31 280
27 68 50 59 -13 6 0 0.00 0.0 0 7.6 15 160 M M 3 23 360
28 70 48 59 -13 6 0 0.00 0.0 0 5.1 10 110 M M 0 12 110
29 85 53 69 -3 0 4 0.00 0.0 0 4.1 13 90 M M 1 17 100
30 87 60 74 3 0 9 0.00 0.0 0 4.5 16 70 M M 5 20 60
31 86 61 74 3 0 9 0.00 0.0 0 4.3 10 60 M M 7 14 340
================================================================================
SM 2944 2070 13 513 0.00 0.0 172.2 M 81
================================================================================
AV 95.0 66.8 5.6 FASTST M M 3 MAX(MPH)
MISC ----> 26 280 31 280
================================================================================
NOTES:
# LAST OF SEVERAL OCCURRENCES
COLUMN 17 PEAK WIND IN M.P.H.
PRELIMINARY LOCAL CLIMATOLOGICAL DATA (WS FORM: F-6) , PAGE 2
STATION: PHOENIX AZ
MONTH: OCTOBER
YEAR: 2020
LATITUDE: 33 25 N
LONGITUDE: 112 1 W
[TEMPERATURE DATA] [PRECIPITATION DATA] SYMBOLS USED IN COLUMN 16
AVERAGE MONTHLY: 80.9 TOTAL FOR MONTH: 0.00 1 = FOG OR MIST
DPTR FM NORMAL: 4.2 DPTR FM NORMAL: -0.58 2 = FOG REDUCING VISIBILITY
HIGHEST: 107 ON 1 GRTST 24HR 0.00 ON 1- 1 TO 1/4 MILE OR LESS
LOWEST: 48 ON 28 3 = THUNDER
SNOW, ICE PELLETS, HAIL 4 = ICE PELLETS
TOTAL MONTH: 0.0 INCH 5 = HAIL
GRTST 24HR 0.0 6 = FREEZING RAIN OR DRIZZLE
GRTST DEPTH: 0 7 = DUSTSTORM OR SANDSTORM:
VSBY 1/2 MILE OR LESS
8 = SMOKE OR HAZE
[NO. OF DAYS WITH] [WEATHER - DAYS WITH] 9 = BLOWING SNOW
X = TORNADO
MAX 32 OR BELOW: 0 0.01 INCH OR MORE: 0
MAX 90 OR ABOVE: 23 0.10 INCH OR MORE: 0
MIN 32 OR BELOW: 0 0.50 INCH OR MORE: 0
MIN 0 OR BELOW: 0 1.00 INCH OR MORE: 0
[HDD (BASE 65) ]
TOTAL THIS MO. 13 CLEAR (SCALE 0-3) 20
DPTR FM NORMAL 7 PTCLDY (SCALE 4-7) 11
TOTAL FM JUL 1 13 CLOUDY (SCALE 8-10) 0
DPTR FM NORMAL 10
[CDD (BASE 65) ]
TOTAL THIS MO. 513
DPTR FM NORMAL 146 [PRESSURE DATA]
TOTAL FM JAN 1 5250 HIGHEST SLP 30.11 ON 28
DPTR FM NORMAL 714 LOWEST SLP 29.56 ON 25
[REMARKS]
#FINAL-10-20#