000
CXUS55 KPSR 291005
CF6PHX
PRELIMINARY LOCAL CLIMATOLOGICAL DATA (WS FORM: F-6)
STATION: PHOENIX AZ
MONTH: MARCH
YEAR: 2024
LATITUDE: 33 25 N
LONGITUDE: 112 1 W
TEMPERATURE IN F: :PCPN: SNOW: WIND :SUNSHINE: SKY :PK WND
================================================================================
1 2 3 4 5 6A 6B 7 8 9 10 11 12 13 14 15 16 17 18
12Z AVG MX 2MIN
DY MAX MIN AVG DEP HDD CDD WTR SNW DPTH SPD SPD DIR MIN PSBL S-S WX SPD DR
================================================================================
1 80 55 68 5 0 3 0.00 0.0 0 7.0 14 160 M M 1 18 150
2 80 53 67 4 0 2 0.00 0.0 0 8.1 21 230 M M 2 29 220
3 74 54 64 1 1 0 0.00 0.0 0 5.3 17 230 M M 2 25 280
4 75 53 64 1 1 0 0.00 0.0 0 5.2 17 290 M M 4 8 24 280
5 77 53 65 1 0 0 0.00 0.0 0 4.5 12 80 M M 4 16 160
6 76 57 67 3 0 2 0.00 0.0 0 4.8 14 180 M M 9 20 180
7 65 53 59 -5 6 0 0.20 0.0 0 7.9 23 340 M M 8 3 32 360
8 71 53 62 -2 3 0 0.05 0.0 0 4.0 16 60 M M 7 3 20 50
9 76 51 64 -1 1 0 0.00 0.0 0 6.6 13 100 M M 2 17 150
10 81 53 67 2 0 2 0.00 0.0 0 5.2 16 80 M M 2 22 130
11 82 57 70 5 0 5 0.00 0.0 0 5.6 15 270 M M 5 20 330
12 78 55 67 2 0 2 0.00 0.0 0 5.9 16 280 M M 4 20 280
13 77 54 66 0 0 1 0.00 0.0 0 8.6 24 270 M M 2 32 270
14 73 54 64 -2 1 0 0.01 0.0 0 6.0 24 310 M M 7 31 290
15 63 50 57 -9 8 0 0.18 0.0 0 7.8 18 260 M M 7 3 26 280
16 69 46 58 -8 7 0 0.00 0.0 0 4.6 15 150 M M 5 20 140
17 69 52 61 -6 4 0 0.01 0.0 0 6.5 24 20 M M 6 36 10
18 81 51 66 -1 0 1 0.00 0.0 0 6.1 28 80 M M 5 34 80
19 80 54 67 0 0 2 0.00 0.0 0 4.9 22 20 M M 2 36 20
20 80 54 67 0 0 2 0.02 0.0 0 5.7 29 360 M M 3 38 360
21 83 56 70 2 0 5 0.00 0.0 0 5.5 21 280 M M 1 33 310
22 86 60 73 5 0 8 0.00 0.0 0 5.1 12 180 M M 3 20 300
23 83 62 73 5 0 8 T 0.0 0 9.3 25 280 M M 8 32 240
24 67 53 60 -8 5 0 0.37 0.0 0 13.0 26 270 M M 8 35 270
25 71 49 60 -8 5 0 T M 0 8.5 26 240 M M 5 40 310
26 73 55 64 -5 1 0 T 0.0 0 9.3 29 20 M M 7 41 30
27 78 51 65 -4 0 0 0.00 0.0 0 6.8 16 80 M M 2 18 80
28 82 55 69 0 0 4 0.00 0.0 0 5.9 12 80 M M 6 15 90
================================================================================
SM 2130 1503 43 47 0.84 0.0 183.7 M 127
================================================================================
AV 76.1 53.7 6.6 FASTST M M 5 MAX(MPH)
MISC ----> # 29 360 41 30
================================================================================
NOTES:
# LAST OF SEVERAL OCCURRENCES
COLUMN 17 PEAK WIND IN M.P.H.
PRELIMINARY LOCAL CLIMATOLOGICAL DATA (WS FORM: F-6) , PAGE 2
STATION: PHOENIX AZ
MONTH: MARCH
YEAR: 2024
LATITUDE: 33 25 N
LONGITUDE: 112 1 W
[TEMPERATURE DATA] [PRECIPITATION DATA] SYMBOLS USED IN COLUMN 16
AVERAGE MONTHLY: 64.9 TOTAL FOR MONTH: 0.84 1 = FOG OR MIST
DPTR FM NORMAL: -1.1 DPTR FM NORMAL: 0.06 2 = FOG REDUCING VISIBILITY
HIGHEST: 86 ON 22 GRTST 24HR 0.37 ON 23-24 TO 1/4 MILE OR LESS
LOWEST: 46 ON 16 3 = THUNDER
SNOW, ICE PELLETS, HAIL 4 = ICE PELLETS
TOTAL MONTH: 0.0 INCH 5 = HAIL
GRTST 24HR 0.0 6 = FREEZING RAIN OR DRIZZLE
GRTST DEPTH: 0 7 = DUSTSTORM OR SANDSTORM:
VSBY 1/2 MILE OR LESS
8 = SMOKE OR HAZE
[NO. OF DAYS WITH] [WEATHER - DAYS WITH] 9 = BLOWING SNOW
X = TORNADO
MAX 32 OR BELOW: 0 0.01 INCH OR MORE: 7
MAX 90 OR ABOVE: 0 0.10 INCH OR MORE: 3
MIN 32 OR BELOW: 0 0.50 INCH OR MORE: 0
MIN 0 OR BELOW: 0 1.00 INCH OR MORE: 0
[HDD (BASE 65) ]
TOTAL THIS MO. 43 CLEAR (SCALE 0-3) 11
DPTR FM NORMAL -18 PTCLDY (SCALE 4-7) 14
TOTAL FM JUL 1 623 CLOUDY (SCALE 8-10) 3
DPTR FM NORMAL -232
[CDD (BASE 65) ]
TOTAL THIS MO. 47
DPTR FM NORMAL -43 [PRESSURE DATA]
TOTAL FM JAN 1 89 HIGHEST SLP M ON M
DPTR FM NORMAL -19 LOWEST SLP 29.49 ON 23
[REMARKS]